000
CXUS53 KFSD 011618
CLMSUX

CLIMATE REPORT
NATIONAL WEATHER SERVICE SIOUX FALLS SD
1112 AM CDT FRI JUL 01 2022

...THE SIOUX CITY IA CLIMATE SUMMARY FOR THE MONTH OF JUNE 2022...

CLIMATE NORMAL PERIOD: 1991 TO 2020
CLIMATE RECORD PERIOD: 1889 TO 2022

WEATHER         OBSERVED          NORMAL  DEPART   LAST YEAR`S
                VALUE   DATE(S)   VALUE   FROM     VALUE DATE(S)
                                          NORMAL
TEMPERATURE (F)
RECORD
 HIGH            108   06/21/1988
 LOW              38   06/04/1945
HIGHEST          100   06/29         MM      MM       97  06/17
LOWEST            41   06/02         MM      MM       46  06/01
AVG. MAXIMUM    86.7               81.9     4.8     87.4
AVG. MINIMUM    59.7               59.4     0.3     60.3
MEAN            73.2               70.7     2.5     73.8
DAYS MAX >= 90    13                6.1     6.9       12
DAYS MAX <= 32     0                0.0     0.0        0
DAYS MIN <= 32     0                0.0     0.0        0
DAYS MIN <= 0      0                0.0     0.0        0

PRECIPITATION (INCHES)
RECORD
 MAXIMUM       16.65   2014
 MINIMUM        0.53   1988
TOTALS          1.15               4.35   -3.20     1.31
DAILY AVG.      0.04               0.15   -0.11     0.04
DAYS >= .01       10               11.7    -1.7        6
DAYS >= .10        7                7.4    -0.4        4
DAYS >= .50        0                3.1    -3.1        1
DAYS >= 1.00       0                1.3    -1.3        0
GREATEST
 24 HR. TOTAL   0.35   06/05 TO 06/06

DEGREE DAYS
HEATING TOTAL     10                 26     -16        2
 SINCE 7/1      6235               6857    -622       MM
COOLING TOTAL    263                195      68      274
 SINCE 1/1       352                260      92       MM

WIND (MPH)
AVERAGE WIND SPEED              9.8
HIGHEST WIND SPEED/DIRECTION    32/200    DATE  06/29
HIGHEST GUST SPEED/DIRECTION    46/190    DATE  06/29

SKY COVER
POSSIBLE SUNSHINE (PERCENT)   MM
AVERAGE SKY COVER           0.21
NUMBER OF DAYS FAIR           22
NUMBER OF DAYS PC              7
NUMBER OF DAYS CLOUDY          1

AVERAGE RH (PERCENT)     61

WEATHER CONDITIONS. NUMBER OF DAYS WITH
THUNDERSTORM              6     MIXED PRECIP               0
HEAVY RAIN                3     RAIN                       5
LIGHT RAIN               12     FREEZING RAIN              0
LT FREEZING RAIN          0     HAIL                       0
HEAVY SNOW                0     SNOW                       0
LIGHT SNOW                0     SLEET                      0
FOG                       9     FOG W/VIS <= 1/4 MILE      0
HAZE                      0

-  INDICATES NEGATIVE NUMBERS.
R  INDICATES RECORD WAS SET OR TIED.
MM INDICATES DATA IS MISSING.
T  INDICATES TRACE AMOUNT.

$$
