000
CDUS43 KTOP 210633
CLITOP


CLIMATE REPORT
NATIONAL WEATHER SERVICE TOPEKA KS
132 AM CDT MON MAY 21 2018


...................................

...THE TOPEKA KS CLIMATE SUMMARY FOR MAY 20 2018...

CLIMATE NORMAL PERIOD 1981 TO 2010
CLIMATE RECORD PERIOD 1887 TO 2018


WEATHER ITEM   OBSERVED TIME   RECORD YEAR NORMAL DEPARTURE LAST
                VALUE   (LST)  VALUE       VALUE  FROM      YEAR
                                                  NORMAL
..................................................................
TEMPERATURE (F)
 YESTERDAY
  MAXIMUM         71   1016 AM  91    1964  77     -6       65
                                      1937
                                      1933
  MINIMUM         61    939 PM  36    1981  56      5       50
  AVERAGE         66                        66      0       58

PRECIPITATION (IN)
  YESTERDAY        0.41          2.37 1949   0.17   0.24     0.04
  MONTH TO DATE    3.30                      3.15   0.15     2.87
  SINCE MAR 1      5.41                      9.17  -3.76    12.94
  SINCE JAN 1      7.16                     11.35  -4.19    14.33

SNOWFALL (IN)
  YESTERDAY        0.0           0.0    MM   0.0    0.0      0.0
  MONTH TO DATE    T                         0.0    0.0       T
  SINCE JAN 1      6.0                      11.3   -5.3      3.5
  SINCE JUL 1      8.1                      17.8   -9.7      6.6
  SNOW DEPTH       0

DEGREE DAYS
 HEATING
  YESTERDAY        0                         2     -2        7
  MONTH TO DATE    0                        80    -80       60
  SINCE MAR 1   1090                      1030     60      805
  SINCE JUL 1   4870                      4997   -127     3986

 COOLING
  YESTERDAY        1                         4     -3        0
  MONTH TO DATE  165                        47    118       66
  SINCE MAR 1    172                        75     97      103
  SINCE JAN 1    172                        75     97      103
..................................................................


WIND (MPH)
  HIGHEST WIND SPEED    12   HIGHEST WIND DIRECTION    SE (130)
  HIGHEST GUST SPEED    14   HIGHEST GUST DIRECTION    SE (130)
  AVERAGE WIND SPEED     4.2


SKY COVER
  AVERAGE SKY COVER 0.7


WEATHER CONDITIONS
 THE FOLLOWING WEATHER WAS RECORDED YESTERDAY.
  THUNDERSTORM
  HEAVY RAIN
  RAIN
  LIGHT RAIN
  FOG


RELATIVE HUMIDITY (PERCENT)
 HIGHEST   100           400 AM
 LOWEST     87          1200 AM
 AVERAGE    94

..........................................................


THE TOPEKA KS CLIMATE NORMALS FOR TODAY
                         NORMAL    RECORD    YEAR
 MAXIMUM TEMPERATURE (F)   77        97      1956
 MINIMUM TEMPERATURE (F)   56        33      1968


SUNRISE AND SUNSET
MAY 21 2018...........SUNRISE   605 AM CDT   SUNSET   834 PM CDT
MAY 22 2018...........SUNRISE   604 AM CDT   SUNSET   835 PM CDT


-  INDICATES NEGATIVE NUMBERS.
R  INDICATES RECORD WAS SET OR TIED.
MM INDICATES DATA IS MISSING.
T  INDICATES TRACE AMOUNT.




$$
