000
CXUS53 KLSX 032015
CLAUIN


CLIMATE REPORT
NATIONAL WEATHER SERVICE ST LOUIS MO
215 PM CST FRI JAN 03 2020

...................................

...THE QUINCY IL CLIMATE SUMMARY FOR THE YEAR OF 2019...

CLIMATE NORMAL PERIOD 1981 TO 2010
CLIMATE RECORD PERIOD 1901 TO 2020

WEATHER         OBSERVED          NORMAL  DEPART
                VALUE   DATE(S)   VALUE   FROM
                                          NORMAL
................................................
TEMPERATURE (F)
RECORD
 HIGH            114   07/15/1936
 LOW             -29   02/13/1905
HIGHEST           95   07/10
LOWEST           -13   01/30
AVG. MAXIMUM    61.9               62.1    -0.2
AVG. MINIMUM    43.7               43.3     0.4
MEAN            52.8               52.7     0.1
DAYS MAX >= 90    22
DAYS MAX <= 32    39
DAYS MAX >= 100    0
DAYS MIN <= 32   120
DAYS MIN <= 0      5

PRECIPITATION (INCHES)
RECORD
 MAXIMUM       66.60   1973
 MINIMUM       20.00   1953
TOTALS         42.05              37.33    4.72
DAYS >= .01      118
DAYS >= .10       72
DAYS >= .50       32
DAYS >= 1.00      13
GREATEST
 24 HR. TOTAL   2.36   04/30 TO 04/30


DEGREE DAYS
HEATING TOTAL   5669               5582      87
 SINCE 7/1      2108               2191     -83
COOLING TOTAL   1346               1095     251
 SINCE 1/1      1346               1094     252
................................................

WIND (MPH)
HIGHEST WIND SPEED/DIRECTION    46/330    DATE  09/27
HIGHEST GUST SPEED/DIRECTION    70/360    DATE  05/25


WEATHER CONDITIONS. NUMBER OF DAYS WITH
THUNDERSTORM             53     HAIL                       0
FOG W/VIS <= 1/4 MILE    24

-  INDICATES NEGATIVE NUMBERS.
R  INDICATES RECORD WAS SET OR TIED.
MM INDICATES DATA IS MISSING.
T  INDICATES TRACE AMOUNT.

...ANNUAL...

NO RECORDS OF NOTE.


...SEASONAL...

7TH WETTEST METEOROLOGICAL (MARCH-MAY) SPRING ON RECORD (16.43
INCHES).

TIED MOST OCCURRENCES WITH MEASURABLE PRECIPITATION IN SPRING (44
DAYS...ALSO TIED WITH 1998 AND 1973).


...MONTHLY...

9TH WARMEST SEPTEMBER ON RECORD (73.4 DEGREES).


...DAILY...

1 RECORD HIGH TEMPERATURE SET (12/25).

3 LOW MAXIMUM TEMPERATURES SET OR TIED (11/11, 10/31, AND 01/30).

4 LOW TEMPERATURES SET OR TIED (11/12, 11/11, 04/28, AND 01/30).

3 HIGH MINIMUM TEMPERATURES SET OR TIED (10/02, 10/01, AND 09/30).

2 PRECIPITATION VALUES SET (06/15 AND 03/09).

$$
