000
CXUS53 KLSX 020044
CLAUIN

CLIMATE REPORT
NATIONAL WEATHER SERVICE ST LOUIS MO
635 PM CST TUE JAN 1 2019

...................................

...THE QUINCY IL CLIMATE SUMMARY FOR THE YEAR OF 2018...

CLIMATE NORMAL PERIOD 1981 TO 2010
CLIMATE RECORD PERIOD 1901 TO 2018

WEATHER         OBSERVED          NORMAL  DEPART
                 VALUE   DATE(S)  VALUE   FROM
                                          NORMAL
................................................
TEMPERATURE (F)
RECORD
 HIGH             114   07/15/1936
 LOW              -29   02/13/1905
HIGHEST            98   07/13
LOWEST            -13   01/01
AVG. MAXIMUM     63.2              62.1     1.1
AVG. MINIMUM     43.7              43.3     0.4
MEAN             53.5              52.7     0.8
DAYS MAX >= 90     48
DAYS MAX <= 32     32
DAYS MIN <= 32    132
DAYS MIN <= 0       8

PRECIPITATION (INCHES)
RECORD
 MAXIMUM        66.60   1973
 MINIMUM        20.00   1953
TOTALS          35.29             37.33   -2.04
DAYS >= .01       104
DAYS >= .10        63
DAYS >= .50        20
DAYS >= 1.00       12
GREATEST
 24 HR. TOTAL    2.71   09/07 TO 09/08

DEGREE_DAYS
HEATING TOTAL    5726              5582     144
COOLING TOTAL    1646              1095     551
.................................................

WIND (MPH)
HIGHEST WIND SPEED/DIRECTION    41/340    DATE  06/28
HIGHEST GUST SPEED/DIRECTION    57/330    DATE  06/28


WEATHER CONDITIONS. NUMBER OF DAYS WITH
THUNDERSTORM             52     FOG W/VIS <= 1/4 MILE     22

-  INDICATES NEGATIVE NUMBERS.
R  INDICATES RECORD WAS SET OR TIED.
MM INDICATES DATA IS MISSING.
T  INDICATES TRACE AMOUNT.


...ANNUAL...

TIED 6TH MOST OCCURRENCES WITH A MAXIMUM TEMPERATURE GREATER THAN OR
EQUAL TO 80 DEGREES (135 DAYS).

TIED 6TH MOST OCCURRENCES WITH A MINIMUM TEMPERATURE GREATER THAN OR
EQUAL TO 60 DEGREES (121 DAYS).


...SEASONAL...

TIED 2ND MOST OCCURRENCES WITH A MAXIMUM TEMPERATURE GREATER THAN OR
EQUAL TO 80 DEGREES WITHIN METEOROLOGICAL SPRING (27 DAYS).

3RD MOST OCCURRENCES WITH A MINIMUM TEMPERATURE LESS THAN OR EQUAL
TO 32 DEGREES IN SPRING (36 DAYS).

TIED MOST OCCURRENCES WITH A MINIMUM TEMPERATURE GREATER THAN OR
EQUAL TO 60 DEGREES IN SPRING (22 DAYS. LAST SET IN 1991).

9TH DRIEST SPRING ON RECORD (5.58 INCHES).


...MONTHLY...

5TH COLDEST NOVEMBER ON RECORD (34.9 DEGREES).

WARMEST MAY ON RECORD (72.9 DEGREES. PREVIOUS WARMEST 71.8 IN 1934).

MOST OCCURRENCES WITH A MAXIMUM TEMPERATURE GREATER THAN OR EQUAL TO
80 DEGREES WITHIN THE MONTH OF MAY (25 DAYS. PREVIOUS MOST 23 IN
1962 AND 1936).

MOST OCCURRENCES WITH A MINIMUM TEMPERATURE GREATER THAN OR EQUAL TO
60 DEGREES WITHIN THE MONTH OF MAY (22 DAYS. PREVIOUS MOST 21 IN
1944).

TIED LEAST OCCURRENCES WITH A MINIMUM TEMPERATURE LESS THAN OR EQUAL
TO 50 DEGREES WITHIN THE MONTH OF MAY (1 DAY. TIED WITH 1922).

3RD COLDEST APRIL (45.9 DEGREES).

TIED MOST OCCURRENCES WITH A MAXIMUM TEMPERATURE LESS THAN 40
DEGREES WITHIN THE MONTH OF APRIL (5 DAYS. TIED WITH 1982).

TIED MOST OCCURRENCES WITH A MINIMUM TEMPERATURE LESS THAN OR EQUAL
TO 32 DEGREES WITHIN THE MONTH OF APRIL (15 DAYS. TIED WITH 1982).

LONGEST STRETCH OF DAYS WITH A MINIMUM TEMPERATURE LESS THAN OR
EQUAL TO 32 DEGREES WITHIN THE MONTH OF APRIL (10 DAYS ENDING 04/10).

MOST OCCURRENCES WITH A MINIMUM TEMPERATURE LESS THAN OR EQUAL TO 20
DEGREES WITHIN THE MONTH OF APRIL (3 DAYS).

LOW OF 9 DEGREES ON 04/02 WAS COLDEST TEMPERATURE RECORDED WITHIN
THE MONTH OF APRIL. PREVIOUS RECORD WAS 15 DEGREES SET ON APRIL 5TH,
1929.

HIGH OF 29 DEGREES ON 04/01 WAS THE COLDEST HIGH TEMPERATURE
RECORDED WITHIN THE MONTH OF APRIL (PREVIOUS RECORD WAS 31 DEGREES
SET APRIL 6TH-8TH, 1982).

DRIEST APRIL (0.63 INCHES. PREVIOUS 0.79 IN 1930).


...DAILY...

2 RECORD HIGH TEMPERATURES SET (05/28 AND 05/27).

3 LOW MAXIMUM TEMPERATURES SET (11/27, 04/15, AND 04/01).

6 LOW TEMPERATURES SET OR TIED (11/10, 04/07, 04/02, 04/01, 01/01,
AND 01/01).

4 PRECIPITATION VALUES SET (09/07, 09/06, 08/25, AND 07/29).

$$

GOSSELIN
