000
CDUS43 KUNR 221832
CLIUNR


CLIMATE REPORT
NATIONAL WEATHER SERVICE RAPID CITY SD
1132 AM MST SAT FEB 22 2020


...................................

...THE EAST RAPID CITY SD CLIMATE SUMMARY FOR FEBRUARY 22 2020...
VALID AS OF 1100 AM LOCAL TIME.

CLIMATE NORMAL PERIOD 1981 TO 2010
CLIMATE RECORD PERIOD 1888 TO 2020


WEATHER ITEM   OBSERVED RECORD YEAR NORMAL DEPARTURE LAST
                VALUE   VALUE       VALUE  FROM      YEAR
                                           NORMAL
...........................................................
TEMPERATURE (F)
 TODAY
  MAXIMUM         54     70    1958  40     14       15
  MINIMUM         38    -17    1910  19     19        9
  AVERAGE         46                 30     16       12

PRECIPITATION (IN)
  TODAY            0.00   0.53 1914   0.02  -0.02     0.04
  MONTH TO DATE    0.58               0.36   0.22     0.62
  SINCE DEC 1      0.81               0.97  -0.16     2.14
  SINCE JAN 1      0.70               0.65   0.05     0.93

SNOWFALL (IN)
  TODAY            0.0    5.6  1914   0.3   -0.3      0.9
  MONTH TO DATE    9.7                5.7    4.0     12.5
  SINCE DEC 1     14.7               16.4   -1.7     32.9
  SINCE JUL 1     48.5               25.0   23.5     43.7
  SNOW DEPTH       0

DEGREE DAYS
 HEATING
  TODAY           19                 35    -16       53
  MONTH TO DATE  799                819    -20     1188
  SINCE DEC 1   2906               3167   -261     3391
  SINCE JUL 1   4696               4747    -51     5100

 COOLING
  TODAY            0                  0      0        0
  MONTH TO DATE    0                  0      0        0
  SINCE DEC 1      0                  0      0        0
  SINCE JAN 1      0                  0      0        0
...........................................................





WEATHER CONDITIONS
 THE FOLLOWING WEATHER WAS RECORDED TODAY.
  NO SIGNIFICANT WEATHER WAS OBSERVED.


..........................................................


THE EAST RAPID CITY SD CLIMATE NORMALS FOR TOMORROW
                         NORMAL    RECORD    YEAR
 MAXIMUM TEMPERATURE (F)   40        67      1958
 MINIMUM TEMPERATURE (F)   20       -14      1965


SUNRISE AND SUNSET
FEBRUARY 22 2020......SUNRISE   642 AM MST   SUNSET   531 PM MST
FEBRUARY 23 2020......SUNRISE   640 AM MST   SUNSET   533 PM MST


-  INDICATES NEGATIVE NUMBERS.
R  INDICATES RECORD WAS SET OR TIED.
MM INDICATES DATA IS MISSING.
T  INDICATES TRACE AMOUNT.




$$
