000
CDUS43 KUNR 140831
CLIUNR

CLIMATE REPORT
NATIONAL WEATHER SERVICE RAPID CITY SD
231 AM MDT SUN APR 14 2024

...................................

...THE EAST RAPID CITY SD CLIMATE SUMMARY FOR APRIL 13 2024...

CLIMATE NORMAL PERIOD 1991 TO 2020
CLIMATE RECORD PERIOD 1888 TO 2024


WEATHER ITEM   OBSERVED RECORD YEAR NORMAL DEPARTURE LAST
                VALUE   VALUE       VALUE  FROM      YEAR
                                           NORMAL
............................................................
TEMPERATURE (F)
 YESTERDAY
  MAXIMUM         85R    83    1908  54     31       55
                               2003
  MINIMUM         59     15    2020  33     26       35
                               2022
  AVERAGE         72                 44     28       45

PRECIPITATION (IN)
  YESTERDAY        T      3.45 1941   0.07  -0.07     0.00
  MONTH TO DATE    2.16               0.81   1.35     0.88
  SINCE MAR 1      3.14               1.75   1.39     2.55
  SINCE JAN 1      4.17               2.59   1.58     4.01

SNOWFALL (IN)
  YESTERDAY        0.0    9.7  2018   0.4   -0.4      0.0
  MONTH TO DATE    2.7                5.2   -2.5     12.8
  SINCE MAR 1     13.0               15.6   -2.6     37.0
  SINCE JUL 1     26.1               46.6  -20.5     77.2
  SNOW DEPTH       0

DEGREE DAYS
 HEATING
  YESTERDAY        0                 21    -21       20
  MONTH TO DATE  233                297    -64      296
  SINCE MAR 1   1130               1181    -51     1460
  SINCE JUL 1   5444               6115   -671     6224

 COOLING
  YESTERDAY        7                  0      7        0
  MONTH TO DATE    7                  0      7        2
  SINCE MAR 1      7                  0      7        2
  SINCE JAN 1      7                  0      7        2
............................................................


WIND (MPH)
  HIGHEST GUST SPEED    28   HIGHEST GUST DIRECTION     N (360)


WEATHER CONDITIONS
THE FOLLOWING WEATHER WAS RECORDED YESTERDAY.
  LIGHT RAIN

..........................................................


THE EAST RAPID CITY SD CLIMATE NORMALS FOR TODAY
                         NORMAL    RECORD    YEAR
 MAXIMUM TEMPERATURE (F)   54        85      1942
 MINIMUM TEMPERATURE (F)   33        11      2020


SUNRISE AND SUNSET
APRIL 14 2024.........SUNRISE   610 AM MDT   SUNSET   736 PM MDT
APRIL 15 2024.........SUNRISE   609 AM MDT   SUNSET   738 PM MDT


-  INDICATES NEGATIVE NUMBERS.
R  INDICATES RECORD WAS SET OR TIED.
MM INDICATES DATA IS MISSING.
T  INDICATES TRACE AMOUNT.




$$
