000
CDUS43 KUNR 240833
CLIUNR

CLIMATE REPORT
NATIONAL WEATHER SERVICE RAPID CITY SD
133 AM MST WED FEB 24 2021

...................................

...THE EAST RAPID CITY SD CLIMATE SUMMARY FOR FEBRUARY 23 2021...

CLIMATE NORMAL PERIOD 1981 TO 2010
CLIMATE RECORD PERIOD 1888 TO 2021


WEATHER ITEM   OBSERVED RECORD YEAR NORMAL DEPARTURE LAST
                VALUE   VALUE       VALUE  FROM      YEAR
                                           NORMAL
............................................................
TEMPERATURE (F)
 YESTERDAY
  MAXIMUM         45     67    1958  40      5       46
  MINIMUM         28    -14    1965  20      8       27
  AVERAGE         37                 30      7       37

PRECIPITATION (IN)
  YESTERDAY        T      0.24 1947   0.02  -0.02     0.00
  MONTH TO DATE    0.29               0.38  -0.09     0.58
  SINCE DEC 1      0.65               0.99  -0.34     0.81
  SINCE JAN 1      0.38               0.67  -0.29     0.70

SNOWFALL (IN)
  YESTERDAY        T      4.1  2017   0.3   -0.3      0.0
  MONTH TO DATE    6.9                6.0    0.9      9.7
  SINCE DEC 1     13.4               16.7   -3.3     14.7
  SINCE JUL 1     27.4               25.3    2.1     48.5
  SNOW DEPTH       0

DEGREE DAYS
 HEATING
  YESTERDAY       28                 35     -7       28
  MONTH TO DATE 1196                854    342      826
  SINCE DEC 1   3118               3202    -84     2933
  SINCE JUL 1   4573               4782   -209     4723

 COOLING
  YESTERDAY        0                  0      0        0
  MONTH TO DATE    0                  0      0        0
  SINCE DEC 1      0                  0      0        0
  SINCE JAN 1      0                  0      0        0
............................................................


WIND (MPH)
  HIGHEST GUST SPEED    47   HIGHEST GUST DIRECTION    NW (310)


WEATHER CONDITIONS
THE FOLLOWING WEATHER WAS RECORDED YESTERDAY.
  LIGHT SNOW

..........................................................


THE EAST RAPID CITY SD CLIMATE NORMALS FOR TODAY
                         NORMAL    RECORD    YEAR
 MAXIMUM TEMPERATURE (F)   41        67      1932
 MINIMUM TEMPERATURE (F)   20       -12      1922


SUNRISE AND SUNSET
FEBRUARY 24 2021......SUNRISE   638 AM MST   SUNSET   535 PM MST
FEBRUARY 25 2021......SUNRISE   636 AM MST   SUNSET   536 PM MST


-  INDICATES NEGATIVE NUMBERS.
R  INDICATES RECORD WAS SET OR TIED.
MM INDICATES DATA IS MISSING.
T  INDICATES TRACE AMOUNT.




$$
