000
CDUS43 KUNR 130834
CLIUNR


CLIMATE REPORT
NATIONAL WEATHER SERVICE RAPID CITY SD
234 AM MDT THU AUG 13 2020


...................................

...THE EAST RAPID CITY SD CLIMATE SUMMARY FOR AUGUST 12 2020...

CLIMATE NORMAL PERIOD 1981 TO 2010
CLIMATE RECORD PERIOD 1888 TO 2020


WEATHER ITEM   OBSERVED RECORD YEAR NORMAL DEPARTURE LAST
                VALUE   VALUE       VALUE  FROM      YEAR
                                           NORMAL
...........................................................
TEMPERATURE (F)
 YESTERDAY
  MAXIMUM         99    102    1938  85     14       76
  MINIMUM         60     43    1964  61     -1       58
  AVERAGE         80                 73      7       67

PRECIPITATION (IN)
  YESTERDAY        0.00   1.06 1921   0.07  -0.07     0.00
  MONTH TO DATE    1.00               0.92   0.08     2.47
  SINCE JUN 1      6.13               6.58  -0.45    11.65
  SINCE JAN 1     12.84              14.63  -1.79    24.84

SNOWFALL (IN)
  YESTERDAY        0.0    0.0  2002   0.0    0.0      0.0
                               2001
                               2000
  MONTH TO DATE    0.0                0.0    0.0      0.0
  SINCE JUN 1      0.0                0.0    0.0      0.0
  SINCE JUL 1      0.0                0.0    0.0      0.0
  SNOW DEPTH       0

DEGREE DAYS
 HEATING
  YESTERDAY        0                  0      0        0
  MONTH TO DATE    0                  0      0        0
  SINCE JUN 1     27                100    -73       69
  SINCE JUL 1      1                 12    -11        1

 COOLING
  YESTERDAY       15                  8      7        2
  MONTH TO DATE   97                104     -7       82
  SINCE JUN 1    536                455     81      334
  SINCE JAN 1    546                473     73      338
...........................................................


WIND (MPH)
  HIGHEST GUST SPEED    24   HIGHEST GUST DIRECTION     S (200)



WEATHER CONDITIONS
 THE FOLLOWING WEATHER WAS RECORDED YESTERDAY.
  NO SIGNIFICANT WEATHER WAS OBSERVED.


..........................................................


THE EAST RAPID CITY SD CLIMATE NORMALS FOR TODAY
                         NORMAL    RECORD    YEAR
 MAXIMUM TEMPERATURE (F)   85       101      2007
 MINIMUM TEMPERATURE (F)   61        47      2004
                                             1966


SUNRISE AND SUNSET
AUGUST 13 2020........SUNRISE   555 AM MDT   SUNSET   759 PM MDT
AUGUST 14 2020........SUNRISE   556 AM MDT   SUNSET   758 PM MDT


-  INDICATES NEGATIVE NUMBERS.
R  INDICATES RECORD WAS SET OR TIED.
MM INDICATES DATA IS MISSING.
T  INDICATES TRACE AMOUNT.




$$
