000
CDUS43 KUNR 080037
CLIUNR

CLIMATE REPORT
NATIONAL WEATHER SERVICE RAPID CITY SD
637 PM MDT FRI MAY 07 2021

...................................

...THE EAST RAPID CITY SD CLIMATE SUMMARY FOR MAY 7 2021...
VALID TODAY AS OF 0500 PM LOCAL TIME.

CLIMATE NORMAL PERIOD 1981 TO 2010
CLIMATE RECORD PERIOD 1888 TO 2021


WEATHER ITEM   OBSERVED RECORD YEAR NORMAL DEPARTURE LAST
                VALUE   VALUE       VALUE  FROM      YEAR
                                           NORMAL
............................................................
TEMPERATURE (F)
 TODAY
  MAXIMUM         68     90    1934  64      4       53
  MINIMUM         41     25    1907  42     -1       37
  AVERAGE         55                 53      2       45

PRECIPITATION (IN)
  TODAY            0.00   1.02 1950   0.10  -0.10     0.07
  MONTH TO DATE    0.28               0.78  -0.50     0.74
  SINCE MAR 1      2.52               3.87  -1.35     3.25
  SINCE JAN 1      3.16               4.64  -1.48     4.91

SNOWFALL (IN)
  TODAY            0.0   10.8  1950   0.1   -0.1      0.0
  MONTH TO DATE    0.0                1.1   -1.1      0.0
  SINCE MAR 1     17.0               21.7   -4.7     26.2
  SINCE JUL 1     48.1               48.4   -0.3     86.9
  SNOW DEPTH       0

DEGREE DAYS
 HEATING
  TODAY           10                 13     -3       20
  MONTH TO DATE   81                 94    -13       81
  SINCE MAR 1   1422               1606   -184     1566
  SINCE JUL 1   6171               6560   -389     6486

 COOLING
  TODAY            0                  0      0        0
  MONTH TO DATE    3                  0      3        0
  SINCE MAR 1      5                  1      4        0
  SINCE JAN 1      5                  1      4        0
............................................................


WEATHER CONDITIONS
THE FOLLOWING WEATHER WAS RECORDED TODAY.
  NO SIGNIFICANT WEATHER WAS OBSERVED.

..........................................................


THE EAST RAPID CITY SD CLIMATE NORMALS FOR TOMORROW
                         NORMAL    RECORD    YEAR
 MAXIMUM TEMPERATURE (F)   64        93      1934
 MINIMUM TEMPERATURE (F)   43        27      1906


SUNRISE AND SUNSET
MAY  7 2021...........SUNRISE   536 AM MDT   SUNSET   804 PM MDT
MAY  8 2021...........SUNRISE   534 AM MDT   SUNSET   805 PM MDT


-  INDICATES NEGATIVE NUMBERS.
R  INDICATES RECORD WAS SET OR TIED.
MM INDICATES DATA IS MISSING.
T  INDICATES TRACE AMOUNT.




$$
