000
CDUS43 KLOT 120701
CLIVPZ

CLIMATE REPORT
NATIONAL WEATHER SERVICE CHICAGO IL
201 AM CDT WED MAY 12 2021

...................................

...THE VALPARAISO CLIMATE SUMMARY FOR MAY 11 2021...

CLIMATE NORMAL PERIOD: 1991 TO 2020
CLIMATE RECORD PERIOD: 1998 TO 2021


WEATHER ITEM   OBSERVED TIME   RECORD YEAR NORMAL DEPARTURE LAST
                VALUE   (LST)  VALUE       VALUE  FROM      YEAR
                                                  NORMAL
...................................................................
TEMPERATURE (F)
 YESTERDAY
  MAXIMUM         52   3:17 PM  89    2006  71    -19       48
                                      2011
  MINIMUM         36R 11:46 PM  37    2020  49    -13       37
  AVERAGE         44                        60    -16       43

PRECIPITATION (IN)
  YESTERDAY        0.00          1.53 2002   0.11  -0.11      T
  MONTH TO DATE    2.44                      1.35   1.09     0.32
  SINCE MAR 1      6.14                      6.53  -0.39     7.64
  SINCE JAN 1      7.61                      9.65  -2.04    12.56

DEGREE DAYS
 HEATING
  YESTERDAY       21                         7     14       22
  MONTH TO DATE  152                        87     65      183
  SINCE MAR 1   1289                      1303    -14     1493
  SINCE JUL 1   5585                      5627    -42     5734

 COOLING
  YESTERDAY        0                         2     -2        0
  MONTH TO DATE    4                        14    -10        2
  SINCE MAR 1     18                        26     -8        4
  SINCE JAN 1     18                        26     -8        4
...................................................................


WIND (MPH)
  RESULTANT WIND SPEED   7   RESULTANT WIND DIRECTION   N (10)
  HIGHEST WIND SPEED    17   HIGHEST WIND DIRECTION     N (10)
  HIGHEST GUST SPEED    27   HIGHEST GUST DIRECTION     N (10)
  AVERAGE WIND SPEED     7.1


WEATHER CONDITIONS
THE FOLLOWING WEATHER WAS RECORDED YESTERDAY.
  NO SIGNIFICANT WEATHER WAS OBSERVED.

..........................................................


THE VALPARAISO CLIMATE NORMALS FOR TODAY
                         NORMAL    RECORD    YEAR
 MAXIMUM TEMPERATURE (F)   72        88      2011
 MINIMUM TEMPERATURE (F)   49        34      2013
                                             2020


SUNRISE AND SUNSET
MAY 12 2021...........SUNRISE   5:32 AM CDT   SUNSET   7:58 PM CDT
MAY 13 2021...........SUNRISE   5:31 AM CDT   SUNSET   7:59 PM CDT


-  INDICATES NEGATIVE NUMBERS.
R  INDICATES RECORD WAS SET OR TIED.
MM INDICATES DATA IS MISSING.
T  INDICATES TRACE AMOUNT.




$$
