000
CXAK56 PAJK 011410
CF6AJN
PRELIMINARY LOCAL CLIMATOLOGICAL DATA (WS FORM: F-6)
STATION: JUNEAU
MONTH: DECEMBER
YEAR: 2022
LATITUDE: 58 22 N
LONGITUDE: 134 35 W
TEMPERATURE IN F: :PCPN: SNOW: WIND :SUNSHINE: SKY :PK WND
================================================================================
1 2 3 4 5 6A 6B 7 8 9 10 11 12 13 14 15 16 17 18
12Z AVG MX 2MIN
DY MAX MIN AVG DEP HDD CDD WTR SNW DPTH SPD SPD DIR MIN PSBL S-S WX SPD DR
================================================================================
1 24 13 19 -13 46 0 0.09 0.9 1 5.4 20 100 M M 9 1 24 120
2 25 9 17 -15 48 0 0.00 0.0 0 1.9 12 90 M M 4 16 50
3 26 12 19 -13 46 0 0.00 0.0 1 1.2 8 90 M M 4 8 100
4 28 13 21 -11 44 0 0.00 0.0 1 1.1 7 300 M M 2 7 290
5 33 15 24 -7 41 0 0.02 0.7 1 2.6 10 70 M M 5 1 13 70
6 37 33 35 4 30 0 0.17 T 1 12.9 20 110 M M 10 1 24 100
7 40 36 38 7 27 0 0.54 0.0 0 18.6 26 130 M M 10 1 35 130
8 40 32 36 5 29 0 0.27 0.7 0 12.5 24 140 M M 10 1 29 140
9 34 25 30 -1 35 0 0.02 0.6 1 6.4 22 140 M M 9 1 25 140
10 29 11 20 -11 45 0 0.00 0.0 1 2.5 20 70 M M 2 25 80
11 25 10 18 -13 47 0 T 0.1 1 3.5 14 100 M M 7 18 100
12 35 24 30 -1 35 0 0.34 0.3 1 18.5 36 110 M M 10 19 43 110
13 37 34 36 5 29 0 0.10 T 1 10.4 28 120 M M 10 1 35 110
14 40 35 38 7 27 0 0.48 T T 12.7 24 120 M M 10 1 31 120
15 42 38 40 10 25 0 0.20 0.0 0 10.1 18 110 M M 10 1 23 100
16 39 23 31 1 34 0 0.12 0.0 0 9.9 23 70 M M 5 1 29 60
17 24 16 20 -10 45 0 0.00 0.0 0 11.7 23 100 M M 2 32 90
18 18 10 14 -16 51 0 0.00 0.0 0 8.1 21 120 M M 2 26 120
19 11 6 9 -21 56 0 0.00 0.0 0 8.7 17 150 M M 1 22 150
20 13 7 10 -20 55 0 0.00 0.0 0 7.6 15 130 M M 4 18 120
21 17 7 12 -18 53 0 0.00 0.0 0 2.0 8 80 M M 7 10 80
22 21 9 15 -15 50 0 0.00 0.0 0 4.1 16 150 M M 7 21 140
23 20 14 17 -13 48 0 0.08 1.2 0 9.2 21 140 M M 9 1 24 150
24 20 15 18 -11 47 0 0.05 0.6 1 2.0 9 300 M M 10 1 10 310
25 35 20 28 -1 37 0 0.09 0.7 2 3.5 21 140 M M 10 16 28 140
26 38 31 35 6 30 0 0.21 T 2 5.5 18 100 M M 10 16 22 80
27 36 32 34 5 31 0 0.05 T 1 3.9 14 90 M M 10 12 18 80
28 35 32 34 5 31 0 0.05 0.3 1 9.2 16 110 M M 9 1 19 110
29 32 26 29 0 36 0 T T 1 2.1 7 290 M M 8 12 10 220
30 33 31 32 3 33 0 0.30 2.4 1 1.0 9 80 M M 10 1 12 50
31 38 32 35 6 30 0 0.29 T 3 9.7 28 130 M M 10 1 33 120
================================================================================
SM 925 651 1221 0 3.47 8.5 218.5 M 226
================================================================================
AV 29.8 21.0 7.0 FASTST M M 7 MAX(MPH)
MISC ----> 36 110 43 110
================================================================================
NOTES:
# LAST OF SEVERAL OCCURRENCES
COLUMN 17 PEAK WIND IN M.P.H.
PRELIMINARY LOCAL CLIMATOLOGICAL DATA (WS FORM: F-6) , PAGE 2
STATION: JUNEAU
MONTH: DECEMBER
YEAR: 2022
LATITUDE: 58 22 N
LONGITUDE: 134 35 W
[TEMPERATURE DATA] [PRECIPITATION DATA] SYMBOLS USED IN COLUMN 16
AVERAGE MONTHLY: 25.4 TOTAL FOR MONTH: 3.47 1 = FOG OR MIST
DPTR FM NORMAL: -4.9 DPTR FM NORMAL: -3.06 2 = FOG REDUCING VISIBILITY
HIGHEST: 42 ON 15 GRTST 24HR 0.55 ON 13-14 TO 1/4 MILE OR LESS
LOWEST: 6 ON 19 3 = THUNDER
SNOW, ICE PELLETS, HAIL 4 = ICE PELLETS
TOTAL MONTH: 8.5 INCHES 5 = HAIL
GRTST 24HR 2.4 ON 30-30 6 = FREEZING RAIN OR DRIZZLE
GRTST DEPTH: 3 ON 31 7 = DUSTSTORM OR SANDSTORM:
VSBY 1/2 MILE OR LESS
8 = SMOKE OR HAZE
[NO. OF DAYS WITH] [WEATHER - DAYS WITH] 9 = BLOWING SNOW
X = TORNADO
MAX 32 OR BELOW: 15 0.01 INCH OR MORE: 19
MAX 90 OR ABOVE: 0 0.10 INCH OR MORE: 11
MIN 32 OR BELOW: 26 0.50 INCH OR MORE: 1
MIN 0 OR BELOW: 0 1.00 INCH OR MORE: 0
[HDD (BASE 65) ]
TOTAL THIS MO. 1221 CLEAR (SCALE 0-3) 5
DPTR FM NORMAL 145 PTCLDY (SCALE 4-7) 8
TOTAL FM JUL 1 3591 CLOUDY (SCALE 8-10) 18
DPTR FM NORMAL -105
[CDD (BASE 65) ]
TOTAL THIS MO. 0
DPTR FM NORMAL 0 [PRESSURE DATA]
TOTAL FM JAN 1 16 HIGHEST SLP 30.78 ON 21
DPTR FM NORMAL 14 LOWEST SLP 29.06 ON 26
[REMARKS]
#FINAL-12-22#