000
CXUS54 KHGX 010719
CF6ARM
PRELIMINARY LOCAL CLIMATOLOGICAL DATA (WS FORM: F-6)
STATION: Wharton
MONTH: MARCH
YEAR: 2020
LATITUDE: 29 15 N
LONGITUDE: 96 9 W
TEMPERATURE IN F: :PCPN: SNOW: WIND :SUNSHINE: SKY :PK WND
================================================================================
1 2 3 4 5 6A 6B 7 8 9 10 11 12 13 14 15 16 17 18
12Z AVG MX 2MIN
DY MAX MIN AVG DEP HDD CDD WTR SNW DPTH SPD SPD DIR MIN PSBL S-S WX SPD DR
================================================================================
1 73 60 67 M 0 2 0.00 0.0 0 13.5 24 160 M M 8 30 160
2 80 64 72 M 0 7 0.00 0.0 0 9.8 21 170 M M 8 1 23 160
3 79 67 73 M 0 8 0.00 0.0 0 5.5 12 120 M M 8 18 M M
4 73 57 65 M 0 0 0.00 0.0 0 9.6 17 320 M M 9 1 22 320
5 74 52 63 M 2 0 0.00 0.0 0 13.1 20 340 M M 4 28 350
6 73 43 58 M 7 0 0.00 0.0 0 5.5 13 40 M M 0 21 40
7 65 39 52 M 13 0 0.00 0.0 0 4.6 10 110 M M 0 M M
8 75 50 63 M 2 0 0.00 0.0 0 11.6 20 130 M M 2 25 140
9 77 61 69 M 0 4 0.00 0.0 0 9.3 20 190 M M 5 25 190
10 80 61 71 M 0 6 0.40 0.0 0 3.7 7 160 M M 7 1 M M
11 80 63 72 M 0 7 0.00 0.0 0 9.9 16 190 M M 9 1 21 180
12 81 66 74 M 0 9 0.00 0.0 0 12.8 20 170 M M 9 25 170
13 82 68 75 M 0 10 0.00 0.0 0 10.6 20 140 M M 10 24 140
14 82 70 76 M 0 11 0.02 0.0 0 11.0 15 150 M M 7 1 21 160
15 80 64 72 M 0 7 0.00 0.0 0 6.2 16 140 M M 9 1 21 140
16 72 63 68 M 0 3 0.02 0.0 0 5.4 16 110 M M 8 1 M M
17 82 68 75 M 0 10 0.00 0.0 0 10.4 21 150 M M 9 1 27 150
18 82 69 76 M 0 11 0.00 0.0 0 12.9 21 170 M M 8 27 170
19 84 72 78 M 0 13 0.00 0.0 0 14.9 24 170 M M 9 31 160
20 74 54 64 M 1 0 0.01 0.0 0 8.1 20 360 M M 10 13 27 360
21 59 53 56 M 9 0 0.02 0.0 0 10.0 16 10 M M 10 3 21 360
22 61 61 61 M 4 0 0.00 0.0 0 5.8 6 60 M M 10 1 M M
23 84 68 76 M 0 11 0.00 0.0 0 10.3 16 160 M M 8 1 23 160
24 85 68 77 M 0 12 0.00 0.0 0 11.7 20 200 M M 8 1 25 200
25 88 68 78 M 0 13 0.00 0.0 0 6.6 13 150 M M 6 1 20 140
26 87 68 78 M 0 13 0.00 0.0 0 10.8 23 160 M M 4 1 28 160
27 87 71 79 M 0 14 0.00 0.0 0 16.1 27 170 M M 6 1 35 170
28 79 60 70 M 0 5 0.00 0.0 0 9.7 17 160 M M 9 17 360
29 81 51 66 M 0 1 0.00 0.0 0 7.0 14 60 M M 6 22 60
30 83 67 75 M 0 10 0.00 0.0 0 11.0 23 140 M M 8 30 140
31 75 56 66 M 0 1 0.00 0.0 0 11.8 23 350 M M 3 1 31 330
================================================================================
SM 2417 1902 38 188 0.47 0.0 299.2 M 217
================================================================================
AV 78.0 61.4 9.7 FASTST M M 7 MAX(MPH)
MISC ----> # 27 170 # 35 170
================================================================================
NOTES:
# LAST OF SEVERAL OCCURRENCES
COLUMN 17 PEAK WIND IN M.P.H.
PRELIMINARY LOCAL CLIMATOLOGICAL DATA (WS FORM: F-6) , PAGE 2
STATION: Wharton
MONTH: MARCH
YEAR: 2020
LATITUDE: 29 15 N
LONGITUDE: 96 9 W
[TEMPERATURE DATA] [PRECIPITATION DATA] SYMBOLS USED IN COLUMN 16
AVERAGE MONTHLY: 69.7 TOTAL FOR MONTH: 0.47 1 = FOG OR MIST
DPTR FM NORMAL: M DPTR FM NORMAL: M 2 = FOG REDUCING VISIBILITY
HIGHEST: 88 ON 25 GRTST 24HR 0.40 ON 10-10 TO 1/4 MILE OR LESS
LOWEST: 39 ON 7 3 = THUNDER
SNOW, ICE PELLETS, HAIL 4 = ICE PELLETS
TOTAL MONTH: 0.0 INCH 5 = HAIL
GRTST 24HR 0.0 6 = FREEZING RAIN OR DRIZZLE
GRTST DEPTH: 0 7 = DUSTSTORM OR SANDSTORM:
VSBY 1/2 MILE OR LESS
8 = SMOKE OR HAZE
[NO. OF DAYS WITH] [WEATHER - DAYS WITH] 9 = BLOWING SNOW
X = TORNADO
MAX 32 OR BELOW: 0 0.01 INCH OR MORE: 5
MAX 90 OR ABOVE: 0 0.10 INCH OR MORE: 1
MIN 32 OR BELOW: 0 0.50 INCH OR MORE: 0
MIN 0 OR BELOW: 0 1.00 INCH OR MORE: 0
[HDD (BASE 65) ]
TOTAL THIS MO. 38 CLEAR (SCALE 0-3) 4
DPTR FM NORMAL M PTCLDY (SCALE 4-7) 14
TOTAL FM JUL 1 1108 CLOUDY (SCALE 8-10) 13
DPTR FM NORMAL M
[CDD (BASE 65) ]
TOTAL THIS MO. 188
DPTR FM NORMAL M [PRESSURE DATA]
TOTAL FM JAN 1 235 HIGHEST SLP M ON M
DPTR FM NORMAL M LOWEST SLP M ON M
[REMARKS]
#FINAL-03-20#