000
CXAK56 PAFG 310955
CF6BTT
PRELIMINARY LOCAL CLIMATOLOGICAL DATA (WS FORM: F-6)
STATION: BETTLES AK
MONTH: OCTOBER
YEAR: 2023
LATITUDE: 66 55 N
LONGITUDE: 151 31 W
TEMPERATURE IN F: :PCPN: SNOW: WIND :SUNSHINE: SKY :PK WND
================================================================================
1 2 3 4 5 6A 6B 7 8 9 10 11 12 13 14 15 16 17 18
12Z AVG MX 2MIN
DY MAX MIN AVG DEP HDD CDD WTR SNW DPTH SPD SPD DIR MIN PSBL S-S WX SPD DR
================================================================================
1 43 25 34 1 31 0 0.00 M M 4.7 10 350 M M 6 15 350
2 38 21 30 -2 35 0 0.00 M M 5.0 13 220 M M 4 17 220
3 37 13 25 -7 40 0 0.00 M M 2.3 8 220 M M 3 11 210
4 32 8 20 -11 45 0 0.00 M M 3.0 9 350 M M 3 12 350
5 36 14 25 -5 40 0 0.00 M M 8.0 16 50 M M 2 25 50
6 33 19 26 -4 39 0 0.00 M M 6.2 12 20 M M 5 17 20
7 32 18 25 -4 40 0 0.00 M M 8.4 17 40 M M 3 28 60
8 32 15 24 -4 41 0 T M M 7.8 18 50 M M 5 1 27 40
9 26 19 23 -5 42 0 0.05 M 1 5.7 12 30 M M 10 1 14 30
10 27 21 24 -3 41 0 0.09 M 1 3.8 9 310 M M 10 1 11 310
11 26 16 21 -5 44 0 0.02 M 2 1.3 7 140 M M 9 1 9 160
12 26 4 15 -10 50 0 T T 1 5.1 10 20 M M 7 14 10
13 32 25 29 5 36 0 0.10 11.0 1 4.9 9 320 M M 10 1 12 350
14 35 21 28 5 37 0 0.33 M 2 5.0 10 330 M M 7 1 14 330
15 35 28 32 10 33 0 0.14 M M 4.0 10 220 M M 10 1 13 190
16 33 25 29 7 36 0 T M 2 6.6 10 350 M M 6 1 M M
17 32 25 29 8 36 0 0.00 M 2 4.1 7 200 M M 10 1 M M
18 27 20 24 4 41 0 0.08 M 2 3.8 9 160 M M 9 1 13 170
19 22 -1 11 -8 54 0 0.05 M 3 2.9 10 220 M M 8 1 14 220
20 21 -1 10 -8 55 0 0.00 M 4 2.9 7 140 M M 6 M M
21 15 -3 6 -11 59 0 T M 4 0.7 5 310 M M 9 12 M M
22 15 11 13 -3 52 0 0.03 M 4 3.2 6 360 M M 9 1 M M
23 21 14 18 3 47 0 0.03 M 4 5.1 8 20 M M 10 1 M M
24 28 21 25 11 40 0 0.01 M 4 0.5 5 10 M M 9 1 M M
25 26 11 19 5 46 0 0.00 M 4 6.0 8 20 M M 6 1 M M
26 26 11 19 6 46 0 0.00 M 4 2.8 7 320 M M 7 M M
27 22 6 14 2 51 0 0.00 M 4 1.7 5 320 M M 7 1 M M
28 30 21 26 15 39 0 0.00 M 4 3.4 6 330 M M 9 M M
29 30 22 26 16 39 0 0.02 M 4 1.4 5 40 M M 8 16 M M
30 33 25 29 20 36 0 T M 4 0.1 4 160 M M 10 M M
================================================================================
SM 871 474 1271 0 0.95 11.0 120.4 M 217
================================================================================
AV 29.0 15.8 4.0 FASTST M M 7 MAX(MPH)
MISC ----> 18 50 28 60
================================================================================
NOTES:
# LAST OF SEVERAL OCCURRENCES
COLUMN 17 PEAK WIND IN M.P.H.
PRELIMINARY LOCAL CLIMATOLOGICAL DATA (WS FORM: F-6) , PAGE 2
STATION: BETTLES AK
MONTH: OCTOBER
YEAR: 2023
LATITUDE: 66 55 N
LONGITUDE: 151 31 W
[TEMPERATURE DATA] [PRECIPITATION DATA] SYMBOLS USED IN COLUMN 16
AVERAGE MONTHLY: 22.4 TOTAL FOR MONTH: 0.95 1 = FOG OR MIST
DPTR FM NORMAL: 0.7 DPTR FM NORMAL: -0.18 2 = FOG REDUCING VISIBILITY
HIGHEST: 43 ON 1 GRTST 24HR 0.47 ON 14-15 TO 1/4 MILE OR LESS
LOWEST: -3 ON 21 3 = THUNDER
SNOW, ICE PELLETS, HAIL 4 = ICE PELLETS
TOTAL MONTH: 11.0 INCHES 5 = HAIL
GRTST 24HR 11.0 ON 13-13 6 = FREEZING RAIN OR DRIZZLE
GRTST DEPTH: 4 ON 30,29 7 = DUSTSTORM OR SANDSTORM:
VSBY 1/2 MILE OR LESS
8 = SMOKE OR HAZE
[NO. OF DAYS WITH] [WEATHER - DAYS WITH] 9 = BLOWING SNOW
X = TORNADO
MAX 32 OR BELOW: 21 0.01 INCH OR MORE: 12
MAX 90 OR ABOVE: 0 0.10 INCH OR MORE: 3
MIN 32 OR BELOW: 30 0.50 INCH OR MORE: 0
MIN 0 OR BELOW: 3 1.00 INCH OR MORE: 0
[HDD (BASE 65) ]
TOTAL THIS MO. 1271 CLEAR (SCALE 0-3) 2
DPTR FM NORMAL -26 PTCLDY (SCALE 4-7) 14
TOTAL FM JUL 1 2313 CLOUDY (SCALE 8-10) 14
DPTR FM NORMAL -262
[CDD (BASE 65) ]
TOTAL THIS MO. 0
DPTR FM NORMAL 0 [PRESSURE DATA]
TOTAL FM JAN 1 62 HIGHEST SLP M ON M
DPTR FM NORMAL 27 LOWEST SLP 29.44 ON 9
[REMARKS]