000
CXUS54 KHUN 010910
CF6DCU
PRELIMINARY LOCAL CLIMATOLOGICAL DATA (WS FORM: F-6)
STATION: DECATUR
MONTH: DECEMBER
YEAR: 2020
LATITUDE: 34 39 N
LONGITUDE: 86 56 W
TEMPERATURE IN F: :PCPN: SNOW: WIND :SUNSHINE: SKY :PK WND
================================================================================
1 2 3 4 5 6A 6B 7 8 9 10 11 12 13 14 15 16 17 18
12Z AVG MX 2MIN
DY MAX MIN AVG DEP HDD CDD WTR SNW DPTH SPD SPD DIR MIN PSBL S-S WX SPD DR
================================================================================
1 41 21 31 -15 34 0 0.00 0.0 0 5.5 15 280 M M 0 19 300
2 50 19 35 -11 30 0 0.00 0.0 0 2.4 12 40 M M 1 12 14 40
3 56 25 41 -5 24 0 0.07 0.0 0 4.8 16 140 M M 7 1 21 140
4 47 38 43 -3 22 0 0.88 0.0 0 7.7 20 280 M M 9 1 26 280
5 55 30 43 -2 22 0 0.00 0.0 0 2.6 10 320 M M 0 1 13 280
6 59 27 43 -2 22 0 0.00 0.0 0 5.3 13 310 M M 3 18 20 130
7 46 25 36 -9 29 0 0.00 0.0 0 9.2 24 330 M M 3 33 330
8 48 23 36 -9 29 0 0.00 0.0 0 2.0 15 350 M M 3 18 20 20
9 65 25 45 1 20 0 0.00 0.0 0 2.7 12 260 M M 0 1 14 230
10 70 31 51 7 14 0 0.00 0.0 0 3.4 9 180 M M 0 8 12 190
11 64 33 49 5 16 0 0.00 0.0 0 4.9 12 170 M M 2 15 160
12 64 44 54 10 11 0 0.27 0.0 0 8.4 20 180 M M 7 12 26 180
13 59 32 46 2 19 0 0.66 0.0 0 4.8 25 20 M M 3 12 31 30
14 43 35 39 -4 26 0 0.55 0.0 0 11.6 21 320 M M 10 1 28 360
15 48 29 39 -4 26 0 0.00 0.0 0 5.3 13 360 M M 7 1 16 350
16 47 35 41 -2 24 0 0.10 0.0 0 8.9 16 280 M M 10 1 21 280
17 42 24 33 -10 32 0 0.00 0.0 0 6.1 15 330 M M 3 20 300
18 48 21 35 -7 30 0 0.00 0.0 0 1.5 7 110 M M 0 10 120
19 55 25 40 -2 25 0 0.02 0.0 0 6.2 18 190 M M 5 24 180
20 51 35 43 1 22 0 0.09 M M 2.5 9 330 M M 9 12 10 130
21 61 38 50 8 15 0 0.00 0.0 0 7.6 21 250 M M 5 1 29 270
22 59 29 44 2 21 0 0.00 0.0 0 1.9 12 70 M M 1 12 15 60
23 61 35 48 6 17 0 0.14 0.0 0 12.9 25 150 M M 4 32 150
24 53 28 41 -1 24 0 0.94 0.0 0 14.5 28 280 M M 9 1 35 280
25 32 18 25 -17 40 0 0.00 0.0 0 10.7 23 290 M M 0 31 280
26 50 17 34 -7 31 0 0.00 0.0 0 4.8 15 230 M M 0 19 210
27 59 24 42 1 23 0 0.00 0.0 0 7.6 20 170 M M 0 24 180
28 57 35 46 5 19 0 0.00 0.0 0 5.9 14 180 M M 6 1 19 170
29 61 33 47 6 18 0 0.00 0.0 0 5.9 15 140 M M 0 18 17 140
30 69 46 58 17 7 0 0.00 0.0 0 12.0 21 180 M M 5 26 170
31 59 48 54 13 11 0 T 0.0 0 7.1 14 10 M M 10 1 19 20
================================================================================
SM 1679 928 703 0 3.72 0.0 196.7 M 122
================================================================================
AV 54.2 29.9 6.3 FASTST M M 4 MAX(MPH)
MISC ----> 28 280 35 280
================================================================================
NOTES:
# LAST OF SEVERAL OCCURRENCES
COLUMN 17 PEAK WIND IN M.P.H.
PRELIMINARY LOCAL CLIMATOLOGICAL DATA (WS FORM: F-6) , PAGE 2
STATION: DECATUR
MONTH: DECEMBER
YEAR: 2020
LATITUDE: 34 39 N
LONGITUDE: 86 56 W
[TEMPERATURE DATA] [PRECIPITATION DATA] SYMBOLS USED IN COLUMN 16
AVERAGE MONTHLY: 42.0 TOTAL FOR MONTH: 3.72 1 = FOG OR MIST
DPTR FM NORMAL: -1.1 DPTR FM NORMAL: -1.95 2 = FOG REDUCING VISIBILITY
HIGHEST: 70 ON 10 GRTST 24HR 1.21 ON 13-14 TO 1/4 MILE OR LESS
LOWEST: 17 ON 26 3 = THUNDER
SNOW, ICE PELLETS, HAIL 4 = ICE PELLETS
TOTAL MONTH: T 5 = HAIL
GRTST 24HR 0.0 6 = FREEZING RAIN OR DRIZZLE
GRTST DEPTH: 0 7 = DUSTSTORM OR SANDSTORM:
VSBY 1/2 MILE OR LESS
8 = SMOKE OR HAZE
[NO. OF DAYS WITH] [WEATHER - DAYS WITH] 9 = BLOWING SNOW
X = TORNADO
MAX 32 OR BELOW: 1 0.01 INCH OR MORE: 10
MAX 90 OR ABOVE: 0 0.10 INCH OR MORE: 7
MIN 32 OR BELOW: 19 0.50 INCH OR MORE: 4
MIN 0 OR BELOW: 0 1.00 INCH OR MORE: 0
[HDD (BASE 65) ]
TOTAL THIS MO. 703 CLEAR (SCALE 0-3) 16
DPTR FM NORMAL 24 PTCLDY (SCALE 4-7) 9
TOTAL FM JUL 1 1188 CLOUDY (SCALE 8-10) 6
DPTR FM NORMAL -92
[CDD (BASE 65) ]
TOTAL THIS MO. 0
DPTR FM NORMAL -1 [PRESSURE DATA]
TOTAL FM JAN 1 1726 HIGHEST SLP 30.48 ON 18
DPTR FM NORMAL -21 LOWEST SLP 29.78 ON 24
[REMARKS]
#FINAL-12-20#