000
CXUS52 KILM 011910
CF6FLO
PRELIMINARY LOCAL CLIMATOLOGICAL DATA (WS FORM: F-6)
STATION: FLORENCE SOUTH CAROLINA
MONTH: AUGUST
YEAR: 2022
LATITUDE: 34 10 N
LONGITUDE: 79 43 W
TEMPERATURE IN F: :PCPN: SNOW: WIND :SUNSHINE: SKY :PK WND
================================================================================
1 2 3 4 5 6A 6B 7 8 9 10 11 12 13 14 15 16 17 18
12Z AVG MX 2MIN
DY MAX MIN AVG DEP HDD CDD WTR SNW DPTH SPD SPD DIR MIN PSBL S-S WX SPD DR
================================================================================
1 99 76 88 6 0 23 0.00 M M 9.2 24 260 M M 1 30 270
2 97 75 86 4 0 21 T M M 5.4 14 310 M M 0 18 300
3 98 73 86 4 0 21 1.34 M M 3.5 22 170 M M 1 13 31 190
4 93 72 83 1 0 18 T M M 4.6 24 150 M M 2 13 32 150
5 93 70 82 0 0 17 0.00 M M 4.4 17 150 M M 2 12 21 150
6 93 73 83 1 0 18 0.04 M M 2.5 23 150 M M 3 13 29 140
7 91 72 82 0 0 17 0.10 M M 3.3 18 120 M M 3 13 22 110
8 90 71 81 -1 0 16 T M M 5.7 20 190 M M 3 123 27 190
9 93 74 84 2 0 19 0.00 M M 7.9 17 200 M M 2 22 190
10 95 72 84 2 0 19 0.34 M M 8.8 33 260 M M 0 138 42 260
11 88 71 80 -1 0 15 0.01 M M 7.2 29 240 M M 2 13 38 240
12 82 68 75 -6 0 10 0.20 M M 6.5 14 240 M M 6 13 19 240
13 87 67 77 -4 0 12 0.00 M M 7.2 17 50 M M 2 1 24 40
14 89 61 75 -6 0 10 0.00 M M 3.7 13 330 M M 0 15 10
15 90 67 79 -2 0 14 0.39 M M 7.1 20 10 M M 4 13 26 40
16 79 70 75 -6 0 10 0.04 M M 6.9 14 10 M M 10 1 17 360
17 78 70 74 -7 0 9 0.02 M M 4.9 10 30 M M 8 14 50
18 87 69 78 -3 0 13 0.00 M M 4.7 12 110 M M 4 17 70
19 81 69 75 -6 0 10 0.78 M M 5.2 12 70 M M 8 1 14 50
20 87 71 79 -2 0 14 T M M 3.8 9 340 M M 7 12 12 340
21 88 73 81 1 0 16 0.09 M M 5.0 23 150 M M 6 13 29 160
22 87 73 80 0 0 15 0.00 M M 7.1 15 210 M M 5 21 210
23 85 75 80 0 0 15 0.00 M M 2.3 8 240 M M 6 12 220
24 89 72 81 1 0 16 T M M 3.3 10 120 M M 1 1 13 120
25 82 72 77 -3 0 12 0.07 M M 2.9 13 150 M M 8 1 15 150
26 87 71 79 -1 0 14 0.38 M M 0.4 6 180 M M 7 1 8 240
27 91 70 81 1 0 16 0.00 M M 2.2 12 130 M M 1 14 160
28 91 71 81 1 0 16 0.00 M M 5.5 17 140 M M 0 1 21 150
29 87 69 78 -2 0 13 T M M 5.0 12 200 M M 3 123 16 180
30 89 70 80 1 0 15 T M M 3.8 13 250 M M 7 12 22 220
31 91 74 83 4 0 18 0.00 M M 3.3 12 50 M M 2 15 10
================================================================================
SM 2757 2201 0 472 3.80 M 153.3 M 114
================================================================================
AV 88.9 71.0 4.9 FASTST M M 4 MAX(MPH)
MISC ----> 33 260 42 260
================================================================================
NOTES:
# LAST OF SEVERAL OCCURRENCES
COLUMN 17 PEAK WIND IN M.P.H.
PRELIMINARY LOCAL CLIMATOLOGICAL DATA (WS FORM: F-6) , PAGE 2
STATION: FLORENCE SOUTH CAROLINA
MONTH: AUGUST
YEAR: 2022
LATITUDE: 34 10 N
LONGITUDE: 79 43 W
[TEMPERATURE DATA] [PRECIPITATION DATA] SYMBOLS USED IN COLUMN 16
AVERAGE MONTHLY: 80.0 TOTAL FOR MONTH: 3.80 1 = FOG OR MIST
DPTR FM NORMAL: -0.9 DPTR FM NORMAL: -1.06 2 = FOG REDUCING VISIBILITY
HIGHEST: 99 ON 1 GRTST 24HR 1.34 ON 3- 3 TO 1/4 MILE OR LESS
LOWEST: 61 ON 14 3 = THUNDER
SNOW, ICE PELLETS, HAIL 4 = ICE PELLETS
TOTAL MONTH: M 5 = HAIL
GRTST 24HR M ON M 6 = FREEZING RAIN OR DRIZZLE
GRTST DEPTH: M ON M 7 = DUSTSTORM OR SANDSTORM:
VSBY 1/2 MILE OR LESS
8 = SMOKE OR HAZE
[NO. OF DAYS WITH] [WEATHER - DAYS WITH] 9 = BLOWING SNOW
X = TORNADO
MAX 32 OR BELOW: 0 0.01 INCH OR MORE: 13
MAX 90 OR ABOVE: 14 0.10 INCH OR MORE: 7
MIN 32 OR BELOW: 0 0.50 INCH OR MORE: 2
MIN 0 OR BELOW: 0 1.00 INCH OR MORE: 1
[HDD (BASE 65) ]
TOTAL THIS MO. 0 CLEAR (SCALE 0-3) 16
DPTR FM NORMAL 0 PTCLDY (SCALE 4-7) 12
TOTAL FM JUL 1 0 CLOUDY (SCALE 8-10) 3
DPTR FM NORMAL 0
[CDD (BASE 65) ]
TOTAL THIS MO. 472
DPTR FM NORMAL -19 [PRESSURE DATA]
TOTAL FM JAN 1 2026 HIGHEST SLP 30.25 ON 6
DPTR FM NORMAL 219 LOWEST SLP 29.79 ON 15
[REMARKS]
#FINAL-08-22#