000
CXUS52 KTBW 020900
CF6FMY
PRELIMINARY LOCAL CLIMATOLOGICAL DATA (WS FORM: F-6)
STATION: Fort Myers
MONTH: NOVEMBER
YEAR: 2020
LATITUDE: 26 34 N
LONGITUDE: 81 52 W
TEMPERATURE IN F: :PCPN: SNOW: WIND :SUNSHINE: SKY :PK WND
================================================================================
1 2 3 4 5 6A 6B 7 8 9 10 11 12 13 14 15 16 17 18
12Z AVG MX 2MIN
DY MAX MIN AVG DEP HDD CDD WTR SNW DPTH SPD SPD DIR MIN PSBL S-S WX SPD DR
================================================================================
1 88 73 81 7 0 16 0.00 0.0 0 4.9 12 320 M M 3 15 80
2 79 63 71 -3 0 6 0.00 0.0 0 16.0 24 60 M M 2 33 70
3 80 57 69 -5 0 4 0.00 0.0 0 12.6 24 80 M M 2 35 80
4 82 61 72 -2 0 7 0.00 0.0 0 11.5 23 70 M M 2 33 70
5 85 67 76 2 0 11 T 0.0 0 10.7 21 80 M M 6 29 90
6 86 68 77 4 0 12 0.00 0.0 0 10.5 21 70 M M 2 28 80
7 81 69 75 2 0 10 0.08 0.0 0 11.2 22 80 M M 3 1 32 80
8 76 71 74 1 0 9 0.66 0.0 0 15.7 29 50 M M 7 1 38 50
9 83 72 78 5 0 13 1.62 0.0 0 15.3 28 60 M M 6 1 37 60
10 86 74 80 7 0 15 0.20 0.0 0 12.1 32 140 M M 5 138 46 140
11 81 75 78 6 0 13 1.41 0.0 0 15.7 31 160 M M 7 13 49 140
12 83 73 78 6 0 13 0.00 0.0 0 8.4 18 190 M M 4 24 250
13 85 70 78 6 0 13 0.00 0.0 0 4.7 12 10 M M 3 12 14 20
14 86 72 79 7 0 14 0.00 0.0 0 8.1 13 100 M M 8 1 17 80
15 87 72 80 8 0 15 0.00 0.0 0 4.6 10 320 M M 1 13 350
16 88 71 80 8 0 15 T 0.0 0 6.4 14 60 M M 3 31 200
17 81 63 72 1 0 7 0.00 0.0 0 13.1 21 40 M M 0 31 70
18 79 59 69 -2 0 4 0.00 0.0 0 13.9 24 70 M M 2 33 70
19 80 60 70 -1 0 5 T 0.0 0 10.5 21 70 M M 5 8 26 80
20 82 65 74 3 0 9 T 0.0 0 10.8 21 50 M M 5 28 80
21 84 66 75 4 0 10 0.00 0.0 0 9.6 16 60 M M 2 29 80
22 86 66 76 6 0 11 0.00 0.0 0 5.6 10 50 M M 3 1 16 50
23 82 64 73 3 0 8 0.00 0.0 0 8.2 17 40 M M 4 12 21 40
24 83 63 73 3 0 8 0.00 0.0 0 8.9 16 60 M M 0 24 80
25 80 66 73 3 0 8 T 0.0 0 8.5 21 120 M M 4 32 100
26 85 64 75 5 0 10 0.00 0.0 0 3.6 12 120 M M 1 17 160
27 86 65 76 6 0 11 0.00 0.0 0 3.4 9 50 M M 1 15 100
28 83 64 74 4 0 9 0.00 0.0 0 2.7 10 250 M M 0 8 22 320
29 83 64 74 5 0 9 0.00 0.0 0 3.5 12 210 M M 5 12 16 200
30 81 64 73 4 0 8 0.24 0.0 0 9.4 22 250 M M 5 13 29 210
================================================================================
SM 2491 2001 0 303 4.21 0.0 280.1 M 101
================================================================================
AV 83.0 66.7 9.3 FASTST M M 3 MAX(MPH)
MISC ----> # 32 140 # 49 140
================================================================================
NOTES:
# LAST OF SEVERAL OCCURRENCES
COLUMN 17 PEAK WIND IN M.P.H.
PRELIMINARY LOCAL CLIMATOLOGICAL DATA (WS FORM: F-6) , PAGE 2
STATION: Fort Myers
MONTH: NOVEMBER
YEAR: 2020
LATITUDE: 26 34 N
LONGITUDE: 81 52 W
[TEMPERATURE DATA] [PRECIPITATION DATA] SYMBOLS USED IN COLUMN 16
AVERAGE MONTHLY: 74.9 TOTAL FOR MONTH: 4.21 1 = FOG OR MIST
DPTR FM NORMAL: 3.2 DPTR FM NORMAL: 2.25 2 = FOG REDUCING VISIBILITY
HIGHEST: 88 ON 16, 1 GRTST 24HR 1.62 ON 9- 9 TO 1/4 MILE OR LESS
LOWEST: 57 ON 3 3 = THUNDER
SNOW, ICE PELLETS, HAIL 4 = ICE PELLETS
TOTAL MONTH: 0.0 INCH 5 = HAIL
GRTST 24HR 0.0 6 = FREEZING RAIN OR DRIZZLE
GRTST DEPTH: 0 7 = DUSTSTORM OR SANDSTORM:
VSBY 1/2 MILE OR LESS
8 = SMOKE OR HAZE
[NO. OF DAYS WITH] [WEATHER - DAYS WITH] 9 = BLOWING SNOW
X = TORNADO
MAX 32 OR BELOW: 0 0.01 INCH OR MORE: 6
MAX 90 OR ABOVE: 0 0.10 INCH OR MORE: 5
MIN 32 OR BELOW: 0 0.50 INCH OR MORE: 3
MIN 0 OR BELOW: 0 1.00 INCH OR MORE: 2
[HDD (BASE 65) ]
TOTAL THIS MO. 0 CLEAR (SCALE 0-3) 16
DPTR FM NORMAL -16 PTCLDY (SCALE 4-7) 14
TOTAL FM JUL 1 0 CLOUDY (SCALE 8-10) 0
DPTR FM NORMAL -18
[CDD (BASE 65) ]
TOTAL THIS MO. 303
DPTR FM NORMAL 88 [PRESSURE DATA]
TOTAL FM JAN 1 4589 HIGHEST SLP 30.32 ON 19
DPTR FM NORMAL 726 LOWEST SLP 29.63 ON 9
[REMARKS]
#FINAL-11-20#