203
CXUS56 KOTX 262203
CF6GEG
PRELIMINARY LOCAL CLIMATOLOGICAL DATA (WS FORM: F-6)
STATION: SPOKANE WA AIRPORT
MONTH: JANUARY
YEAR: 2021
LATITUDE: 47 37 N
LONGITUDE: 117 32 W
TEMPERATURE IN F: :PCPN: SNOW: WIND :SUNSHINE: SKY :PK WND
================================================================================
1 2 3 4 5 6A 6B 7 8 9 10 11 12 13 14 15 16 17 18
12Z AVG MX 2MIN
DY MAX MIN AVG DEP HDD CDD WTR SNW DPTH SPD SPD DIR MIN PSBL S-S WX SPD DR
================================================================================
1 40 34 37 10 28 0 0.12 0.0 5 10.0 29 210 M M 10 12 37 200
2 40 36 38 11 27 0 0.33 T 3 18.0 25 210 M M 10 1 34 190
3 42 36 39 11 26 0 0.16 T 0 15.3 28 240 M M 7 1 38 220
4 43 34 39 11 26 0 0.45 0.0 0 10.4 26 230 M M 9 1 31 230
5 40 33 37 9 28 0 T 0.0 0 10.1 20 210 M M 9 25 220
6 41 37 39 11 26 0 0.38 0.0 M 8.4 20 200 M M 10 1 25 200
7 39 32 36 8 29 0 0.10 0.0 0 4.6 12 50 M M 9 12 15 80
8 37 30 34 6 31 0 0.00 0.0 0 6.0 13 50 M M 8 12 16 50
9 37 31 34 5 31 0 0.00 0.0 0 4.5 10 60 M M 9 128 13 60
10 39 30 35 6 30 0 0.00 0.0 0 3.7 13 70 M M 9 1 15 80
11 40 34 37 8 28 0 0.04 0.0 0 5.9 14 150 M M 10 1 18 150
12 45 35 40 11 25 0 0.86 0.0 0 14.5 24 160 M M 10 1 33 170
13 52 28 40 11 25 0 0.13 0.0 0 28.1 53 240 M M 4 1 71 240
14 38 27 33 4 32 0 0.00 0.0 0 5.4 14 250 M M 5 16 250
15 37 28 33 3 32 0 T T 0 3.7 9 80 M M 9 6 11 60
16 37 31 34 4 31 0 0.00 0.0 0 3.6 8 350 M M 10 10 40
17 35 32 34 4 31 0 0.03 0.1 T 6.2 13 260 M M 10 12 15 280
18 37 27 32 2 33 0 0.00 0.0 0 3.6 10 220 M M 7 12 12 230
19 34 24 29 -1 36 0 0.00 0.0 0 4.6 14 180 M M 9 12 17 180
20 36 26 31 1 34 0 0.00 0.0 0 3.0 9 50 M M 8 1 10 50
21 35 26 31 1 34 0 0.00 0.0 0 4.9 10 40 M M 8 1 14 40
22 35 20 28 -2 37 0 0.00 0.0 0 5.8 12 20 M M 2 14 220
23 30 15 23 -8 42 0 0.00 0.0 0 2.9 10 140 M M 6 12 12 130
24 27 20 24 -7 41 0 0.03 0.5 0 6.8 10 60 M M 9 18 13 70
25 29 20 25 -6 40 0 0.06 0.9 1 3.5 8 50 M M 10 18 10 40
26 32 24 28 -3 37 0 0.02 0.5 2 5.2 12 90 M M 7 1 13 70
27 36 25 31 0 34 0 0.09 1.5 1 7.3 13 60 M M 10 18 16 130
28 38 28 33 2 32 0 T 0.0 2 5.2 12 60 M M 9 1 13 70
29 35 29 32 1 33 0 0.01 T 2 5.0 10 210 M M 10 12 13 200
30 41 32 37 6 28 0 T 0.0 1 6.7 13 150 M M 9 12 16 160
31 46 37 42 11 23 0 0.01 0.0 T 8.0 17 160 M M 10 23 160
================================================================================
SM 1173 901 970 0 2.82 3.5 230.9 M 262
================================================================================
AV 37.8 29.1 7.4 FASTST M M 8 MAX(MPH)
MISC ----> 53 240 71 240
================================================================================
NOTES:
# LAST OF SEVERAL OCCURRENCES
COLUMN 17 PEAK WIND IN M.P.H.
PRELIMINARY LOCAL CLIMATOLOGICAL DATA (WS FORM: F-6) , PAGE 2
STATION: SPOKANE WA AIRPORT
MONTH: JANUARY
YEAR: 2021
LATITUDE: 47 37 N
LONGITUDE: 117 32 W
[TEMPERATURE DATA] [PRECIPITATION DATA] SYMBOLS USED IN COLUMN 16
AVERAGE MONTHLY: 33.5 TOTAL FOR MONTH: 2.82 1 = FOG OR MIST
DPTR FM NORMAL: 4.0 DPTR FM NORMAL: 1.03 2 = FOG REDUCING VISIBILITY
HIGHEST: 52 ON 13 GRTST 24HR 0.86 ON 12-12 TO 1/4 MILE OR LESS
LOWEST: 15 ON 23 3 = THUNDER
SNOW, ICE PELLETS, HAIL 4 = ICE PELLETS
TOTAL MONTH: 3.5 INCHES 5 = HAIL
GRTST 24HR 1.5 ON 27-27 6 = FREEZING RAIN OR DRIZZLE
GRTST DEPTH: 9 ON M 7 = DUSTSTORM OR SANDSTORM:
VSBY 1/2 MILE OR LESS
8 = SMOKE OR HAZE
[NO. OF DAYS WITH] [WEATHER - DAYS WITH] 9 = BLOWING SNOW
X = TORNADO
MAX 32 OR BELOW: 4 0.01 INCH OR MORE: 16
MAX 90 OR ABOVE: 0 0.10 INCH OR MORE: 8
MIN 32 OR BELOW: 22 0.50 INCH OR MORE: 1
MIN 0 OR BELOW: 0 1.00 INCH OR MORE: 0
[HDD (BASE 65) ]
TOTAL THIS MO. 970 CLEAR (SCALE 0-3) 1
DPTR FM NORMAL -129 PTCLDY (SCALE 4-7) 9
TOTAL FM JUL 1 3461 CLOUDY (SCALE 8-10) 21
DPTR FM NORMAL -472
[CDD (BASE 65) ]
TOTAL THIS MO. 0
DPTR FM NORMAL 0 [PRESSURE DATA]
TOTAL FM JAN 1 0 HIGHEST SLP 30.64 ON 14
DPTR FM NORMAL 0 LOWEST SLP 29.51 ON 13
[REMARKS]
#FINAL-01-21#