000
CXUS53 KIND 010600
CF6HUF
PRELIMINARY LOCAL CLIMATOLOGICAL DATA (WS FORM: F-6)
STATION: TERRE HAUTE IN
MONTH: MARCH
YEAR: 2024
LATITUDE: 39 27 N
LONGITUDE: 87 18 W
TEMPERATURE IN F: :PCPN: SNOW: WIND :SUNSHINE: SKY :PK WND
================================================================================
1 2 3 4 5 6A 6B 7 8 9 10 11 12 13 14 15 16 17 18
12Z AVG MX 2MIN
DY MAX MIN AVG DEP HDD CDD WTR SNW DPTH SPD SPD DIR MIN PSBL S-S WX SPD DR
================================================================================
1 45 28 37 0 28 0 T M M 5.8 13 150 M M 6 1 17 170
2 57 36 47 9 18 0 0.00 M M 6.1 15 130 M M 4 1 20 140
3 72 41 57 19 8 0 0.00 M M 12.0 26 180 M M 0 37 190
4 77 56 67 29 0 2 0.00 M M 11.9 22 190 M M 4 31 170
5 70 50 60 21 5 0 0.03 M M 9.4 20 190 M M 5 13 29 180
6 52 45 49 10 16 0 0.00 M M 9.6 16 360 M M 10 1 21 10
7 59 44 52 12 13 0 T M M 6.8 14 110 M M 9 1 18 100
8 59 50 55 15 10 0 0.45 M M 10.0 16 140 M M 10 1 22 150
9 54 37 46 6 19 0 0.01 M M 13.1 21 320 M M 10 1 29 310
10 49 30 40 -1 25 0 0.00 M M 10.6 21 310 M M 0 31 290
11 63 25 44 3 21 0 0.00 M M 8.3 21 200 M M 0 27 200
12 71 42 57 16 8 0 0.00 M M 9.1 21 200 M M 0 30 180
13 75 41 58 16 7 0 0.08 M M 8.2 20 190 M M 1 3 29 180
14 76 56 66 24 0 1 1.61 M M 12.1 28 210 M M 6 13 37 220
15 60 41 51 9 14 0 0.00 M M 9.2 20 360 M M 5 1 26 40
16 64 36 50 7 15 0 0.00 M M 11.8 28 240 M M 3 37 220
17 48 32 40 -3 25 0 0.00 M M 13.1 24 310 M M 3 39 270
18 36 28 32 -12 33 0 T M M 9.9 18 290 M M 8 28 320
19 58 26 42 -2 23 0 0.00 M M 13.4 29 210 M M 0 41 220
20 52 28 40 -4 25 0 0.00 M M 11.2 21 310 M M 2 31 320
21 49 26 38 -7 27 0 0.00 M M 8.0 15 110 M M 2 20 80
22 51 30 41 -4 24 0 T M M 7.2 20 360 M M 5 26 360
23 49 31 40 -5 25 0 0.00 M M 11.1 22 360 M M 4 30 50
24 59 30 45 -1 20 0 0.00 M M 11.5 20 100 M M 2 26 130
25 67 50 59 13 6 0 0.34 M M 18.6 36 160 M M 2 1 49 160
26 61 41 51 5 14 0 0.07 M M 18.0 33 210 M M 9 1 47 230
27 49 34 42 -5 23 0 0.00 M M 7.8 15 260 M M 6 24 310
28 61 28 45 -2 20 0 0.00 M M 6.5 20 240 M M 2 28 230
29 72 36 54 6 11 0 0.00 M M 7.9 20 190 M M 0 27 200
30 77 54 66 18 0 1 T M M 13.6 25 250 M M 2 3 37 250
31 72 47 60 12 5 0 0.09 M M 7.4 17 210 M M 6 13 25 190
================================================================================
SM 1864 1179 488 4 2.68 M 319.2 M 126
================================================================================
AV 60.1 38.0 10.3 FASTST M M 4 MAX(MPH)
MISC ----> 36 160 49 160
================================================================================
NOTES:
# LAST OF SEVERAL OCCURRENCES
COLUMN 17 PEAK WIND IN M.P.H.
PRELIMINARY LOCAL CLIMATOLOGICAL DATA (WS FORM: F-6) , PAGE 2
STATION: TERRE HAUTE IN
MONTH: MARCH
YEAR: 2024
LATITUDE: 39 27 N
LONGITUDE: 87 18 W
[TEMPERATURE DATA] [PRECIPITATION DATA] SYMBOLS USED IN COLUMN 16
AVERAGE MONTHLY: 49.1 TOTAL FOR MONTH: 2.68 1 = FOG OR MIST
DPTR FM NORMAL: 6.3 DPTR FM NORMAL: -0.24 2 = FOG REDUCING VISIBILITY
HIGHEST: 77 ON 30, 4 GRTST 24HR 1.69 ON 13-14 TO 1/4 MILE OR LESS
LOWEST: 25 ON 11 3 = THUNDER
SNOW, ICE PELLETS, HAIL 4 = ICE PELLETS
TOTAL MONTH: M 5 = HAIL
GRTST 24HR M ON M 6 = FREEZING RAIN OR DRIZZLE
GRTST DEPTH: M ON M 7 = DUSTSTORM OR SANDSTORM:
VSBY 1/2 MILE OR LESS
8 = SMOKE OR HAZE
[NO. OF DAYS WITH] [WEATHER - DAYS WITH] 9 = BLOWING SNOW
X = TORNADO
MAX 32 OR BELOW: 0 0.01 INCH OR MORE: 8
MAX 90 OR ABOVE: 0 0.10 INCH OR MORE: 3
MIN 32 OR BELOW: 12 0.50 INCH OR MORE: 1
MIN 0 OR BELOW: 0 1.00 INCH OR MORE: 1
[HDD (BASE 65) ]
TOTAL THIS MO. 488 CLEAR (SCALE 0-3) 15
DPTR FM NORMAL -204 PTCLDY (SCALE 4-7) 10
TOTAL FM JUL 1 3832 CLOUDY (SCALE 8-10) 6
DPTR FM NORMAL -923
[CDD (BASE 65) ]
TOTAL THIS MO. 4
DPTR FM NORMAL 1 [PRESSURE DATA]
TOTAL FM JAN 1 4 HIGHEST SLP M ON M
DPTR FM NORMAL 1 LOWEST SLP 29.48 ON 26
[REMARKS]
#FINAL-03-24#