000
CXUS56 KHNX 110655
CF6MCE
PRELIMINARY LOCAL CLIMATOLOGICAL DATA (WS FORM: F-6)
STATION: MERCED CA AIRPORT
MONTH: NOVEMBER
YEAR: 2023
LATITUDE: 37 16 N
LONGITUDE: 120 36 W
TEMPERATURE IN F: :PCPN: SNOW: WIND :SUNSHINE: SKY :PK WND
================================================================================
1 2 3 4 5 6A 6B 7 8 9 10 11 12 13 14 15 16 17 18
12Z AVG MX 2MIN
DY MAX MIN AVG DEP HDD CDD WTR SNW DPTH SPD SPD DIR MIN PSBL S-S WX SPD DR
================================================================================
1 76 38 57 -2 8 0 0.00 0.0 0 1.7 6 270 M M 0 8 9 230
2 80 42 61 3 4 0 0.00 0.0 0 2.6 8 340 M M 0 8 10 340
3 80 46 63 5 2 0 0.00 0.0 0 2.1 7 140 M M 0 8 10 150
4 81 46 64 6 1 0 0.00 0.0 0 2.6 8 10 M M 0 8 11 130
5 80 47 64 7 1 0 0.00 0.0 0 1.9 8 310 M M 3 18 12 290
6 73 58 66 9 0 1 0.35 0.0 0 4.9 14 360 M M 6 1 17 360
7 68 48 58 2 7 0 0.00 0.0 0 8.4 20 310 M M 1 1 26 330
8 68 43 56 0 9 0 0.00 0.0 0 3.2 10 350 M M 0 14 340
9 69 39 54 -2 11 0 0.00 0.0 0 2.8 8 320 M M 0 11 260
10 70 36 53 -2 12 0 T 0.0 0 1.8 9 320 M M 0 8 13 330
11 72 39 56 1 9 0 0.00 0.0 0 1.8 8 310 M M 0 8 12 10
12 77 39 58 3 7 0 0.00 0.0 0 3.4 13 140 M M 0 8 16 130
13 75 43 59 5 6 0 0.00 0.0 0 2.6 13 160 M M 0 18 15 150
14 77 40 59 5 6 0 0.00 0.0 0 4.3 12 130 M M 0 17 160
15 65 37 51 -3 14 0 T 0.0 0 3.1 13 240 M M 6 18 20 220
16 72 50 61 8 4 0 0.01 0.0 0 3.2 8 340 M M 4 18 11 270
17 72 48 60 7 5 0 0.02 0.0 0 5.0 16 140 M M 7 128 23 130
18 66 56 61 9 4 0 0.46 0.0 0 8.2 16 120 M M 9 18 20 120
19 64 46 55 3 10 0 0.00 0.0 0 12.9 26 330 M M 1 35 320
20 64 37 51 -1 14 0 0.00 0.0 0 3.5 12 140 M M 0 16 140
21 68 35 52 1 13 0 0.00 0.0 0 1.4 6 310 M M 0 18 9 300
22 69 37 53 2 12 0 0.00 0.0 0 1.9 7 310 M M 1 128 9 300
23 69 43 56 5 9 0 0.00 0.0 0 3.7 15 310 M M 0 18 19 330
24 61 37 49 -1 16 0 0.00 0.0 0 4.8 18 340 M M 0 24 340
25 62 35 49 -1 16 0 0.00 0.0 0 2.8 10 330 M M 0 14 330
26 60 33 47 -3 18 0 0.00 0.0 0 1.2 6 210 M M 0 18 9 240
27 66 32 49 0 16 0 0.00 0.0 0 0.7 6 130 M M 0 18 8 100
28 68 33 51 2 14 0 0.00 0.0 0 1.0 6 130 M M 0 8 10 120
29 64 34 49 0 16 0 0.00 0.0 0 2.4 9 310 M M 1 8 11 320
30 65 36 51 3 14 0 0.00 0.0 0 2.8 12 310 M M 4 18 17 340
================================================================================
SM 2101 1233 278 1 0.84 0.0 102.7 M 43
================================================================================
AV 70.0 41.1 3.4 FASTST M M 1 MAX(MPH)
MISC ----> 26 330 35 320
================================================================================
NOTES:
# LAST OF SEVERAL OCCURRENCES
COLUMN 17 PEAK WIND IN M.P.H.
PRELIMINARY LOCAL CLIMATOLOGICAL DATA (WS FORM: F-6) , PAGE 2
STATION: MERCED CA AIRPORT
MONTH: NOVEMBER
YEAR: 2023
LATITUDE: 37 16 N
LONGITUDE: 120 36 W
[TEMPERATURE DATA] [PRECIPITATION DATA] SYMBOLS USED IN COLUMN 16
AVERAGE MONTHLY: 55.6 TOTAL FOR MONTH: 0.84 1 = FOG OR MIST
DPTR FM NORMAL: 2.1 DPTR FM NORMAL: -0.18 2 = FOG REDUCING VISIBILITY
HIGHEST: 81 ON 4 GRTST 24HR 0.46 ON 18-18 TO 1/4 MILE OR LESS
LOWEST: 32 ON 27 3 = THUNDER
SNOW, ICE PELLETS, HAIL 4 = ICE PELLETS
TOTAL MONTH: 0.0 INCH 5 = HAIL
GRTST 24HR 0.0 6 = FREEZING RAIN OR DRIZZLE
GRTST DEPTH: 0 7 = DUSTSTORM OR SANDSTORM:
VSBY 1/2 MILE OR LESS
8 = SMOKE OR HAZE
[NO. OF DAYS WITH] [WEATHER - DAYS WITH] 9 = BLOWING SNOW
X = TORNADO
MAX 32 OR BELOW: 0 0.01 INCH OR MORE: 4
MAX 90 OR ABOVE: 0 0.10 INCH OR MORE: 2
MIN 32 OR BELOW: 1 0.50 INCH OR MORE: 0
MIN 0 OR BELOW: 0 1.00 INCH OR MORE: 0
[HDD (BASE 65) ]
TOTAL THIS MO. 278 CLEAR (SCALE 0-3) 23
DPTR FM NORMAL -70 PTCLDY (SCALE 4-7) 6
TOTAL FM JUL 1 344 CLOUDY (SCALE 8-10) 1
DPTR FM NORMAL -96
[CDD (BASE 65) ]
TOTAL THIS MO. 1
DPTR FM NORMAL 0 [PRESSURE DATA]
TOTAL FM JAN 1 1710 HIGHEST SLP 30.41 ON 21
DPTR FM NORMAL 127 LOWEST SLP 29.75 ON 15
[REMARKS]
#FINAL-11-23#