479
CXUS52 KMLB 010622
CF6MCO
PRELIMINARY LOCAL CLIMATOLOGICAL DATA (WS FORM: F-6)
STATION: ORLANDO INTL
MONTH: JULY
YEAR: 2020
LATITUDE: 28 25 N
LONGITUDE: 81 19 W
TEMPERATURE IN F: :PCPN: SNOW: WIND :SUNSHINE: SKY :PK WND
================================================================================
1 2 3 4 5 6A 6B 7 8 9 10 11 12 13 14 15 16 17 18
12Z AVG MX 2MIN
DY MAX MIN AVG DEP HDD CDD WTR SNW DPTH SPD SPD DIR MIN PSBL S-S WX SPD DR
================================================================================
1 95 74 85 3 0 20 0.29 0.0 0 6.0 26 290 M M 8 13 34 290
2 93 75 84 2 0 19 0.73 0.0 0 6.5 29 280 M M 5 38 42 280
3 90 77 84 2 0 19 0.16 0.0 0 7.1 24 290 M M 7 13 31 280
4 93 74 84 2 0 19 0.39 0.0 0 5.0 25 290 M M 9 13 33 280
5 91 74 83 1 0 18 0.44 0.0 0 7.5 31 200 M M 7 3 40 210
6 92 71 82 0 0 17 0.36 0.0 0 6.3 32 250 M M 7 13 43 240
7 91 74 83 1 0 18 0.02 0.0 0 6.0 23 260 M M 6 3 33 260
8 89 76 83 1 0 18 0.39 0.0 0 8.8 24 310 M M 7 13 31 280
9 94 78 86 4 0 21 0.03 0.0 0 9.4 23 270 M M 6 29 270
10 93 76 85 3 0 20 0.74 0.0 0 7.6 21 150 M M 8 13 25 150
11 91 76 84 1 0 19 0.29 0.0 0 7.0 29 270 M M 8 13 34 260
12 95 75 85 2 0 20 0.00 0.0 0 6.8 21 180 M M 5 13 27 170
13 96 77 87 4 0 22 0.00 0.0 0 7.0 17 240 M M 4 23 240
14 94 76 85 2 0 20 1.62 0.0 0 6.9 31 130 M M 5 13 56 70
15 95 75 85 2 0 20 0.31 0.0 0 5.0 22 290 M M 5 13 28 280
16 92 75 84 1 0 19 0.00 0.0 0 6.9 18 90 M M 5 24 80
17 93 77 85 2 0 20 0.00 0.0 0 7.3 20 100 M M 5 38 23 100
18 93 77 85 2 0 20 T 0.0 0 7.8 25 150 M M 7 3 31 150
19 93 78 86 3 0 21 T 0.0 0 7.3 17 110 M M 3 23 100
20 89 74 82 -1 0 17 0.12 0.0 0 6.7 20 30 M M 4 3 25 70
21 91 77 84 1 0 19 0.17 0.0 0 7.8 23 150 M M 5 138 30 150
22 89 76 83 0 0 18 0.08 0.0 0 7.3 25 110 M M 8 3 35 120
23 86 74 80 -3 0 15 0.49 0.0 0 6.1 29 150 M M 7 138 40 160
24 91 74 83 0 0 18 0.00 0.0 0 9.2 18 100 M M 3 24 80
25 92 77 85 2 0 20 0.00 0.0 0 8.2 21 100 M M 5 26 100
26 92 75 84 1 0 19 0.00 0.0 0 6.4 25 160 M M 5 3 30 160
27 93 74 84 1 0 19 0.22 0.0 0 5.3 29 280 M M 5 13 38 280
28 89 74 82 -1 0 17 0.11 0.0 0 3.4 21 330 M M 9 13 26 330
29 92 75 84 1 0 19 0.22 0.0 0 3.7 17 340 M M 8 13 21 340
30 94 75 85 2 0 20 0.01 0.0 0 5.3 18 150 M M 6 3 23 140
31 94 76 85 2 0 20 0.00 0.0 0 4.8 18 120 M M 4 22 120
================================================================================
SM 2855 2336 0 591 7.19 0.0 206.4 M 186
================================================================================
AV 92.1 75.4 6.7 FASTST M M 6 MAX(MPH)
MISC ----> 32 250 56 70
================================================================================
NOTES:
# LAST OF SEVERAL OCCURRENCES
COLUMN 17 PEAK WIND IN M.P.H.
PRELIMINARY LOCAL CLIMATOLOGICAL DATA (WS FORM: F-6) , PAGE 2
STATION: ORLANDO INTL
MONTH: JULY
YEAR: 2020
LATITUDE: 28 25 N
LONGITUDE: 81 19 W
[TEMPERATURE DATA] [PRECIPITATION DATA] SYMBOLS USED IN COLUMN 16
AVERAGE MONTHLY: 83.7 TOTAL FOR MONTH: 7.19 1 = FOG OR MIST
DPTR FM NORMAL: 1.0 DPTR FM NORMAL: -0.08 2 = FOG REDUCING VISIBILITY
HIGHEST: 96 ON 13 GRTST 24HR 1.93 ON 14-15 TO 1/4 MILE OR LESS
LOWEST: 71 ON 6 3 = THUNDER
SNOW, ICE PELLETS, HAIL 4 = ICE PELLETS
TOTAL MONTH: 0.0 INCH 5 = HAIL
GRTST 24HR 0.0 6 = FREEZING RAIN OR DRIZZLE
GRTST DEPTH: 0 7 = DUSTSTORM OR SANDSTORM:
VSBY 1/2 MILE OR LESS
8 = SMOKE OR HAZE
[NO. OF DAYS WITH] [WEATHER - DAYS WITH] 9 = BLOWING SNOW
X = TORNADO
MAX 32 OR BELOW: 0 0.01 INCH OR MORE: 21
MAX 90 OR ABOVE: 26 0.10 INCH OR MORE: 17
MIN 32 OR BELOW: 0 0.50 INCH OR MORE: 3
MIN 0 OR BELOW: 0 1.00 INCH OR MORE: 1
[HDD (BASE 65) ]
TOTAL THIS MO. 0 CLEAR (SCALE 0-3) 2
DPTR FM NORMAL 0 PTCLDY (SCALE 4-7) 26
TOTAL FM JUL 1 0 CLOUDY (SCALE 8-10) 3
DPTR FM NORMAL 0
[CDD (BASE 65) ]
TOTAL THIS MO. 591
DPTR FM NORMAL 42 [PRESSURE DATA]
TOTAL FM JAN 1 2421 HIGHEST SLP M ON M
DPTR FM NORMAL 581 LOWEST SLP 29.82 ON 12
[REMARKS]
#FINAL-07-20#