000
CXUS51 KPHI 011253
CF6PHL
PRELIMINARY LOCAL CLIMATOLOGICAL DATA (WS FORM: F-6)
STATION: PHILADELPHIA PA
MONTH: JANUARY
YEAR: 2021
LATITUDE: 39 52 N
LONGITUDE: 75 15 W
TEMPERATURE IN F: :PCPN: SNOW: WIND :SUNSHINE: SKY :PK WND
================================================================================
1 2 3 4 5 6A 6B 7 8 9 10 11 12 13 14 15 16 17 18
12Z AVG MX 2MIN
DY MAX MIN AVG DEP HDD CDD WTR SNW DPTH SPD SPD DIR MIN PSBL S-S WX SPD DR
================================================================================
1 41 28 35 1 30 0 0.82 0.0 0 6.9 15 330 M M 7 1 19 70
2 53 38 46 12 19 0 0.02 0.0 0 10.2 26 300 M M 8 12 35 300
3 39 35 37 4 28 0 0.19 0.0 0 9.7 18 40 M M 10 1 23 50
4 43 35 39 6 26 0 0.01 0.0 0 7.3 13 340 M M 10 18 17 340
5 42 38 40 7 25 0 0.00 0.0 0 5.4 13 330 M M 10 20 340
6 43 36 40 7 25 0 0.00 0.0 0 14.8 25 340 M M 8 32 340
7 45 29 37 4 28 0 0.00 0.0 0 11.4 18 340 M M 1 23 320
8 36 27 32 -1 33 0 0.00 0.0 0 5.7 15 10 M M 8 20 350
9 44 25 35 2 30 0 0.00 0.0 0 13.3 28 350 M M 5 35 350
10 46 30 38 5 27 0 0.00 0.0 0 6.2 18 350 M M 2 23 340
11 40 25 33 0 32 0 0.00 0.0 0 0.6 7 170 M M 6 8 210
12 44 27 36 3 29 0 0.00 0.0 0 5.6 12 280 M M 1 17 320
13 46 28 37 4 28 0 0.00 0.0 0 5.5 16 260 M M 4 18 22 250
14 52 30 41 8 24 0 0.00 0.0 0 2.4 10 350 M M 8 18 14 30
15 54 32 43 10 22 0 0.07 0.0 0 8.3 22 110 M M 9 18 26 120
16 47 36 42 9 23 0 0.16 0.0 0 9.6 18 260 M M 8 1 25 250
17 47 34 41 8 24 0 0.00 0.0 0 14.2 25 280 M M 6 32 280
18 46 33 40 7 25 0 0.00 0.0 0 11.5 22 270 M M 6 30 270
19 45 30 38 5 27 0 0.00 0.0 0 11.8 30 270 M M 4 35 270
20 41 28 35 2 30 0 T T 0 12.6 32 340 M M 7 40 340
21 44 24 34 1 31 0 0.00 0.0 0 6.7 17 220 M M 4 23 200
22 46 31 39 6 26 0 0.00 0.0 0 12.4 24 260 M M 6 31 270
23 38 27 33 0 32 0 0.00 0.0 0 18.0 33 310 M M 5 42 300
24 35 23 29 -4 36 0 0.00 0.0 0 10.4 20 330 M M 6 23 330
25 36 30 33 0 32 0 0.00 0.0 0 4.0 10 350 M M 10 12 20
26 38 34 36 3 29 0 0.09 0.0 0 6.4 13 330 M M 10 1 23 10
27 41 31 36 3 29 0 0.00 0.0 0 12.4 21 340 M M 10 12 26 340
28 34 23 29 -4 36 0 0.00 0.0 0 20.1 31 340 M M 5 8 40 330
29 29 20 25 -8 40 0 0.00 0.0 0 19.5 35 330 M M 5 46 340
30 35 19 27 -6 38 0 0.00 0.0 0 6.7 17 330 M M 4 22 330
31 31 25 28 -5 37 0 0.19 3.0 0 9.5 24 40 M M 10 146 30 40
================================================================================
SM 1301 911 901 0 1.55 3.0 299.1 M 203
================================================================================
AV 42.0 29.4 9.6 FASTST M M 7 MAX(MPH)
MISC ----> 35 330 46 340
================================================================================
NOTES:
# LAST OF SEVERAL OCCURRENCES
COLUMN 17 PEAK WIND IN M.P.H.
PRELIMINARY LOCAL CLIMATOLOGICAL DATA (WS FORM: F-6) , PAGE 2
STATION: PHILADELPHIA PA
MONTH: JANUARY
YEAR: 2021
LATITUDE: 39 52 N
LONGITUDE: 75 15 W
[TEMPERATURE DATA] [PRECIPITATION DATA] SYMBOLS USED IN COLUMN 16
AVERAGE MONTHLY: 35.7 TOTAL FOR MONTH: 1.55 1 = FOG OR MIST
DPTR FM NORMAL: 2.7 DPTR FM NORMAL: -1.48 2 = FOG REDUCING VISIBILITY
HIGHEST: 54 ON 15 GRTST 24HR 0.98 ON 1- 2 TO 1/4 MILE OR LESS
LOWEST: 19 ON 30 3 = THUNDER
SNOW, ICE PELLETS, HAIL 4 = ICE PELLETS
TOTAL MONTH: 3.0 INCHES 5 = HAIL
GRTST 24HR 3.0 ON 31-31 6 = FREEZING RAIN OR DRIZZLE
GRTST DEPTH: 0 7 = DUSTSTORM OR SANDSTORM:
VSBY 1/2 MILE OR LESS
8 = SMOKE OR HAZE
[NO. OF DAYS WITH] [WEATHER - DAYS WITH] 9 = BLOWING SNOW
X = TORNADO
MAX 32 OR BELOW: 2 0.01 INCH OR MORE: 8
MAX 90 OR ABOVE: 0 0.10 INCH OR MORE: 4
MIN 32 OR BELOW: 22 0.50 INCH OR MORE: 1
MIN 0 OR BELOW: 0 1.00 INCH OR MORE: 0
[HDD (BASE 65) ]
TOTAL THIS MO. 901 CLEAR (SCALE 0-3) 3
DPTR FM NORMAL -92 PTCLDY (SCALE 4-7) 20
TOTAL FM JUL 1 2303 CLOUDY (SCALE 8-10) 8
DPTR FM NORMAL -357
[CDD (BASE 65) ]
TOTAL THIS MO. 0
DPTR FM NORMAL 0 [PRESSURE DATA]
TOTAL FM JAN 1 0 HIGHEST SLP 30.54 ON 1
DPTR FM NORMAL 0 LOWEST SLP 29.43 ON 16
[REMARKS]
#FINAL-01-21#