000
CXUS56 KFGZ 010910
CF6PRC
PRELIMINARY LOCAL CLIMATOLOGICAL DATA (WS FORM: F-6)
STATION: PRESCOTT AZ AIRPORT
MONTH: AUGUST
YEAR: 2021
LATITUDE: 34 39 N
LONGITUDE: 112 26 W
TEMPERATURE IN F: :PCPN: SNOW: WIND :SUNSHINE: SKY :PK WND
================================================================================
1 2 3 4 5 6A 6B 7 8 9 10 11 12 13 14 15 16 17 18
12Z AVG MX 2MIN
DY MAX MIN AVG DEP HDD CDD WTR SNW DPTH SPD SPD DIR MIN PSBL S-S WX SPD DR
================================================================================
1 87 61 74 -2 0 9 0.01 M M 4.4 15 320 M M 3 3 20 330
2 91 62 77 1 0 12 0.00 M M 5.7 14 340 M M 1 21 290
3 93 61 77 1 0 12 0.00 M M 5.3 17 350 M M 0 22 330
4 95 61 78 2 0 13 0.00 M M 6.1 14 360 M M 0 20 350
5 92 62 77 1 0 12 0.00 M M 7.6 18 140 M M 0 38 24 130
6 91 70 81 5 0 16 0.00 M M 8.1 21 270 M M 2 28 230
7 91 65 78 2 0 13 0.00 M M 8.1 20 230 M M 1 27 230
8 91 62 77 1 0 12 0.00 M M 6.5 17 240 M M 0 22 280
9 83 64 74 -2 0 9 0.34 M M 7.3 35 50 M M 2 13 50 60
10 83 63 73 -2 0 8 0.15 M M 4.0 38 50 M M 6 13 48 40
11 80 60 70 -5 0 5 0.16 M M 4.0 16 30 M M 5 138 19 30
12 80 61 71 -4 0 6 0.04 M M 4.4 23 140 M M 5 13 29 340
13 84 63 74 -1 0 9 0.01 M M 5.6 36 140 M M 3 3 43 150
14 88 63 76 1 0 11 0.02 M M 4.6 15 230 M M 2 17 220
15 91 59 75 0 0 10 0.13 M M 4.3 32 10 M M 1 13 40 10
16 86 59 73 -2 0 8 0.04 M M 5.9 18 150 M M 2 3 21 150
17 83 65 74 -1 0 9 0.00 M M 8.4 18 240 M M 2 3 25 220
18 78 62 70 -5 0 5 0.73 M M 9.2 22 140 M M 6 13 27 130
19 77 59 68 -7 0 3 0.00 M M 9.2 20 200 M M 1 28 190
20 80 58 69 -5 0 4 0.00 M M 6.1 16 140 M M 3 23 140
21 82 56 69 -5 0 4 0.00 M M 6.9 18 210 M M 1 26 190
22 85 58 72 -2 0 7 0.00 M M 9.1 20 150 M M 1 31 150
23 86 55 71 -3 0 6 0.00 M M 7.5 17 190 M M 0 23 180
24 87 55 71 -3 0 6 0.00 M M 7.9 17 220 M M 0 23 240
25 92 60 76 2 0 11 0.00 M M 4.7 13 240 M M 1 18 150
26 93 62 78 4 0 13 0.00 M M 6.9 17 220 M M 0 22 250
27 94 60 77 3 0 12 0.00 M M 7.5 17 260 M M 1 22 250
28 93 62 78 4 0 13 0.66 M M 6.1 25 20 M M 1 13 35 10
29 90 60 75 2 0 10 T M M 4.9 17 180 M M 1 3 26 180
30 85 63 74 1 0 9 1.12 M M 4.8 18 20 M M 3 13 25 20
31 78 62 70 -3 0 5 0.17 M M 5.2 15 230 M M 8 13 19 220
================================================================================
SM 2689 1893 0 282 3.58 M 196.3 M 62
================================================================================
AV 86.7 61.1 6.3 FASTST M M 2 MAX(MPH)
MISC ----> 38 50 50 60
================================================================================
NOTES:
# LAST OF SEVERAL OCCURRENCES
COLUMN 17 PEAK WIND IN M.P.H.
PRELIMINARY LOCAL CLIMATOLOGICAL DATA (WS FORM: F-6) , PAGE 2
STATION: PRESCOTT AZ AIRPORT
MONTH: AUGUST
YEAR: 2021
LATITUDE: 34 39 N
LONGITUDE: 112 26 W
[TEMPERATURE DATA] [PRECIPITATION DATA] SYMBOLS USED IN COLUMN 16
AVERAGE MONTHLY: 73.9 TOTAL FOR MONTH: 3.58 1 = FOG OR MIST
DPTR FM NORMAL: -0.9 DPTR FM NORMAL: 1.12 2 = FOG REDUCING VISIBILITY
HIGHEST: 95 ON 4 GRTST 24HR 1.25 ON 30-31 TO 1/4 MILE OR LESS
LOWEST: 55 ON 24,23 3 = THUNDER
SNOW, ICE PELLETS, HAIL 4 = ICE PELLETS
TOTAL MONTH: M 5 = HAIL
GRTST 24HR M ON M 6 = FREEZING RAIN OR DRIZZLE
GRTST DEPTH: M ON M 7 = DUSTSTORM OR SANDSTORM:
VSBY 1/2 MILE OR LESS
8 = SMOKE OR HAZE
[NO. OF DAYS WITH] [WEATHER - DAYS WITH] 9 = BLOWING SNOW
X = TORNADO
MAX 32 OR BELOW: 0 0.01 INCH OR MORE: 13
MAX 90 OR ABOVE: 13 0.10 INCH OR MORE: 8
MIN 32 OR BELOW: 0 0.50 INCH OR MORE: 3
MIN 0 OR BELOW: 0 1.00 INCH OR MORE: 1
[HDD (BASE 65) ]
TOTAL THIS MO. 0 CLEAR (SCALE 0-3) 25
DPTR FM NORMAL -1 PTCLDY (SCALE 4-7) 6
TOTAL FM JUL 1 0 CLOUDY (SCALE 8-10) 0
DPTR FM NORMAL 0
[CDD (BASE 65) ]
TOTAL THIS MO. 282
DPTR FM NORMAL -21 [PRESSURE DATA]
TOTAL FM JAN 1 999 HIGHEST SLP M ON M
DPTR FM NORMAL 78 LOWEST SLP 29.71 ON 27
[REMARKS]
#FINAL-08-21#