000
CXUS51 KPHI 191529
CF6RDG
PRELIMINARY LOCAL CLIMATOLOGICAL DATA (WS FORM: F-6)
STATION: READING PA
MONTH: JANUARY
YEAR: 2024
LATITUDE: 40 22 N
LONGITUDE: 75 58 W
TEMPERATURE IN F: :PCPN: SNOW: WIND :SUNSHINE: SKY :PK WND
================================================================================
1 2 3 4 5 6A 6B 7 8 9 10 11 12 13 14 15 16 17 18
12Z AVG MX 2MIN
DY MAX MIN AVG DEP HDD CDD WTR SNW DPTH SPD SPD DIR MIN PSBL S-S WX SPD DR
================================================================================
1 43 36 40 8 25 0 0.02 0.0 0 3.8 9 40 M M 10 1 12 10
2 43 30 37 5 28 0 0.00 0.0 0 9.5 20 340 M M 5 23 320
3 44 28 36 4 29 0 0.00 0.0 0 3.6 12 300 M M 3 1 14 280
4 43 27 35 3 30 0 T T 0 9.2 23 320 M M 6 1 29 320
5 38 23 31 -1 34 0 0.00 0.0 0 5.9 14 330 M M 2 19 330
6 36 23 30 -1 35 0 1.00 2.1 0 6.4 17 360 M M 6 1246 23 10
7 40 34 37 6 28 0 0.08 T 1 7.8 23 290 M M 9 1 27 290
8 44 28 36 5 29 0 0.00 0.0 1 4.5 14 280 M M 7 1 16 280
9 60 27 44 13 21 0 1.92 0.0 0 8.9 29 150 M M 7 1 43 140
10 58 42 50 19 15 0 0.20 0.0 0 13.8 30 290 M M 10 13 39 250
11 50 39 45 14 20 0 0.00 0.0 0 7.5 17 280 M M 7 23 280
12 49 28 39 8 26 0 0.45 0.0 0 6.7 21 130 M M 2 1 30 120
13 55 33 44 13 21 0 0.40 0.0 0 13.8 31 270 M M 8 1 42 270
14 40 22 31 0 34 0 T T 0 13.7 36 250 M M 4 8 53 250
15 28 21 25 -5 40 0 0.08 0.8 0 3.2 9 290 M M 9 1 11 310
16 28 18 23 -7 42 0 0.28 2.2 2 9.1 28 300 M M 7 12 34 300
17 25 10 18 -12 47 0 0.00 0.0 3 9.4 18 240 M M 0 24 230
18 32 13 23 -7 42 0 0.00 0.0 3 2.7 10 240 M M 6 13 230
19 28 20 24 -6 41 0 0.27 3.5 3 6.0 13 340 M M 9 1 17 320
20 23 14 19 -11 46 0 0.00 0.0 6 14.0 26 300 M M 5 9 31 310
21 32 21 27 -3 38 0 0.00 0.0 5 13.4 25 320 M M 3 9 30 330
22 34 14 24 -6 41 0 0.00 0.0 4 3.6 13 210 M M 0 17 220
23 44 28 36 6 29 0 T T 3 1.6 7 20 M M 8 4 8 10
24 41 36 39 9 26 0 0.12 0.0 2 1.6 7 160 M M 10 12 9 170
25 50 38 44 14 21 0 0.27 0.0 T 1.1 6 350 M M 10 1 7 340
26 53 39 46 16 19 0 0.20 0.0 0 4.2 12 140 M M 9 12 18 130
27 51 35 43 13 22 0 0.03 0.0 0 2.5 9 110 M M 6 12 12 110
28 44 39 42 12 23 0 0.82 0.0 0 7.2 14 70 M M 10 1 21 80
29 43 37 40 10 25 0 T 0.0 0 12.8 24 340 M M 9 28 350
30 38 34 36 5 29 0 0.00 0.0 0 5.1 12 10 M M 10 14 10
31 41 32 37 6 28 0 0.00 0.0 0 2.0 9 150 M M 9 1 11 160
================================================================================
SM 1278 869 934 0 6.14 8.6 214.6 M 206
================================================================================
AV 41.2 28.0 6.9 FASTST M M 7 MAX(MPH)
MISC ----> 36 250 53 250
================================================================================
NOTES:
# LAST OF SEVERAL OCCURRENCES
COLUMN 17 PEAK WIND IN M.P.H.
PRELIMINARY LOCAL CLIMATOLOGICAL DATA (WS FORM: F-6) , PAGE 2
STATION: READING PA
MONTH: JANUARY
YEAR: 2024
LATITUDE: 40 22 N
LONGITUDE: 75 58 W
[TEMPERATURE DATA] [PRECIPITATION DATA] SYMBOLS USED IN COLUMN 16
AVERAGE MONTHLY: 34.6 TOTAL FOR MONTH: 6.14 1 = FOG OR MIST
DPTR FM NORMAL: 3.8 DPTR FM NORMAL: 3.17 2 = FOG REDUCING VISIBILITY
HIGHEST: 60 ON 9 GRTST 24HR 2.53 ON 9-10 TO 1/4 MILE OR LESS
LOWEST: 10 ON 17 3 = THUNDER
SNOW, ICE PELLETS, HAIL 4 = ICE PELLETS
TOTAL MONTH: 8.6 INCHES 5 = HAIL
GRTST 24HR 3.5 ON 19-19 6 = FREEZING RAIN OR DRIZZLE
GRTST DEPTH: 6 ON 20 7 = DUSTSTORM OR SANDSTORM:
VSBY 1/2 MILE OR LESS
8 = SMOKE OR HAZE
[NO. OF DAYS WITH] [WEATHER - DAYS WITH] 9 = BLOWING SNOW
X = TORNADO
MAX 32 OR BELOW: 7 0.01 INCH OR MORE: 15
MAX 90 OR ABOVE: 0 0.10 INCH OR MORE: 11
MIN 32 OR BELOW: 19 0.50 INCH OR MORE: 3
MIN 0 OR BELOW: 0 1.00 INCH OR MORE: 2
[HDD (BASE 65) ]
TOTAL THIS MO. 934 CLEAR (SCALE 0-3) 6
DPTR FM NORMAL -126 PTCLDY (SCALE 4-7) 12
TOTAL FM JUL 1 2559 CLOUDY (SCALE 8-10) 13
DPTR FM NORMAL -405
[CDD (BASE 65) ]
TOTAL THIS MO. 0
DPTR FM NORMAL 0 [PRESSURE DATA]
TOTAL FM JAN 1 0 HIGHEST SLP 30.61 ON 22
DPTR FM NORMAL 0 LOWEST SLP 29.03 ON 10
[REMARKS]
#FINAL-01-24#