000
CXUS56 KPQR 011155
CF6SLE
PRELIMINARY LOCAL CLIMATOLOGICAL DATA (WS FORM: F-6)
STATION: SALEM OR
MONTH: OCTOBER
YEAR: 2022
LATITUDE: 44 55 N
LONGITUDE: 123 0 W
TEMPERATURE IN F: :PCPN: SNOW: WIND :SUNSHINE: SKY :PK WND
================================================================================
1 2 3 4 5 6A 6B 7 8 9 10 11 12 13 14 15 16 17 18
12Z AVG MX 2MIN
DY MAX MIN AVG DEP HDD CDD WTR SNW DPTH SPD SPD DIR MIN PSBL S-S WX SPD DR
================================================================================
1 88 50 69 9 0 4 0.00 M M 6.3 18 360 M M 0 1 23 360
2 87 51 69 10 0 4 0.00 M M 2.7 9 340 M M 0 13 360
3 81 49 65 6 0 0 0.00 M M 2.0 8 260 M M 0 9 260
4 70 50 60 2 5 0 0.00 M M 2.2 8 290 M M 4 1 10 280
5 68 49 59 1 6 0 0.00 M M 2.3 9 40 M M 5 18 13 40
6 73 50 62 4 3 0 0.00 M M 2.5 9 150 M M 5 128 11 140
7 79 49 64 7 1 0 0.00 M M 1.5 9 330 M M 3 128 13 360
8 84 47 66 9 0 1 0.00 M M 1.6 9 350 M M 2 128 12 10
9 83 49 66 9 0 1 0.00 M M 1.4 8 20 M M 0 18 11 350
10 82 48 65 9 0 0 0.00 M M 4.7 13 310 M M 1 18 16 310
11 73 51 62 6 3 0 0.00 M M 6.9 14 30 M M 3 20 30
12 79 46 63 7 2 0 0.00 M M 2.2 9 350 M M 0 16 20
13 80 46 63 8 2 0 0.00 M M 1.5 9 310 M M 0 8 12 350
14 83 45 64 9 1 0 0.00 M M 4.2 12 40 M M 0 8 15 20
15 92 45 69 15 0 4 0.00 M M 3.7 16 340 M M 0 8 20 340
16 76 48 62 8 3 0 0.00 M M 4.9 13 220 M M 0 8 17 230
17 71 49 60 6 5 0 0.00 M M 1.9 8 340 M M 3 18 13 300
18 72 44 58 4 7 0 0.00 M M 1.9 10 360 M M 1 18 12 360
19 75 44 60 7 5 0 0.00 M M 2.0 12 360 M M 2 128 17 10
20 72 43 58 5 7 0 0.00 M M 2.5 7 330 M M 1 18 10 10
21 57 42 50 -3 15 0 0.18 M M 4.3 20 350 M M 7 1 22 180
22 62 43 53 1 12 0 0.07 M M 7.6 20 260 M M 8 1 24 280
23 61 43 52 0 13 0 0.01 M M 4.6 12 170 M M 5 14 210
24 59 43 51 -1 14 0 0.16 M M 8.9 23 170 M M 8 18 34 170
25 57 43 50 -1 15 0 0.63 M M 8.2 21 290 M M 7 1 29 280
26 56 42 49 -2 16 0 0.06 M M 6.4 13 300 M M 5 1 15 290
27 62 37 50 -1 15 0 0.00 M M 5.9 14 180 M M 0 1 17 190
28 58 49 54 3 11 0 0.14 M M 7.3 16 190 M M 8 18 22 180
29 62 53 58 8 7 0 0.04 M M 2.3 8 340 M M 10 18 10 340
30 60 51 56 6 9 0 T M M 6.1 14 190 M M 10 1 18 190
31 56 48 52 2 13 0 0.48 M M 6.7 17 170 M M 10 18 22 170
================================================================================
SM 2218 1447 190 14 1.77 M 127.2 M 108
================================================================================
AV 71.5 46.7 4.1 FASTST M M 3 MAX(MPH)
MISC ----> 23 170 34 170
================================================================================
NOTES:
# LAST OF SEVERAL OCCURRENCES
COLUMN 17 PEAK WIND IN M.P.H.
PRELIMINARY LOCAL CLIMATOLOGICAL DATA (WS FORM: F-6) , PAGE 2
STATION: SALEM OR
MONTH: OCTOBER
YEAR: 2022
LATITUDE: 44 55 N
LONGITUDE: 123 0 W
[TEMPERATURE DATA] [PRECIPITATION DATA] SYMBOLS USED IN COLUMN 16
AVERAGE MONTHLY: 59.1 TOTAL FOR MONTH: 1.77 1 = FOG OR MIST
DPTR FM NORMAL: 4.8 DPTR FM NORMAL: -1.70 2 = FOG REDUCING VISIBILITY
HIGHEST: 92 ON 15 GRTST 24HR 0.69 ON 25-26 TO 1/4 MILE OR LESS
LOWEST: 37 ON 27 3 = THUNDER
SNOW, ICE PELLETS, HAIL 4 = ICE PELLETS
TOTAL MONTH: M 5 = HAIL
GRTST 24HR M ON M 6 = FREEZING RAIN OR DRIZZLE
GRTST DEPTH: M ON M 7 = DUSTSTORM OR SANDSTORM:
VSBY 1/2 MILE OR LESS
8 = SMOKE OR HAZE
[NO. OF DAYS WITH] [WEATHER - DAYS WITH] 9 = BLOWING SNOW
X = TORNADO
MAX 32 OR BELOW: 0 0.01 INCH OR MORE: 9
MAX 90 OR ABOVE: 1 0.10 INCH OR MORE: 5
MIN 32 OR BELOW: 0 0.50 INCH OR MORE: 1
MIN 0 OR BELOW: 0 1.00 INCH OR MORE: 0
[HDD (BASE 65) ]
TOTAL THIS MO. 190 CLEAR (SCALE 0-3) 17
DPTR FM NORMAL -142 PTCLDY (SCALE 4-7) 11
TOTAL FM JUL 1 213 CLOUDY (SCALE 8-10) 3
DPTR FM NORMAL -231
[CDD (BASE 65) ]
TOTAL THIS MO. 14
DPTR FM NORMAL 12 [PRESSURE DATA]
TOTAL FM JAN 1 658 HIGHEST SLP 30.30 ON 29
DPTR FM NORMAL 257 LOWEST SLP 29.61 ON 21
[REMARKS]
#FINAL-10-22#