000
CXUS56 KPQR 011155
CF6SLE
PRELIMINARY LOCAL CLIMATOLOGICAL DATA (WS FORM: F-6)
STATION: SALEM OR
MONTH: DECEMBER
YEAR: 2021
LATITUDE: 44 55 N
LONGITUDE: 123 0 W
TEMPERATURE IN F: :PCPN: SNOW: WIND :SUNSHINE: SKY :PK WND
================================================================================
1 2 3 4 5 6A 6B 7 8 9 10 11 12 13 14 15 16 17 18
12Z AVG MX 2MIN
DY MAX MIN AVG DEP HDD CDD WTR SNW DPTH SPD SPD DIR MIN PSBL S-S WX SPD DR
================================================================================
1 65 43 54 11 11 0 0.00 M M 2.0 9 330 M M 4 12 10 160
2 57 42 50 7 15 0 0.00 M M 5.4 15 30 M M 8 20 40
3 46 33 40 -3 25 0 0.00 M M 4.1 10 180 M M 2 1 13 30
4 53 42 48 6 17 0 0.15 M M 11.2 22 170 M M 10 1 29 170
5 48 32 40 -2 25 0 0.00 M M 4.0 13 360 M M 1 1 15 10
6 51 40 46 4 19 0 0.51 M M 9.3 22 180 M M 10 1 27 180
7 57 51 54 12 11 0 0.04 M M 6.5 13 220 M M 9 1 17 210
8 52 35 44 2 21 0 0.01 M M 8.0 20 260 M M 7 18 24 250
9 45 36 41 -1 24 0 0.11 M M 7.6 18 180 M M 9 1 23 190
10 49 39 44 3 21 0 0.01 M M 14.5 28 180 M M 8 39 170
11 49 45 47 6 18 0 1.44 M M 19.9 38 170 M M 10 18 48 190
12 46 41 44 3 21 0 0.60 M M 9.6 20 210 M M 9 1 25 210
13 44 36 40 -1 25 0 0.52 M M 10.1 22 180 M M 9 1 29 200
14 43 32 38 -3 27 0 0.00 M M 6.9 14 170 M M 3 19 180
15 46 39 43 2 22 0 0.24 M M 8.5 26 180 M M 9 1 34 180
16 48 41 45 4 20 0 T M M 4.4 12 220 M M 9 1 16 190
17 49 41 45 4 20 0 0.02 M M 3.6 13 170 M M 8 1 16 180
18 54 40 47 6 18 0 0.81 M M 16.3 30 180 M M 10 1 41 190
19 42 37 40 -1 25 0 1.76 M M 6.8 12 350 M M 10 1 13 10
20 46 42 44 3 21 0 1.41 M M 3.1 12 20 M M 10 12 14 20
21 48 35 42 1 23 0 0.09 M M 4.0 15 180 M M 6 1 23 190
22 50 45 48 7 17 0 0.33 M M 10.7 22 190 M M 9 1 29 180
23 50 41 46 5 19 0 0.32 M M 9.9 22 210 M M 9 1 27 210
24 43 37 40 -1 25 0 1.08 M M 15.4 29 180 M M 9 1 39 180
25 41 34 38 -3 27 0 0.10 M M 12.2 20 190 M M 9 1 26 190
26 35 32 34 -7 31 0 0.17 M M 11.1 22 200 M M 8 18 26 200
27 34 29 32 -9 33 0 0.03 M M 5.8 13 160 M M 8 1 18 160
28 37 33 35 -6 30 0 0.02 M M 4.4 14 160 M M 10 1 17 160
29 36 30 33 -8 32 0 T M M 6.6 14 360 M M 10 1 16 360
30 44 33 39 -2 26 0 0.12 M M 11.7 24 180 M M 8 1 37 260
31 43 26 35 -6 30 0 0.01 M M 5.0 12 40 M M 7 1 13 50
================================================================================
SM 1451 1162 699 0 9.90 M 258.6 M 248
================================================================================
AV 46.8 37.5 8.3 FASTST M M 8 MAX(MPH)
MISC ----> 38 170 48 190
================================================================================
NOTES:
# LAST OF SEVERAL OCCURRENCES
COLUMN 17 PEAK WIND IN M.P.H.
PRELIMINARY LOCAL CLIMATOLOGICAL DATA (WS FORM: F-6) , PAGE 2
STATION: SALEM OR
MONTH: DECEMBER
YEAR: 2021
LATITUDE: 44 55 N
LONGITUDE: 123 0 W
[TEMPERATURE DATA] [PRECIPITATION DATA] SYMBOLS USED IN COLUMN 16
AVERAGE MONTHLY: 42.1 TOTAL FOR MONTH: 9.90 1 = FOG OR MIST
DPTR FM NORMAL: 0.8 DPTR FM NORMAL: 2.93 2 = FOG REDUCING VISIBILITY
HIGHEST: 65 ON 1 GRTST 24HR 2.07 ON 18-19 TO 1/4 MILE OR LESS
LOWEST: 26 ON 31 3 = THUNDER
SNOW, ICE PELLETS, HAIL 4 = ICE PELLETS
TOTAL MONTH: M 5 = HAIL
GRTST 24HR M ON M 6 = FREEZING RAIN OR DRIZZLE
GRTST DEPTH: M ON M 7 = DUSTSTORM OR SANDSTORM:
VSBY 1/2 MILE OR LESS
8 = SMOKE OR HAZE
[NO. OF DAYS WITH] [WEATHER - DAYS WITH] 9 = BLOWING SNOW
X = TORNADO
MAX 32 OR BELOW: 0 0.01 INCH OR MORE: 24
MAX 90 OR ABOVE: 0 0.10 INCH OR MORE: 16
MIN 32 OR BELOW: 6 0.50 INCH OR MORE: 8
MIN 0 OR BELOW: 0 1.00 INCH OR MORE: 4
[HDD (BASE 65) ]
TOTAL THIS MO. 699 CLEAR (SCALE 0-3) 3
DPTR FM NORMAL -37 PTCLDY (SCALE 4-7) 5
TOTAL FM JUL 1 1528 CLOUDY (SCALE 8-10) 23
DPTR FM NORMAL -210
[CDD (BASE 65) ]
TOTAL THIS MO. 0
DPTR FM NORMAL 0 [PRESSURE DATA]
TOTAL FM JAN 1 801 HIGHEST SLP 30.56 ON 5
DPTR FM NORMAL 400 LOWEST SLP 29.34 ON 24
[REMARKS]
#FINAL-12-21#