000
CXUS56 KLOX 011255
CF6SMX
PRELIMINARY LOCAL CLIMATOLOGICAL DATA (WS FORM: F-6)
STATION: SANTA MARIA AIRPORT CA
MONTH: NOVEMBER
YEAR: 2023
LATITUDE: 34 54 N
LONGITUDE: 120 27 W
TEMPERATURE IN F: :PCPN: SNOW: WIND :SUNSHINE: SKY :PK WND
================================================================================
1 2 3 4 5 6A 6B 7 8 9 10 11 12 13 14 15 16 17 18
12Z AVG MX 2MIN
DY MAX MIN AVG DEP HDD CDD WTR SNW DPTH SPD SPD DIR MIN PSBL S-S WX SPD DR
================================================================================
1 84 39 62 2 3 0 0.00 M M 4.7 16 310 M M 0 8 21 300
2 82 39 61 1 4 0 0.00 M M 4.0 13 290 M M 0 8 15 290
3 83 44 64 4 1 0 0.00 M M 4.7 12 330 M M 0 8 13 310
4 79 44 62 2 3 0 0.00 M M 3.1 13 300 M M 0 128 14 300
5 66 48 57 -3 8 0 0.00 M M 4.2 17 290 M M 8 12 20 290
6 71 53 62 3 3 0 0.00 M M 6.1 18 300 M M 8 1 22 300
7 67 47 57 -2 8 0 0.00 M M 8.4 26 290 M M 4 12 32 290
8 72 41 57 -2 8 0 0.00 M M 7.2 23 290 M M 0 26 290
9 74 36 55 -4 10 0 0.00 M M 5.0 24 290 M M 0 28 290
10 71 37 54 -4 11 0 0.00 M M 5.2 15 310 M M 0 18 320
11 78 37 58 0 7 0 0.00 M M 4.4 12 290 M M 0 15 310
12 84 40 62 4 3 0 0.00 M M 4.3 16 240 M M 0 20 240
13 67 40 54 -4 11 0 0.00 M M 4.2 14 250 M M 2 18 17 250
14 71 41 56 -2 9 0 0.00 M M 3.2 12 250 M M 1 1 14 310
15 72 44 58 1 7 0 T M M 12.4 37 150 M M 8 8 49 150
16 74 52 63 6 2 0 0.00 M M 9.1 25 140 M M 2 30 160
17 74 49 62 5 3 0 0.07 M M 8.4 26 160 M M 5 1 33 160
18 71 58 65 8 0 0 0.25 M M 9.0 25 150 M M 8 18 32 160
19 69 51 60 4 5 0 0.01 M M 12.5 26 10 M M 2 1 32 20
20 73 44 59 3 6 0 0.00 M M 7.0 25 360 M M 0 8 33 360
21 77 38 58 2 7 0 0.00 M M 3.6 10 300 M M 1 8 13 300
22 77 40 59 3 6 0 0.00 M M 3.9 15 290 M M 0 19 280
23 67 43 55 0 10 0 0.00 M M 6.4 22 280 M M 2 18 27 280
24 68 39 54 -1 11 0 0.00 M M 3.9 16 300 M M 0 18 19 310
25 68 36 52 -3 13 0 0.00 M M 2.9 14 310 M M 0 17 250
26 68 37 53 -2 12 0 0.00 M M 3.4 14 290 M M 0 16 280
27 71 36 54 0 11 0 0.00 M M 3.1 13 310 M M 2 16 300
28 69 38 54 0 11 0 0.00 M M 3.6 14 240 M M 1 21 240
29 65 42 54 0 11 0 0.02 M M 3.3 10 250 M M 6 1 13 260
30 65 43 54 0 11 0 0.00 M M 5.8 23 300 M M 4 128 29 290
================================================================================
SM 2177 1276 215 0 0.35 M 167.0 M 64
================================================================================
AV 72.6 42.5 5.6 FASTST M M 2 MAX(MPH)
MISC ----> 37 150 49 150
================================================================================
NOTES:
# LAST OF SEVERAL OCCURRENCES
COLUMN 17 PEAK WIND IN M.P.H.
PRELIMINARY LOCAL CLIMATOLOGICAL DATA (WS FORM: F-6) , PAGE 2
STATION: SANTA MARIA AIRPORT CA
MONTH: NOVEMBER
YEAR: 2023
LATITUDE: 34 54 N
LONGITUDE: 120 27 W
[TEMPERATURE DATA] [PRECIPITATION DATA] SYMBOLS USED IN COLUMN 16
AVERAGE MONTHLY: 57.6 TOTAL FOR MONTH: 0.35 1 = FOG OR MIST
DPTR FM NORMAL: 0.5 DPTR FM NORMAL: -0.77 2 = FOG REDUCING VISIBILITY
HIGHEST: 84 ON 12, 1 GRTST 24HR 0.26 ON 18-19 TO 1/4 MILE OR LESS
LOWEST: 36 ON 27,25 3 = THUNDER
SNOW, ICE PELLETS, HAIL 4 = ICE PELLETS
TOTAL MONTH: M 5 = HAIL
GRTST 24HR M ON M 6 = FREEZING RAIN OR DRIZZLE
GRTST DEPTH: M ON M 7 = DUSTSTORM OR SANDSTORM:
VSBY 1/2 MILE OR LESS
8 = SMOKE OR HAZE
[NO. OF DAYS WITH] [WEATHER - DAYS WITH] 9 = BLOWING SNOW
X = TORNADO
MAX 32 OR BELOW: 0 0.01 INCH OR MORE: 4
MAX 90 OR ABOVE: 0 0.10 INCH OR MORE: 1
MIN 32 OR BELOW: 0 0.50 INCH OR MORE: 0
MIN 0 OR BELOW: 0 1.00 INCH OR MORE: 0
[HDD (BASE 65) ]
TOTAL THIS MO. 215 CLEAR (SCALE 0-3) 22
DPTR FM NORMAL -28 PTCLDY (SCALE 4-7) 8
TOTAL FM JUL 1 467 CLOUDY (SCALE 8-10) 0
DPTR FM NORMAL -58
[CDD (BASE 65) ]
TOTAL THIS MO. 0
DPTR FM NORMAL -8 [PRESSURE DATA]
TOTAL FM JAN 1 112 HIGHEST SLP 30.34 ON 21
DPTR FM NORMAL -55 LOWEST SLP 29.77 ON 15
[REMARKS]
#FINAL-11-23#