000
CXUS54 KMAF 231100
CF6SNK
PRELIMINARY LOCAL CLIMATOLOGICAL DATA (WS FORM: F-6)

                                          STATION:   Snyder Winston Field
                                          MONTH:     APRIL
                                          YEAR:      2018
                                          LATITUDE:   32 41 N
                                          LONGITUDE: 100 57 W

  TEMPERATURE IN F:       :PCPN:    SNOW:  WIND      :SUNSHINE: SKY     :PK WND
================================================================================
1   2   3   4   5  6A  6B    7    8   9   10  11  12  13   14  15   16   17  18
                                     12Z  AVG MX 2MIN
DY MAX MIN AVG DEP HDD CDD  WTR  SNW DPTH SPD SPD DIR MIN PSBL S-S WX    SPD DR
================================================================================

 1  65  42  54   M  11   0 0.00  0.0    0 13.1 18  30   M    M   1        25  50
 2  75  37  56   M   9   0 0.00  0.0    0  9.5 18 160   M    M   5 1      23 160
 3  78  48  63   M   2   0 0.00  0.0    0 15.7 25  30   M    M   0 1      35  20
 4  66  38  52   M  13   0 0.00  0.0    0 11.4 17  50   M    M   0        24 120
 5  87  49  68   M   0   3 0.00  0.0    0 11.5 21 210   M    M   0        25 210
 6  83  40  62   M   3   0 0.00  0.0    0 13.7 25  30   M    M   2        36  20
 7  45  29  37   M  28   0 0.00  0.0    0 13.6 21 360   M    M   7        30  30
 8  87  33  60   M   5   0 0.00  0.0    0 11.1 25  60   M    M   2        35  60
 9  67  44  56   M   9   0 0.00  0.0    0 11.9 20  60   M    M   5 1      24  30
10  73  42  58   M   7   0 0.00  0.0    0  8.9 14 160   M    M   0        17  60
11  91  48  70   M   0   5 0.00  0.0    0 15.0 22 210   M    M   0        32 210
12  97  62  80   M   0  15 0.00  0.0    0 17.2 25 230   M    M   0        35 230
13  79  50  65   M   0   0 0.00  0.0    0 24.2 40 260   M    M   4 8      50 290
14  64  42  53   M  12   0 0.00  0.0    0 20.0 30 340   M    M   1        45 340
15  69  38  54   M  11   0 0.00  0.0    0  4.3  8 310   M    M   0         M  M
16  89  47  68   M   0   3 0.00  0.0    0 13.9 23 200   M    M   0        30 190
17  93  60  77   M   0  12 0.00  0.0    0 12.9 22 220   M    M   0        33 220
18  73  55  64   M   1   0 0.00  0.0    0 13.5 27  20   M    M   0        35  20
19  73  47  60   M   5   0 0.00  0.0    0 11.4 22  80   M    M   0        27  80
20  71  50  61   M   4   0 0.00  0.0    0 18.0 32 150   M    M   7        39 150
21  76  52  64   M   1   0 0.00  0.0    0 16.1 22 350   M    M   5 13     31 330
22  71  46  59   M   6   0 0.00  0.0    0  8.2 15 360   M    M   2        18  20
================================================================================
SM 1672  999       127  38  0.00     0.0 295.1          M       41
================================================================================
AV 76.0 45.4                              13.4 FASTST   M    M   2    MAX(MPH)
                                 MISC ---->  # 40 260               # 50  290
================================================================================
NOTES:
# LAST OF SEVERAL OCCURRENCES

COLUMN 17 PEAK WIND IN M.P.H.

PRELIMINARY LOCAL CLIMATOLOGICAL DATA (WS FORM: F-6) , PAGE 2

                                          STATION:  Snyder Winston Field
                                          MONTH:    APRIL
                                          YEAR:     2018
                                          LATITUDE:   32 41 N
                                          LONGITUDE: 100 57 W

[TEMPERATURE DATA]      [PRECIPITATION DATA]       SYMBOLS USED IN COLUMN 16

AVERAGE MONTHLY: 60.7   TOTAL FOR MONTH:   0.00    1 = FOG OR MIST
DPTR FM NORMAL:     M   DPTR FM NORMAL:       M    2 = FOG REDUCING VISIBILITY
HIGHEST:    97 ON 12    GRTST 24HR  0.00 ON 22-22      TO 1/4 MILE OR LESS
LOWEST:     29 ON  7                               3 = THUNDER
                        SNOW, ICE PELLETS, HAIL    4 = ICE PELLETS
                        TOTAL MONTH:   0.0 INCH    5 = HAIL
                        GRTST 24HR     0.0         6 = FREEZING RAIN OR DRIZZLE
                        GRTST DEPTH:   0           7 = DUSTSTORM OR SANDSTORM:
                                                       VSBY 1/2 MILE OR LESS
                                                   8 = SMOKE OR HAZE
[NO. OF DAYS WITH]      [WEATHER - DAYS WITH]      9 = BLOWING SNOW
                                                   X = TORNADO
MAX 32 OR BELOW:   0    0.01 INCH OR MORE:   0
MAX 90 OR ABOVE:   3    0.10 INCH OR MORE:   0
MIN 32 OR BELOW:   1    0.50 INCH OR MORE:   0
MIN  0 OR BELOW:   0    1.00 INCH OR MORE:   0

[HDD (BASE 65) ]
TOTAL THIS MO.   127    CLEAR  (SCALE 0-3)  16
DPTR FM NORMAL     M    PTCLDY (SCALE 4-7)   6
TOTAL FM JUL 1  2587    CLOUDY (SCALE 8-10)  0
DPTR FM NORMAL     M

[CDD (BASE 65) ]
TOTAL THIS MO.    38
DPTR FM NORMAL     M    [PRESSURE DATA]
TOTAL FM JAN 1    81    HIGHEST SLP M ON M
DPTR FM NORMAL     M    LOWEST  SLP M ON M

[REMARKS]
