229
CXUS51 KCTP 011917
CLMJST

PHLCLMJST 000
TTAA00 KCTP 011042


CLIMATE REPORT
NATIONAL WEATHER SERVICE STATE COLLEGE PA
315 PM EDT SUN APR 1 2018

...................................

...THE JOHNSTOWN CLIMATE SUMMARY FOR THE MONTH OF MARCH 2018...

CLIMATE NORMAL PERIOD 1981 TO 2010
CLIMATE RECORD PERIOD 1892 TO 2018

WEATHER         OBSERVED          NORMAL  DEPART  LAST YEAR`S
                 VALUE   DATE(S)  VALUE   FROM    VALUE  DATE(S)
                                          NORMAL
................................................................
TEMPERATURE (F)
RECORD
 HIGH              86   03/27/1989
                        03/23/1907
 LOW               -2   03/06/2015
                        03/01/1990
                        03/09/1943
HIGHEST            66   03/29                         68  03/25
                                                          03/24
LOWEST             16   03/25                          7  03/05
                        03/11
                        03/05
AVG. MAXIMUM     37.5              43.5    -6.0     42.5
AVG. MINIMUM     23.6              27.6    -4.0     27.0
MEAN             30.5              35.5    -5.0     34.8
DAYS MAX >= 90      0                MM      MM        0
DAYS MAX <= 32      8                MM      MM        8
DAYS MIN <= 32     29                MM      MM       18
DAYS MIN <= 0       0                MM      MM        0

PRECIPITATION (INCHES)
RECORD
 MAXIMUM        10.00   1908
 MINIMUM         1.27   1910
TOTALS           3.18              3.29   -0.11     4.06
DAILY AVG.       0.10              0.11   -0.01     0.13
DAYS >= .01        17                MM      MM       13
DAYS >= .10         8                MM      MM        8
DAYS >= .50         1                MM      MM        3
DAYS >= 1.00        0                MM      MM        1
GREATEST
 24 HR. TOTAL    0.59   03/21 TO 03/21

DEGREE_DAYS
HEATING TOTAL    1063               913     150      930
 SINCE 7/1       5498              5796    -298     4850
COOLING TOTAL       0                 0       0        0
 SINCE 1/1          0                 0       0        0
.................................................................

WIND (MPH)
AVERAGE WIND SPEED              11.3
HIGHEST WIND SPEED/DIRECTION    43/290    DATE  03/02
HIGHEST GUST SPEED/DIRECTION    56/290    DATE  03/02

SKY COVER
POSSIBLE SUNSHINE (PERCENT)   MM
AVERAGE SKY COVER           0.60
NUMBER OF DAYS FAIR           11
NUMBER OF DAYS PC              6
NUMBER OF DAYS CLOUDY         14

AVERAGE RH (PERCENT)     70

WEATHER CONDITIONS. NUMBER OF DAYS WITH
THUNDERSTORM              0     MIXED PRECIP               0
HEAVY RAIN                1     RAIN                       2
LIGHT RAIN                6     FREEZING RAIN              0
LT FREEZING RAIN          2     HAIL                       0
HEAVY SNOW                5     SNOW                       8
LIGHT SNOW               13     SLEET                      0
FOG                      19     FOG W/VIS <= 1/4 MILE      8
HAZE                     12

-  INDICATES NEGATIVE NUMBERS.
R  INDICATES RECORD WAS SET OR TIED.
MM INDICATES DATA IS MISSING.
T  INDICATES TRACE AMOUNT.

$$
