000
CDUS42 KAKQ 200745
CLIECG


CLIMATE REPORT
NATIONAL WEATHER SERVICE WAKEFIELD, VA
345 AM EDT SUN MAY 20 2018


...................................

...THE ELIZABETH CITY NC CLIMATE SUMMARY FOR MAY 19 2018...

CLIMATE NORMAL PERIOD 1981 TO 2010
CLIMATE RECORD PERIOD 1934 TO 2018


WEATHER ITEM   OBSERVED TIME   RECORD YEAR NORMAL DEPARTURE LAST
                VALUE   (LST)  VALUE       VALUE  FROM      YEAR
                                                  NORMAL
..................................................................
TEMPERATURE (F)
 YESTERDAY
  MAXIMUM         84    121 PM  95    1996  78      6       88
                                      1962
                                      1947
  MINIMUM         72    820 PM  42    1984  58     14       69
  AVERAGE         78                        68     10       79

PRECIPITATION (IN)
  YESTERDAY        0.28          1.16 1951   0.12   0.16     0.00
  MONTH TO DATE    3.01                      2.07   0.94     2.66
  SINCE MAR 1     11.54                      9.19   2.35     8.97
  SINCE JAN 1     18.18                     15.63   2.55    13.58

SNOWFALL (IN)
  YESTERDAY        0.0           0.0  2002  MM     MM
  MONTH TO DATE    0.0                      MM     MM
  SINCE NOV 1      6.8                      MM     MM
  SINCE JUL 1      6.8                      MM     MM
  SNOW DEPTH       0

DEGREE DAYS
 HEATING
  YESTERDAY        0                         2     -2        0
  MONTH TO DATE    8                        57    -49       34
  SINCE MAR 1    812                       746     66      592
  SINCE JUL 1   3103                      3218   -115     2687

 COOLING
  YESTERDAY       13                         4      9       14
  MONTH TO DATE  147                        56     91       68
  SINCE MAR 1    169                        96     73      199
  SINCE JAN 1    198                        98    100      202
..................................................................


WIND (MPH)
  HIGHEST WIND SPEED    23   HIGHEST WIND DIRECTION     S (200)
  HIGHEST GUST SPEED    31   HIGHEST GUST DIRECTION    SW (210)
  AVERAGE WIND SPEED    10.3


SKY COVER
  POSSIBLE SUNSHINE  MM
  AVERAGE SKY COVER 0.4


WEATHER CONDITIONS
 THE FOLLOWING WEATHER WAS RECORDED YESTERDAY.
  HEAVY RAIN
  RAIN
  LIGHT RAIN
  FOG


RELATIVE HUMIDITY (PERCENT)
 HIGHEST   100           300 AM
 LOWEST     69          1200 PM
 AVERAGE    85

..........................................................


THE ELIZABETH CITY NC CLIMATE NORMALS FOR TODAY
                         NORMAL    RECORD    YEAR
 MAXIMUM TEMPERATURE (F)   78        98      1996
 MINIMUM TEMPERATURE (F)   58        44      2002


SUNRISE AND SUNSET
MAY 20 2018...........SUNRISE   555 AM EDT   SUNSET   808 PM EDT
MAY 21 2018...........SUNRISE   554 AM EDT   SUNSET   809 PM EDT


-  INDICATES NEGATIVE NUMBERS.
R  INDICATES RECORD WAS SET OR TIED.
MM INDICATES DATA IS MISSING.
T  INDICATES TRACE AMOUNT.




$$
