000
CDUS42 KAKQ 140514
CLIECG

CLIMATE REPORT
NATIONAL WEATHER SERVICE WAKEFIELD VA
114 AM EDT WED APR 14 2021

...................................

...THE ELIZABETH CITY NC CLIMATE SUMMARY FOR APRIL 13 2021...

CLIMATE NORMAL PERIOD: 1981 TO 2010
CLIMATE RECORD PERIOD: 1934 TO 2021


WEATHER ITEM   OBSERVED TIME   RECORD YEAR NORMAL DEPARTURE LAST
                VALUE   (LST)  VALUE       VALUE  FROM      YEAR
                                                  NORMAL
...................................................................
TEMPERATURE (F)
 YESTERDAY
  MAXIMUM         58   9:00 AM  90    1948  69    -11       78
  MINIMUM         51        MM  31    1975  47      4       60
                                      1976
  AVERAGE         55                        58     -3       69

PRECIPITATION (IN)
  YESTERDAY        0.00          2.00 1988   0.10  -0.10     0.54
  MONTH TO DATE    1.05                      1.47  -0.42     0.74
  SINCE MAR 1      3.99                      5.45  -1.46     5.65
  SINCE JAN 1     15.16                     11.89   3.27    16.14

SNOWFALL (IN)
  YESTERDAY        0.0           T    1949  MM     MM
  MONTH TO DATE    0.0                       0.0    0.0
  SINCE MAR 1      0.0                      MM     MM
  SINCE JUL 1      3.1                      MM     MM
  SNOW DEPTH       0

DEGREE DAYS
 HEATING
  YESTERDAY       10                         8      2        0
  MONTH TO DATE   84                       120    -36       87
  SINCE MAR 1    429                       585   -156      347
  SINCE JUL 1   2614                      3057   -443     2196

 COOLING
  YESTERDAY        0                         1     -1        4
  MONTH TO DATE   12                        13     -1       17
  SINCE MAR 1     38                        18     20       65
  SINCE JAN 1     38                        20     18       79
...................................................................


WIND (MPH)
  HIGHEST WIND SPEED    15   HIGHEST WIND DIRECTION     N (360)
  HIGHEST GUST SPEED    MM   HIGHEST GUST DIRECTION    MM
  AVERAGE WIND SPEED    11.3


SKY COVER
  POSSIBLE SUNSHINE  MM
  AVERAGE SKY COVER 0.4


WEATHER CONDITIONS
THE FOLLOWING WEATHER WAS RECORDED YESTERDAY.
  NO SIGNIFICANT WEATHER WAS OBSERVED.


RELATIVE HUMIDITY (PERCENT)
 HIGHEST    89           3:00 AM
 LOWEST     70           9:00 AM
 AVERAGE    80

..........................................................


THE ELIZABETH CITY NC CLIMATE NORMALS FOR TODAY
                         NORMAL    RECORD    YEAR
 MAXIMUM TEMPERATURE (F)   69        90      1941
 MINIMUM TEMPERATURE (F)   48        29      1950


SUNRISE AND SUNSET
APRIL 14 2021.........SUNRISE   6:32 AM EDT   SUNSET   7:38 PM EDT
APRIL 15 2021.........SUNRISE   6:31 AM EDT   SUNSET   7:39 PM EDT


-  INDICATES NEGATIVE NUMBERS.
R  INDICATES RECORD WAS SET OR TIED.
MM INDICATES DATA IS MISSING.
T  INDICATES TRACE AMOUNT.




$$
