000
CDUS41 KAKQ 100645
CLIORF


CLIMATE REPORT
NATIONAL WEATHER SERVICE WAKEFIELD, VA
145 AM EST TUE DEC 10 2019


...................................

...THE NORFOLK VA CLIMATE SUMMARY FOR DECEMBER 9 2019...

CLIMATE NORMAL PERIOD 1981 TO 2010
CLIMATE RECORD PERIOD 1871 TO 2019


WEATHER ITEM   OBSERVED TIME   RECORD YEAR NORMAL DEPARTURE LAST
                VALUE   (LST)  VALUE       VALUE  FROM      YEAR
                                                  NORMAL
..................................................................
TEMPERATURE (F)
 YESTERDAY
  MAXIMUM         67   1043 PM  79    1978  54     13       44
  MINIMUM         49    543 AM  14    1876  38     11       38
  AVERAGE         58                        46     12       41

PRECIPITATION (IN)
  YESTERDAY        0.24          2.00 1957   0.10   0.14     1.54
  MONTH TO DATE    0.66                      0.95  -0.29     1.70
  SINCE DEC 1      0.66                      0.95  -0.29     1.70
  SINCE JAN 1     44.81                     44.22   0.59    54.49

SNOWFALL (IN)
  YESTERDAY       MM             0.3  1912   0.0   MM
  MONTH TO DATE    T                         0.1   -0.1
  SINCE NOV 1      T                         0.1   -0.1
  SINCE JUL 1      T                         0.1   -0.1
  SNOW DEPTH       0

DEGREE DAYS
 HEATING
  YESTERDAY        7                        19    -12       24
  MONTH TO DATE  147                       164    -17      159
  SINCE DEC 1    147                       164    -17      159
  SINCE JUL 1    610                       694    -84      667

 COOLING
  YESTERDAY        0                         0      0        0
  MONTH TO DATE    0                         0      0        0
  SINCE DEC 1      0                         0      0        0
  SINCE JAN 1   2213                      1628    585     2313
..................................................................


WIND (MPH)
  HIGHEST WIND SPEED    25   HIGHEST WIND DIRECTION    SW (210)
  HIGHEST GUST SPEED    32   HIGHEST GUST DIRECTION    SW (210)
  AVERAGE WIND SPEED    11.6


SKY COVER
  POSSIBLE SUNSHINE  MM
  AVERAGE SKY COVER 0.5


WEATHER CONDITIONS
 THE FOLLOWING WEATHER WAS RECORDED YESTERDAY.
  HEAVY RAIN
  RAIN
  LIGHT RAIN
  FOG


RELATIVE HUMIDITY (PERCENT)
 HIGHEST    93           900 AM
 LOWEST     73           500 PM
 AVERAGE    83

..........................................................


THE NORFOLK VA CLIMATE NORMALS FOR TODAY
                         NORMAL    RECORD    YEAR
 MAXIMUM TEMPERATURE (F)   54        78      2007
 MINIMUM TEMPERATURE (F)   37        11      1876


SUNRISE AND SUNSET
DECEMBER 10 2019......SUNRISE   707 AM EST   SUNSET   448 PM EST
DECEMBER 11 2019......SUNRISE   707 AM EST   SUNSET   448 PM EST


-  INDICATES NEGATIVE NUMBERS.
R  INDICATES RECORD WAS SET OR TIED.
MM INDICATES DATA IS MISSING.
T  INDICATES TRACE AMOUNT.




$$
