000
CDUS41 KAKQ 200532
CLIORF


CLIMATE REPORT
NATIONAL WEATHER SERVICE WAKEFIELD, VA
131 AM EDT SAT JUL 20 2019


...................................

...THE NORFOLK VA CLIMATE SUMMARY FOR JULY 19 2019...

CLIMATE NORMAL PERIOD 1981 TO 2010
CLIMATE RECORD PERIOD 1871 TO 2019


WEATHER ITEM   OBSERVED TIME   RECORD YEAR NORMAL DEPARTURE LAST
                VALUE   (LST)  VALUE       VALUE  FROM      YEAR
                                                  NORMAL
..................................................................
TEMPERATURE (F)
 YESTERDAY
  MAXIMUM         94    133 PM 101    1942  88      6       86
                                      1878
  MINIMUM         77    508 AM  62    1946  72      5       68
  AVERAGE         86                        80      6       77

PRECIPITATION (IN)
  YESTERDAY        0.00          2.22 1922   0.17  -0.17     0.00
                                      1921
  MONTH TO DATE    2.03                      2.92  -0.89     2.65
  SINCE JUN 1      5.88                      7.18  -1.30     7.61
  SINCE JAN 1     23.62                     24.20  -0.58    27.82

SNOWFALL (IN)
  YESTERDAY        0.0           0.0  2002   0.0    0.0
                                      2001
  MONTH TO DATE    0.0                       0.0    0.0
  SINCE NOV 1      0.1                       5.8   -5.7
  SINCE JUL 1      0.0                       0.0    0.0
  SNOW DEPTH       0

DEGREE DAYS
 HEATING
  YESTERDAY        0                         0      0        0
  MONTH TO DATE    0                         0      0        0
  SINCE JUN 1      0                         6     -6        0
  SINCE JUL 1      0                         0      0        0

 COOLING
  YESTERDAY       21                        15      6       12
  MONTH TO DATE  339                       279     60      284
  SINCE JUN 1    714                       594    120      693
  SINCE JAN 1   1092                       760    332     1030
..................................................................


WIND (MPH)
  HIGHEST WIND SPEED    14   HIGHEST WIND DIRECTION    SW (220)
  HIGHEST GUST SPEED    17   HIGHEST GUST DIRECTION    SW (220)
  AVERAGE WIND SPEED     7.1


SKY COVER
  POSSIBLE SUNSHINE  MM
  AVERAGE SKY COVER 0.1


WEATHER CONDITIONS
 THE FOLLOWING WEATHER WAS RECORDED YESTERDAY.
  NO SIGNIFICANT WEATHER WAS OBSERVED.


RELATIVE HUMIDITY (PERCENT)
 HIGHEST    85           800 AM
 LOWEST     56           200 PM
 AVERAGE    71

..........................................................


THE NORFOLK VA CLIMATE NORMALS FOR TODAY
                         NORMAL    RECORD    YEAR
 MAXIMUM TEMPERATURE (F)   88       102      1942
 MINIMUM TEMPERATURE (F)   72        61      1976


SUNRISE AND SUNSET
JULY 20 2019..........SUNRISE   601 AM EDT   SUNSET   821 PM EDT
JULY 21 2019..........SUNRISE   601 AM EDT   SUNSET   821 PM EDT


-  INDICATES NEGATIVE NUMBERS.
R  INDICATES RECORD WAS SET OR TIED.
MM INDICATES DATA IS MISSING.
T  INDICATES TRACE AMOUNT.




$$
