000
CDUS41 KAKQ 202145
CLIORF


CLIMATE REPORT
NATIONAL WEATHER SERVICE WAKEFIELD, VA
545 PM EDT MON MAY 20 2019


...................................

...THE NORFOLK VA CLIMATE SUMMARY FOR MAY 20 2019...
VALID TODAY AS OF 0500 PM LOCAL TIME.

CLIMATE NORMAL PERIOD 1981 TO 2010
CLIMATE RECORD PERIOD 1871 TO 2019


WEATHER ITEM   OBSERVED TIME   RECORD YEAR NORMAL DEPARTURE LAST
                VALUE   (LST)  VALUE       VALUE  FROM      YEAR
                                                  NORMAL
..................................................................
TEMPERATURE (F)
 TODAY
  MAXIMUM         91    312 PM  98    1996  76     15       86
  MINIMUM         71    457 AM  45    1882  59     12       72
  AVERAGE         81

PRECIPITATION (IN)
  TODAY            0.00          1.98 1929   0.11  -0.11      T
  MONTH TO DATE    2.06                      2.09  -0.03     5.39
  SINCE MAR 1      7.73                      9.18  -1.45    12.68
  SINCE JAN 1     16.23                     15.70   0.53    17.92

SNOWFALL (IN)
  TODAY            0.0
  MONTH TO DATE    0.0
  SINCE NOV 1      0.1
  SINCE JUL 1      0.1
  SNOW DEPTH       0

DEGREE DAYS
 HEATING
  TODAY            0                         2     -2        0
  MONTH TO DATE    9                        59    -50       15
  SINCE MAR 1    601                       790   -189      835
  SINCE JUL 1   2806                      3359   -553     3189

 COOLING
  TODAY           16                         4     12       14
  MONTH TO DATE  151                        60     91      157
  SINCE MAR 1    242                       103    139      191
  SINCE JAN 1    242                       104    138      206
..................................................................


WIND (MPH)
  RESULTANT WIND SPEED  15   RESULTANT WIND DIRECTION  SW (220)
  HIGHEST WIND SPEED    22   HIGHEST WIND DIRECTION    SW (210)
  HIGHEST GUST SPEED    27   HIGHEST GUST DIRECTION    SW (220)


SKY COVER
  POSSIBLE SUNSHINE  MM
  AVERAGE SKY COVER 0.1


WEATHER CONDITIONS
 THE FOLLOWING WEATHER WAS RECORDED TODAY.
  NO SIGNIFICANT WEATHER WAS OBSERVED.


RELATIVE HUMIDITY (PERCENT)
 HIGHEST    79
 LOWEST     38
 AVERAGE    59

..........................................................


THE NORFOLK VA CLIMATE NORMALS FOR TOMORROW
                         NORMAL    RECORD    YEAR
 MAXIMUM TEMPERATURE (F)   77        94      1996
                                             1877
 MINIMUM TEMPERATURE (F)   59        45      1956


SUNRISE AND SUNSET
MAY 20 2019...........SUNRISE   553 AM EDT   SUNSET   810 PM EDT
MAY 21 2019...........SUNRISE   553 AM EDT   SUNSET   810 PM EDT


-  INDICATES NEGATIVE NUMBERS.
R  INDICATES RECORD WAS SET OR TIED.
MM INDICATES DATA IS MISSING.
T  INDICATES TRACE AMOUNT.




$$
