000
CDUS41 KAKQ 290632
CLIORF


CLIMATE REPORT
NATIONAL WEATHER SERVICE WAKEFIELD, VA
132 AM EST SAT FEB 29 2020


...................................

...THE NORFOLK VA CLIMATE SUMMARY FOR FEBRUARY 28 2020...

CLIMATE NORMAL PERIOD 1981 TO 2010
CLIMATE RECORD PERIOD 1871 TO 2020


WEATHER ITEM   OBSERVED TIME   RECORD YEAR NORMAL DEPARTURE LAST
                VALUE   (LST)  VALUE       VALUE  FROM      YEAR
                                                  NORMAL
..................................................................
TEMPERATURE (F)
 YESTERDAY
  MAXIMUM         54    302 PM  79    2011  54      0       49
                                      1948
  MINIMUM         32    708 AM  17    1934  37     -5       40
                                      1888
  AVERAGE         43                        45     -2       45

PRECIPITATION (IN)
  YESTERDAY        0.00          1.20 1957   0.11  -0.11     0.00
  MONTH TO DATE    4.48                      3.12   1.36     4.69
  SINCE DEC 1     10.09                      9.78   0.31    12.39
  SINCE JAN 1      8.06                      6.52   1.54     8.50

SNOWFALL (IN)
  YESTERDAY        0.0           6.0  1937   0.1   -0.1
  MONTH TO DATE    0.4                       2.0   -1.6
  SINCE NOV 1      0.4                       5.6   -5.2
  SINCE JUL 1      0.4                       5.6   -5.2
  SNOW DEPTH       0

DEGREE DAYS
 HEATING
  YESTERDAY       22                        20      2       20
  MONTH TO DATE  436                       626   -190      467
  SINCE DEC 1   1463                      2039   -576     1697
  SINCE JUL 1   1926                      2569   -643     2205

 COOLING
  YESTERDAY        0                         0      0        0
  MONTH TO DATE    0                         1     -1        0
  SINCE DEC 1      4                         2      2        0
  SINCE JAN 1      4                         1      3        0
..................................................................


WIND (MPH)
  HIGHEST WIND SPEED    21   HIGHEST WIND DIRECTION    SW (230)
  HIGHEST GUST SPEED    31   HIGHEST GUST DIRECTION     W (260)
  AVERAGE WIND SPEED     9.3


SKY COVER
  POSSIBLE SUNSHINE  MM
  AVERAGE SKY COVER 0.3


WEATHER CONDITIONS
 THE FOLLOWING WEATHER WAS RECORDED YESTERDAY.
  NO SIGNIFICANT WEATHER WAS OBSERVED.


RELATIVE HUMIDITY (PERCENT)
 HIGHEST    51           700 AM
 LOWEST     26           300 PM
 AVERAGE    39

..........................................................


THE NORFOLK VA CLIMATE NORMALS FOR TODAY
                         NORMAL    RECORD    YEAR
 MAXIMUM TEMPERATURE (F)   54        78      1972
 MINIMUM TEMPERATURE (F)   37        23      1884


SUNRISE AND SUNSET
FEBRUARY 29 2020......SUNRISE   636 AM EST   SUNSET   559 PM EST
MARCH  1 2020.........SUNRISE   635 AM EST   SUNSET   600 PM EST


-  INDICATES NEGATIVE NUMBERS.
R  INDICATES RECORD WAS SET OR TIED.
MM INDICATES DATA IS MISSING.
T  INDICATES TRACE AMOUNT.




$$
