593
CDUS41 KAKQ 142128
CLIORF

CLIMATE REPORT
NATIONAL WEATHER SERVICE WAKEFIELD VA
528 PM EDT MON JUN 14 2021

...................................

...THE NORFOLK VA CLIMATE SUMMARY FOR JUNE 14 2021...
VALID TODAY AS OF 0500 PM LOCAL TIME.

CLIMATE NORMAL PERIOD: 1991 TO 2020
CLIMATE RECORD PERIOD: 1871 TO 2021


WEATHER ITEM   OBSERVED TIME   RECORD YEAR NORMAL DEPARTURE LAST
                VALUE   (LST)  VALUE       VALUE  FROM      YEAR
                                                  NORMAL
...................................................................
TEMPERATURE (F)
 TODAY
  MAXIMUM         87   3:36 PM  97    1945  85      2       73
  MINIMUM         68   4:44 AM  52    1980  68      0       66
  AVERAGE         78

PRECIPITATION (IN)
  TODAY            0.00          4.06 2006   0.15  -0.15      T
  MONTH TO DATE    3.53                      2.07   1.46     0.98
  SINCE JUN 1      3.53                      2.07   1.46     0.98
  SINCE JAN 1     20.70                     19.22   1.48    21.38

SNOWFALL (IN)
  TODAY            0.0
  MONTH TO DATE    0.0
  SINCE JUN 1      0.0
  SINCE JUL 1      3.4
  SNOW DEPTH       0

DEGREE DAYS
 HEATING
  TODAY            0                         0      0        0
  MONTH TO DATE    0                         1     -1        1
  SINCE JUN 1      0                         1     -1        1
  SINCE JUL 1   2699                      3067   -368     2512

 COOLING
  TODAY           13                        11      2        5
  MONTH TO DATE  177                       135     42      163
  SINCE JUN 1    177                       135     42      163
  SINCE JAN 1    409                       351     58      333
...................................................................


WIND (MPH)
  RESULTANT WIND SPEED   4   RESULTANT WIND DIRECTION   E (80)
  HIGHEST WIND SPEED    14   HIGHEST WIND DIRECTION    SE (140)
  HIGHEST GUST SPEED    20   HIGHEST GUST DIRECTION    SE (120)


SKY COVER
  POSSIBLE SUNSHINE  MM
  AVERAGE SKY COVER 0.0


WEATHER CONDITIONS
THE FOLLOWING WEATHER WAS RECORDED TODAY.
  NO SIGNIFICANT WEATHER WAS OBSERVED.


RELATIVE HUMIDITY (PERCENT)
 HIGHEST    87
 LOWEST     57
 AVERAGE    72

..........................................................


THE NORFOLK VA CLIMATE NORMALS FOR TOMORROW
                         NORMAL    RECORD    YEAR
 MAXIMUM TEMPERATURE (F)   85        97      1885
                                             2015
 MINIMUM TEMPERATURE (F)   68        52      1978
                                             1979


SUNRISE AND SUNSET
JUNE 14 2021..........SUNRISE   5:45 AM EDT   SUNSET   8:26 PM EDT
JUNE 15 2021..........SUNRISE   5:45 AM EDT   SUNSET   8:26 PM EDT


-  INDICATES NEGATIVE NUMBERS.
R  INDICATES RECORD WAS SET OR TIED.
MM INDICATES DATA IS MISSING.
T  INDICATES TRACE AMOUNT.




$$
