000
CDUS41 KAKQ 220626
CLIORF


CLIMATE REPORT
NATIONAL WEATHER SERVICE WAKEFIELD, VA
126 AM EST TUE JAN 22 2019


...................................

...THE NORFOLK VA CLIMATE SUMMARY FOR JANUARY 21 2019...

CLIMATE NORMAL PERIOD 1981 TO 2010
CLIMATE RECORD PERIOD 1871 TO 2019


WEATHER ITEM   OBSERVED TIME   RECORD YEAR NORMAL DEPARTURE LAST
                VALUE   (LST)  VALUE       VALUE  FROM      YEAR
                                                  NORMAL
..................................................................
TEMPERATURE (F)
 YESTERDAY
  MAXIMUM         29    421 PM  74    1935  48    -19       64
  MINIMUM         20    730 AM  -3    1985  33    -13       32
  AVERAGE         25                        40    -15       48

PRECIPITATION (IN)
  YESTERDAY        0.00          1.25 1979   0.11  -0.11     0.00
  MONTH TO DATE    2.67                      2.31   0.36     1.82
  SINCE DEC 1      6.56                      5.57   0.99     4.22
  SINCE JAN 1      2.67                      2.31   0.36     1.82

SNOWFALL (IN)
  YESTERDAY        0.0           2.0  2014   0.1   -0.1
  MONTH TO DATE    T                         1.7   -1.7
  SINCE NOV 1      0.1                       2.9   -2.8
  SINCE JUL 1      0.1                       2.9   -2.8
  SNOW DEPTH       0

DEGREE DAYS
 HEATING
  YESTERDAY       40                        25     15       17
  MONTH TO DATE  424                       520    -96      658
  SINCE DEC 1    967                      1169   -202     1332
  SINCE JUL 1   1475                      1699   -224     1758

 COOLING
  YESTERDAY        0                         0      0        0
  MONTH TO DATE    0                         0      0        1
  SINCE DEC 1      0                         1     -1        1
  SINCE JAN 1      0                         0      0        1
..................................................................


WIND (MPH)
  HIGHEST WIND SPEED    20   HIGHEST WIND DIRECTION     N (350)
  HIGHEST GUST SPEED    32   HIGHEST GUST DIRECTION    NW (300)
  AVERAGE WIND SPEED    11.7


SKY COVER
  POSSIBLE SUNSHINE  MM
  AVERAGE SKY COVER 0.0


WEATHER CONDITIONS
 THE FOLLOWING WEATHER WAS RECORDED YESTERDAY.
  NO SIGNIFICANT WEATHER WAS OBSERVED.


RELATIVE HUMIDITY (PERCENT)
 HIGHEST    45           500 AM
 LOWEST     21           400 PM
 AVERAGE    33

..........................................................


THE NORFOLK VA CLIMATE NORMALS FOR TODAY
                         NORMAL    RECORD    YEAR
 MAXIMUM TEMPERATURE (F)   48        77      1937
 MINIMUM TEMPERATURE (F)   33        12      1893


SUNRISE AND SUNSET
JANUARY 22 2019.......SUNRISE   714 AM EST   SUNSET   519 PM EST
JANUARY 23 2019.......SUNRISE   713 AM EST   SUNSET   520 PM EST


-  INDICATES NEGATIVE NUMBERS.
R  INDICATES RECORD WAS SET OR TIED.
MM INDICATES DATA IS MISSING.
T  INDICATES TRACE AMOUNT.




$$
