391
CDUS41 KAKQ 180545
CLIORF


CLIMATE REPORT
NATIONAL WEATHER SERVICE WAKEFIELD, VA
145 AM EDT WED SEP 18 2019


...................................

...THE NORFOLK VA CLIMATE SUMMARY FOR SEPTEMBER 17 2019...

CLIMATE NORMAL PERIOD 1981 TO 2010
CLIMATE RECORD PERIOD 1871 TO 2019


WEATHER ITEM   OBSERVED TIME   RECORD YEAR NORMAL DEPARTURE LAST
                VALUE   (LST)  VALUE       VALUE  FROM      YEAR
                                                  NORMAL
..................................................................
TEMPERATURE (F)
 YESTERDAY
  MAXIMUM         80   1118 AM  94    1980  79      1       84
                                      1958
  MINIMUM         70   1159 PM  49    1966  65      5       76
  AVERAGE         75                        72      3       80

PRECIPITATION (IN)
  YESTERDAY        0.00          2.23 1924   0.17  -0.17     0.01
  MONTH TO DATE    3.63                      2.85   0.78     2.72
  SINCE SEP 1      3.63                      2.85   0.78     2.72
  SINCE JAN 1     38.25                     34.79   3.46    45.23

SNOWFALL (IN)
  YESTERDAY        0.0           0.0  2002   0.0    0.0
                                      2001
  MONTH TO DATE    0.0                       0.0    0.0
  SINCE NOV 1      0.1                       5.8   -5.7
  SINCE JUL 1      0.0                       0.0    0.0
  SNOW DEPTH       0

DEGREE DAYS
 HEATING
  YESTERDAY        0                         0      0        0
  MONTH TO DATE    0                         0      0        0
  SINCE SEP 1      0                         0      0        0
  SINCE JUL 1      0                         0      0        0

 COOLING
  YESTERDAY       10                         7      3       15
  MONTH TO DATE  220                       158     62      278
  SINCE SEP 1    220                       158     62      278
  SINCE JAN 1   1974                      1493    481     1988
..................................................................


WIND (MPH)
  HIGHEST WIND SPEED    21   HIGHEST WIND DIRECTION    NE (30)
  HIGHEST GUST SPEED    27   HIGHEST GUST DIRECTION    NE (60)
  AVERAGE WIND SPEED    12.1


SKY COVER
  POSSIBLE SUNSHINE  MM
  AVERAGE SKY COVER 0.5


WEATHER CONDITIONS
 THE FOLLOWING WEATHER WAS RECORDED YESTERDAY.
  NO SIGNIFICANT WEATHER WAS OBSERVED.


RELATIVE HUMIDITY (PERCENT)
 HIGHEST    93           300 AM
 LOWEST     57          1000 PM
 AVERAGE    75

..........................................................


THE NORFOLK VA CLIMATE NORMALS FOR TODAY
                         NORMAL    RECORD    YEAR
 MAXIMUM TEMPERATURE (F)   79        96      1896
 MINIMUM TEMPERATURE (F)   65        50      1966


SUNRISE AND SUNSET
SEPTEMBER 18 2019.....SUNRISE   649 AM EDT   SUNSET   708 PM EDT
SEPTEMBER 19 2019.....SUNRISE   650 AM EDT   SUNSET   707 PM EDT


-  INDICATES NEGATIVE NUMBERS.
R  INDICATES RECORD WAS SET OR TIED.
MM INDICATES DATA IS MISSING.
T  INDICATES TRACE AMOUNT.




$$
