000
CDUS41 KAKQ 250545
CLIORF


CLIMATE REPORT
NATIONAL WEATHER SERVICE WAKEFIELD, VA
145 AM EDT MON MAR 25 2019


...................................

...THE NORFOLK VA CLIMATE SUMMARY FOR MARCH 24 2019...

CLIMATE NORMAL PERIOD 1981 TO 2010
CLIMATE RECORD PERIOD 1871 TO 2019


WEATHER ITEM   OBSERVED TIME   RECORD YEAR NORMAL DEPARTURE LAST
                VALUE   (LST)  VALUE       VALUE  FROM      YEAR
                                                  NORMAL
..................................................................
TEMPERATURE (F)
 YESTERDAY
  MAXIMUM         70    440 PM  86    1929  61      9       47
  MINIMUM         34    429 AM  20    1885  43     -9       38
  AVERAGE         52                        52      0       43

PRECIPITATION (IN)
  YESTERDAY        0.00          1.64 1952   0.12  -0.12     0.00
  MONTH TO DATE    1.96                      2.84  -0.88     3.80
  SINCE MAR 1      1.96                      2.84  -0.88     3.80
  SINCE JAN 1     10.46                      9.36   1.10     9.04

SNOWFALL (IN)
  YESTERDAY        0.0           4.0  1906   0.0    0.0
  MONTH TO DATE    0.0                       0.2   -0.2
  SINCE NOV 1      0.1                       5.8   -5.7
  SINCE JUL 1      0.1                       5.8   -5.7
  SNOW DEPTH       0

DEGREE DAYS
 HEATING
  YESTERDAY       13                        14     -1       22
  MONTH TO DATE  401                       406     -5      501
  SINCE MAR 1    401                       406     -5      501
  SINCE JUL 1   2606                      2975   -369     2855

 COOLING
  YESTERDAY        0                         0      0        0
  MONTH TO DATE    7                         0      7        0
  SINCE MAR 1      7                         0      7        0
  SINCE JAN 1      7                         1      6       15
..................................................................


WIND (MPH)
  HIGHEST WIND SPEED    21   HIGHEST WIND DIRECTION    SW (210)
  HIGHEST GUST SPEED    27   HIGHEST GUST DIRECTION    SW (220)
  AVERAGE WIND SPEED     9.9


SKY COVER
  POSSIBLE SUNSHINE  MM
  AVERAGE SKY COVER 0.0


WEATHER CONDITIONS
 THE FOLLOWING WEATHER WAS RECORDED YESTERDAY.
  NO SIGNIFICANT WEATHER WAS OBSERVED.


RELATIVE HUMIDITY (PERCENT)
 HIGHEST    92           600 AM
 LOWEST     22           200 PM
 AVERAGE    57

..........................................................


THE NORFOLK VA CLIMATE NORMALS FOR TODAY
                         NORMAL    RECORD    YEAR
 MAXIMUM TEMPERATURE (F)   61        84      1954
                                             1939
 MINIMUM TEMPERATURE (F)   43        27      1940
                                             1880


SUNRISE AND SUNSET
MARCH 25 2019.........SUNRISE   701 AM EDT   SUNSET   721 PM EDT
MARCH 26 2019.........SUNRISE   700 AM EDT   SUNSET   722 PM EDT


-  INDICATES NEGATIVE NUMBERS.
R  INDICATES RECORD WAS SET OR TIED.
MM INDICATES DATA IS MISSING.
T  INDICATES TRACE AMOUNT.




$$
