000
CDUS41 KAKQ 290527
CLIORF


CLIMATE REPORT
NATIONAL WEATHER SERVICE WAKEFIELD, VA
126 AM EDT FRI MAY 29 2020


...................................

...THE NORFOLK VA CLIMATE SUMMARY FOR MAY 28 2020...

CLIMATE NORMAL PERIOD 1981 TO 2010
CLIMATE RECORD PERIOD 1871 TO 2020


WEATHER ITEM   OBSERVED TIME   RECORD YEAR NORMAL DEPARTURE LAST
                VALUE   (LST)  VALUE       VALUE  FROM      YEAR
                                                  NORMAL
..................................................................
TEMPERATURE (F)
 YESTERDAY
  MAXIMUM         86    221 PM  98    1941  79      7       93
  MINIMUM         72    533 AM  39    1961  62     10       71
  AVERAGE         79                        70      9       82

PRECIPITATION (IN)
  YESTERDAY        0.23          3.33 1906   0.12   0.11      T
  MONTH TO DATE    2.28                      3.04  -0.76     2.16
  SINCE MAR 1     12.06                     10.13   1.93     7.83
  SINCE JAN 1     20.12                     16.65   3.47    16.33

SNOWFALL (IN)
  YESTERDAY        0.0           0.0  2002   0.0    0.0
                                      2001
  MONTH TO DATE    0.0                       0.0    0.0
  SINCE NOV 1      0.4                       5.8   -5.4
  SINCE JUL 1      0.4                       5.8   -5.4
  SNOW DEPTH       0

DEGREE DAYS
 HEATING
  YESTERDAY        0                         1     -1        0
  MONTH TO DATE   88                        68     20        9
  SINCE MAR 1    561                       799   -238      601
  SINCE JUL 1   2511                      3368   -857     2806

 COOLING
  YESTERDAY       14                         6      8       17
  MONTH TO DATE   79                       103    -24      238
  SINCE MAR 1    141                       146     -5      329
  SINCE JAN 1    145                       147     -2      329
..................................................................


WIND (MPH)
  HIGHEST WIND SPEED    22   HIGHEST WIND DIRECTION    SW (220)
  HIGHEST GUST SPEED    30   HIGHEST GUST DIRECTION    SW (230)
  AVERAGE WIND SPEED     9.8


SKY COVER
  POSSIBLE SUNSHINE  MM
  AVERAGE SKY COVER 0.7


WEATHER CONDITIONS
 THE FOLLOWING WEATHER WAS RECORDED YESTERDAY.
  HEAVY RAIN
  RAIN
  LIGHT RAIN
  FOG


RELATIVE HUMIDITY (PERCENT)
 HIGHEST    94           800 AM
 LOWEST     70           200 PM
 AVERAGE    82

..........................................................


THE NORFOLK VA CLIMATE NORMALS FOR TODAY
                         NORMAL    RECORD    YEAR
 MAXIMUM TEMPERATURE (F)   79        97      1941
 MINIMUM TEMPERATURE (F)   62        46      2008


SUNRISE AND SUNSET
MAY 29 2020...........SUNRISE   548 AM EDT   SUNSET   817 PM EDT
MAY 30 2020...........SUNRISE   548 AM EDT   SUNSET   818 PM EDT


-  INDICATES NEGATIVE NUMBERS.
R  INDICATES RECORD WAS SET OR TIED.
MM INDICATES DATA IS MISSING.
T  INDICATES TRACE AMOUNT.




$$
