000
CDUS41 KAKQ 030652
CLIORF

CLIMATE REPORT
NATIONAL WEATHER SERVICE WAKEFIELD VA
152 AM EST WED MAR 03 2021

...................................

...THE NORFOLK VA CLIMATE SUMMARY FOR MARCH 2 2021...

CLIMATE NORMAL PERIOD: 1981 TO 2010
CLIMATE RECORD PERIOD: 1871 TO 2021


WEATHER ITEM   OBSERVED TIME   RECORD YEAR NORMAL DEPARTURE LAST
                VALUE   (LST)  VALUE       VALUE  FROM      YEAR
                                                  NORMAL
...................................................................
TEMPERATURE (F)
 YESTERDAY
  MAXIMUM         49  12:28 AM  81    1972  54     -5       71
  MINIMUM         35  11:28 PM  20    1914  37     -2       38
                                      1980
  AVERAGE         42                        46     -4       55

PRECIPITATION (IN)
  YESTERDAY        0.00          3.78 1994   0.12  -0.12     0.00
  MONTH TO DATE    0.07                      0.24  -0.17     0.00
  SINCE MAR 1      0.07                      0.24  -0.17     0.00
  SINCE JAN 1     10.32                      6.76   3.56     8.06

SNOWFALL (IN)
  YESTERDAY        0.0          11.0  1927   0.0    0.0
  MONTH TO DATE    0.0                       0.0    0.0
  SINCE MAR 1      0.0                       0.0    0.0
  SINCE JUL 1      3.4                       5.6   -2.2
  SNOW DEPTH       0

DEGREE DAYS
 HEATING
  YESTERDAY       23                        20      3       10
  MONTH TO DATE   29                        40    -11       32
  SINCE MAR 1     29                        40    -11       32
  SINCE JUL 1   2151                      2609   -458     1982

 COOLING
  YESTERDAY        0                         0      0        0
  MONTH TO DATE    0                         0      0        0
  SINCE MAR 1      0                         0      0        0
  SINCE JAN 1      0                         1     -1        4
...................................................................


WIND (MPH)
  HIGHEST WIND SPEED    21   HIGHEST WIND DIRECTION     N (350)
  HIGHEST GUST SPEED    28   HIGHEST GUST DIRECTION     N (350)
  AVERAGE WIND SPEED     9.4


SKY COVER
  POSSIBLE SUNSHINE  MM
  AVERAGE SKY COVER 0.0


WEATHER CONDITIONS
THE FOLLOWING WEATHER WAS RECORDED YESTERDAY.
  NO SIGNIFICANT WEATHER WAS OBSERVED.


RELATIVE HUMIDITY (PERCENT)
 HIGHEST    69          11:00 PM
 LOWEST     35          11:00 AM
 AVERAGE    52

..........................................................


THE NORFOLK VA CLIMATE NORMALS FOR TODAY
                         NORMAL    RECORD    YEAR
 MAXIMUM TEMPERATURE (F)   54        77      1923
                                             1974
 MINIMUM TEMPERATURE (F)   37        16      1925


SUNRISE AND SUNSET
MARCH  3 2021.........SUNRISE   6:32 AM EST   SUNSET   6:01 PM EST
MARCH  4 2021.........SUNRISE   6:31 AM EST   SUNSET   6:02 PM EST


-  INDICATES NEGATIVE NUMBERS.
R  INDICATES RECORD WAS SET OR TIED.
MM INDICATES DATA IS MISSING.
T  INDICATES TRACE AMOUNT.




$$
