000
CDUS41 KAKQ 292129
CLIORF

CLIMATE REPORT
NATIONAL WEATHER SERVICE WAKEFIELD VA
529 PM EDT WED JUN 29 2022

...................................

...THE NORFOLK VA CLIMATE SUMMARY FOR JUNE 29 2022...
VALID TODAY AS OF 0500 PM LOCAL TIME.

CLIMATE NORMAL PERIOD: 1991 TO 2020
CLIMATE RECORD PERIOD: 1871 TO 2022


WEATHER ITEM   OBSERVED TIME   RECORD YEAR NORMAL DEPARTURE LAST
                VALUE   (LST)  VALUE       VALUE  FROM      YEAR
                                                  NORMAL
...................................................................
TEMPERATURE (F)
 TODAY
  MAXIMUM         83   3:01 PM 100    1880  89     -6       92
                                      1980
                                      2012
  MINIMUM         64   4:49 AM  58    1919  72     -8       75
  AVERAGE         74

PRECIPITATION (IN)
  TODAY            0.00          1.96 1973   0.14  -0.14     0.00
  MONTH TO DATE    2.27                      4.27  -2.00     4.44
  SINCE JUN 1      2.27                      4.27  -2.00     4.44
  SINCE JAN 1     20.87                     21.42  -0.55    21.61

SNOWFALL (IN)
  TODAY            0.0
  MONTH TO DATE    0.0
  SINCE JUN 1      0.0
  SINCE JUL 1     11.2
  SNOW DEPTH       0

DEGREE DAYS
 HEATING
  TODAY            0                         0      0        0
  MONTH TO DATE    0                         1     -1        0
  SINCE JUN 1      0                         1     -1        0
  SINCE JUL 1   2960                      3067   -107     2699

 COOLING
  TODAY            9                        15     -6       19
  MONTH TO DATE  309                       337    -28      377
  SINCE JUN 1    309                       337    -28      377
  SINCE JAN 1    540                       553    -13      609
...................................................................


WIND (MPH)
  RESULTANT WIND SPEED   2   RESULTANT WIND DIRECTION  SE (150)
  HIGHEST WIND SPEED    12   HIGHEST WIND DIRECTION    NE (30)
  HIGHEST GUST SPEED    14   HIGHEST GUST DIRECTION    NE (30)


SKY COVER
  POSSIBLE SUNSHINE  MM
  AVERAGE SKY COVER 0.0


WEATHER CONDITIONS
THE FOLLOWING WEATHER WAS RECORDED TODAY.
  NO SIGNIFICANT WEATHER WAS OBSERVED.


RELATIVE HUMIDITY (PERCENT)
 HIGHEST    93
 LOWEST     42
 AVERAGE    68

..........................................................


THE NORFOLK VA CLIMATE NORMALS FOR TOMORROW
                         NORMAL    RECORD    YEAR
 MAXIMUM TEMPERATURE (F)   89       101      1936
 MINIMUM TEMPERATURE (F)   72        58      1919


SUNRISE AND SUNSET
JUNE 29 2022..........SUNRISE   5:48 AM EDT   SUNSET   8:28 PM EDT
JUNE 30 2022..........SUNRISE   5:49 AM EDT   SUNSET   8:28 PM EDT


-  INDICATES NEGATIVE NUMBERS.
R  INDICATES RECORD WAS SET OR TIED.
MM INDICATES DATA IS MISSING.
T  INDICATES TRACE AMOUNT.




$$
