000
CDUS41 KAKQ 152130
CLIORF


CLIMATE REPORT
NATIONAL WEATHER SERVICE WAKEFIELD, VA
529 PM EDT MON OCT 15 2018


...................................

...THE NORFOLK VA CLIMATE SUMMARY FOR OCTOBER 15 2018...
VALID TODAY AS OF 0500 PM LOCAL TIME.

CLIMATE NORMAL PERIOD 1981 TO 2010
CLIMATE RECORD PERIOD 1871 TO 2018


WEATHER ITEM   OBSERVED TIME   RECORD YEAR NORMAL DEPARTURE LAST
                VALUE   (LST)  VALUE       VALUE  FROM      YEAR
                                                  NORMAL
..................................................................
TEMPERATURE (F)
 TODAY
  MAXIMUM         86    139 PM  89    1985  70     16       82
  MINIMUM         65    430 AM  31    1876  54     11       67
  AVERAGE         76

PRECIPITATION (IN)
  TODAY            0.00          1.62 2009   0.10  -0.10     0.01
  MONTH TO DATE    0.47                      1.69  -1.22     2.89
  SINCE SEP 1      4.35                      6.45  -2.10     4.88
  SINCE JAN 1     46.86                     38.39   8.47    43.42

SNOWFALL (IN)
  TODAY            0.0
  MONTH TO DATE    0.0
  SINCE NOV 1     15.1
  SINCE JUL 1      0.0
  SNOW DEPTH       0

DEGREE DAYS
 HEATING
  TODAY            0                         4     -4        0
  MONTH TO DATE    3                        43    -40        0
  SINCE SEP 1      3                        54    -51        0
  SINCE JUL 1      3                        54    -51        0

 COOLING
  TODAY           11                         2      9       10
  MONTH TO DATE  151                        40    111      121
  SINCE SEP 1    579                       270    309      388
  SINCE JAN 1   2289                      1605    684     2080
..................................................................


WIND (MPH)
  RESULTANT WIND SPEED  11   RESULTANT WIND DIRECTION  SW (210)
  HIGHEST WIND SPEED    25   HIGHEST WIND DIRECTION    SW (220)
  HIGHEST GUST SPEED    31   HIGHEST GUST DIRECTION    SW (220)


SKY COVER
  POSSIBLE SUNSHINE  MM
  AVERAGE SKY COVER 0.7


WEATHER CONDITIONS
 THE FOLLOWING WEATHER WAS RECORDED TODAY.
  NO SIGNIFICANT WEATHER WAS OBSERVED.


RELATIVE HUMIDITY (PERCENT)
 HIGHEST    81
 LOWEST     55
 AVERAGE    68

..........................................................


THE NORFOLK VA CLIMATE NORMALS FOR TOMORROW
                         NORMAL    RECORD    YEAR
 MAXIMUM TEMPERATURE (F)   70        87      2008
 MINIMUM TEMPERATURE (F)   54        33      1876


SUNRISE AND SUNSET
OCTOBER 15 2018.......SUNRISE   712 AM EDT   SUNSET   628 PM EDT
OCTOBER 16 2018.......SUNRISE   713 AM EDT   SUNSET   627 PM EDT


-  INDICATES NEGATIVE NUMBERS.
R  INDICATES RECORD WAS SET OR TIED.
MM INDICATES DATA IS MISSING.
T  INDICATES TRACE AMOUNT.




$$
