000
CDUS41 KAKQ 020623
CLIRIC

CLIMATE REPORT
NATIONAL WEATHER SERVICE WAKEFIELD VA
123 AM EST TUE MAR 02 2021

...................................

...THE RICHMOND VA CLIMATE SUMMARY FOR MARCH 1 2021...

CLIMATE NORMAL PERIOD: 1981 TO 2010
CLIMATE RECORD PERIOD: 1871 TO 2021


WEATHER ITEM   OBSERVED TIME   RECORD YEAR NORMAL DEPARTURE LAST
                VALUE   (LST)  VALUE       VALUE  FROM      YEAR
                                                  NORMAL
...................................................................
TEMPERATURE (F)
 YESTERDAY
  MAXIMUM         60   2:10 PM  81    2017  55      5       54
  MINIMUM         43  11:58 PM  11    1937  33     10       21
  AVERAGE         52                        44      8       38

PRECIPITATION (IN)
  YESTERDAY        0.32          0.93 2009   0.11   0.21     0.00
  MONTH TO DATE    0.32                      0.11   0.21     0.00
  SINCE MAR 1      0.32                      0.11   0.21     0.00
  SINCE JAN 1      9.02                      5.91   3.11     7.18

SNOWFALL (IN)
  YESTERDAY        0.0          10.6  1980   0.0    0.0
  MONTH TO DATE    0.0                       0.0    0.0
  SINCE MAR 1      0.0                       0.0    0.0
  SINCE JUL 1      7.0                       9.6   -2.6
  SNOW DEPTH       0

DEGREE DAYS
 HEATING
  YESTERDAY       13                        21     -8       27
  MONTH TO DATE   13                        21     -8       27
  SINCE MAR 1     13                        21     -8       27
  SINCE JUL 1   2721                      2957   -236     2588

 COOLING
  YESTERDAY        0                         0      0        0
  MONTH TO DATE    0                         0      0        0
  SINCE MAR 1      0                         0      0        0
  SINCE JAN 1      0                         0      0        0
...................................................................


WIND (MPH)
  HIGHEST WIND SPEED    24   HIGHEST WIND DIRECTION     N (350)
  HIGHEST GUST SPEED    31   HIGHEST GUST DIRECTION     N (350)
  AVERAGE WIND SPEED     8.1


SKY COVER
  POSSIBLE SUNSHINE  MM
  AVERAGE SKY COVER 1.0


WEATHER CONDITIONS
THE FOLLOWING WEATHER WAS RECORDED YESTERDAY.
  RAIN
  LIGHT RAIN
  FOG
  FOG W/VISIBILITY <= 1/4 MILE


RELATIVE HUMIDITY (PERCENT)
 HIGHEST   100          12:00 AM
 LOWEST     42          11:00 PM
 AVERAGE    71

..........................................................


THE RICHMOND VA CLIMATE NORMALS FOR TODAY
                         NORMAL    RECORD    YEAR
 MAXIMUM TEMPERATURE (F)   55        81      1972
 MINIMUM TEMPERATURE (F)   33        16      1980


SUNRISE AND SUNSET
MARCH  2 2021.........SUNRISE   6:39 AM EST   SUNSET   6:04 PM EST
MARCH  3 2021.........SUNRISE   6:37 AM EST   SUNSET   6:05 PM EST


-  INDICATES NEGATIVE NUMBERS.
R  INDICATES RECORD WAS SET OR TIED.
MM INDICATES DATA IS MISSING.
T  INDICATES TRACE AMOUNT.




$$
