188
CDUS41 KAKQ 170537
CLIRIC


CLIMATE REPORT
NATIONAL WEATHER SERVICE WAKEFIELD, VA
136 AM EDT FRI AUG 17 2018


...................................

...THE RICHMOND VA CLIMATE SUMMARY FOR AUGUST 16 2018...

CLIMATE NORMAL PERIOD 1981 TO 2010
CLIMATE RECORD PERIOD 1871 TO 2018


WEATHER ITEM   OBSERVED TIME   RECORD YEAR NORMAL DEPARTURE LAST
                VALUE   (LST)  VALUE       VALUE  FROM      YEAR
                                                  NORMAL
..................................................................
TEMPERATURE (F)
 YESTERDAY
  MAXIMUM         92    247 PM 101    1954  88      4       91
  MINIMUM         69    538 AM  53    1963  68      1       73
  AVERAGE         81                        78      3       82

PRECIPITATION (IN)
  YESTERDAY        0.00          3.10 2007   0.15  -0.15     0.00
  MONTH TO DATE    1.43                      2.45  -1.02     2.50
  SINCE JUN 1     20.43                     10.89   9.54     7.08
  SINCE JAN 1     42.14                     27.78  14.36    25.61

SNOWFALL (IN)
  YESTERDAY        0.0           0.0  2002   0.0    0.0
                                      2001
  MONTH TO DATE    0.0                       0.0    0.0
  SINCE NOV 1     12.4                      10.3    2.1
  SINCE JUL 1      0.0                       0.0    0.0
  SNOW DEPTH       0

DEGREE DAYS
 HEATING
  YESTERDAY        0                         0      0        0
  MONTH TO DATE    0                         0      0        0
  SINCE JUN 1      0                         7     -7        2
  SINCE JUL 1      0                         0      0        0

 COOLING
  YESTERDAY       16                        13      3       17
  MONTH TO DATE  245                       213     32      195
  SINCE JUN 1   1013                       971     42     1024
  SINCE JAN 1   1314                      1132    182     1247
..................................................................


WIND (MPH)
  HIGHEST WIND SPEED    12   HIGHEST WIND DIRECTION     W (250)
  HIGHEST GUST SPEED    16   HIGHEST GUST DIRECTION     S (200)
  AVERAGE WIND SPEED     4.1


SKY COVER
  POSSIBLE SUNSHINE  MM
  AVERAGE SKY COVER 0.7


WEATHER CONDITIONS
 THE FOLLOWING WEATHER WAS RECORDED YESTERDAY.
  NO SIGNIFICANT WEATHER WAS OBSERVED.


RELATIVE HUMIDITY (PERCENT)
 HIGHEST    97           600 AM
 LOWEST     50           400 PM
 AVERAGE    74

..........................................................


THE RICHMOND VA CLIMATE NORMALS FOR TODAY
                         NORMAL    RECORD    YEAR
 MAXIMUM TEMPERATURE (F)   88        99      1988
                                             1987
 MINIMUM TEMPERATURE (F)   68        56      1979
                                             1963
                                             1902


SUNRISE AND SUNSET
AUGUST 17 2018........SUNRISE   627 AM EDT   SUNSET   759 PM EDT
AUGUST 18 2018........SUNRISE   628 AM EDT   SUNSET   758 PM EDT


-  INDICATES NEGATIVE NUMBERS.
R  INDICATES RECORD WAS SET OR TIED.
MM INDICATES DATA IS MISSING.
T  INDICATES TRACE AMOUNT.




$$
