000
CDUS41 KAKQ 192245
CLIRIC


CLIMATE REPORT
NATIONAL WEATHER SERVICE WAKEFIELD, VA
545 PM EST SUN JAN 19 2020


...................................

...THE RICHMOND VA CLIMATE SUMMARY FOR JANUARY 19 2020...
VALID TODAY AS OF 0500 PM LOCAL TIME.

CLIMATE NORMAL PERIOD 1981 TO 2010
CLIMATE RECORD PERIOD 1871 TO 2020


WEATHER ITEM   OBSERVED TIME   RECORD YEAR NORMAL DEPARTURE LAST
                VALUE   (LST)  VALUE       VALUE  FROM      YEAR
                                                  NORMAL
..................................................................
TEMPERATURE (F)
 TODAY
  MAXIMUM         53   1200 PM  72    1974  47      6       53
  MINIMUM         42   1222 AM  -1    1994  28     14       39
  AVERAGE         48

PRECIPITATION (IN)
  TODAY            0.00          1.91 1936   0.10  -0.10      T
  MONTH TO DATE    2.69                      1.86   0.83     1.36
  SINCE DEC 1      5.96                      5.12   0.84     4.81
  SINCE JAN 1      2.69                      1.86   0.83     1.36

SNOWFALL (IN)
  TODAY            0.0
  MONTH TO DATE    T
  SINCE NOV 1      1.0
  SINCE JUL 1      1.0
  SNOW DEPTH       0

DEGREE DAYS
 HEATING
  TODAY           17                        27    -10       19
  MONTH TO DATE  342                       513   -171      437
  SINCE DEC 1    988                      1256   -268     1128
  SINCE JUL 1   1662                      1932   -270     1856

 COOLING
  TODAY            0                         0      0        0
  MONTH TO DATE    0                         0      0        0
  SINCE DEC 1      0                         1     -1        0
  SINCE JAN 1      0                         0      0        0
..................................................................


WIND (MPH)
  RESULTANT WIND SPEED   9   RESULTANT WIND DIRECTION   W (250)
  HIGHEST WIND SPEED    26   HIGHEST WIND DIRECTION    NW (310)
  HIGHEST GUST SPEED    34   HIGHEST GUST DIRECTION    NW (320)


SKY COVER
  POSSIBLE SUNSHINE  MM
  AVERAGE SKY COVER 0.5


WEATHER CONDITIONS
 THE FOLLOWING WEATHER WAS RECORDED TODAY.
  NO SIGNIFICANT WEATHER WAS OBSERVED.


RELATIVE HUMIDITY (PERCENT)
 HIGHEST    93
 LOWEST     30
 AVERAGE    62

..........................................................


THE RICHMOND VA CLIMATE NORMALS FOR TOMORROW
                         NORMAL    RECORD    YEAR
 MAXIMUM TEMPERATURE (F)   47        74      1951
 MINIMUM TEMPERATURE (F)   28        -2      1985


SUNRISE AND SUNSET
JANUARY 19 2020.......SUNRISE   721 AM EST   SUNSET   519 PM EST
JANUARY 20 2020.......SUNRISE   721 AM EST   SUNSET   520 PM EST


-  INDICATES NEGATIVE NUMBERS.
R  INDICATES RECORD WAS SET OR TIED.
MM INDICATES DATA IS MISSING.
T  INDICATES TRACE AMOUNT.




$$
