000
CDUS41 KAKQ 200530
CLIRIC


CLIMATE REPORT
NATIONAL WEATHER SERVICE WAKEFIELD, VA
129 AM EDT THU JUN 20 2019


...................................

...THE RICHMOND VA CLIMATE SUMMARY FOR JUNE 19 2019...

CLIMATE NORMAL PERIOD 1981 TO 2010
CLIMATE RECORD PERIOD 1871 TO 2019


WEATHER ITEM   OBSERVED TIME   RECORD YEAR NORMAL DEPARTURE LAST
                VALUE   (LST)  VALUE       VALUE  FROM      YEAR
                                                  NORMAL
..................................................................
TEMPERATURE (F)
 YESTERDAY
  MAXIMUM         86    258 PM 103    1944  87     -1       98
  MINIMUM         71    529 AM  50    1965  66      5       74
  AVERAGE         79                        76      3       86

PRECIPITATION (IN)
  YESTERDAY        0.01          1.29 1992   0.12  -0.11     1.25
  MONTH TO DATE    5.14                      2.53   2.61     4.81
  SINCE JUN 1      5.14                      2.53   2.61     4.81
  SINCE JAN 1     24.22                     19.42   4.80    26.52

SNOWFALL (IN)
  YESTERDAY        0.0           0.0  2002   0.0    0.0
                                      2001
  MONTH TO DATE    0.0                       0.0    0.0
  SINCE NOV 1     13.1                      10.3    2.8
  SINCE JUL 1     13.1                      10.3    2.8
  SNOW DEPTH       0

DEGREE DAYS
 HEATING
  YESTERDAY        0                         0      0        0
  MONTH TO DATE    0                         5     -5        0
  SINCE JUN 1      0                         5     -5        0
  SINCE JUL 1   3492                      3771   -279     3711

 COOLING
  YESTERDAY       14                        12      2       21
  MONTH TO DATE  165                       175    -10      199
  SINCE JUN 1    165                       175    -10      199
  SINCE JAN 1    494                       336    158      500
..................................................................


WIND (MPH)
  HIGHEST WIND SPEED    15   HIGHEST WIND DIRECTION     S (200)
  HIGHEST GUST SPEED    17   HIGHEST GUST DIRECTION    SW (210)
  AVERAGE WIND SPEED     6.9


SKY COVER
  POSSIBLE SUNSHINE  MM
  AVERAGE SKY COVER 0.8


WEATHER CONDITIONS
 THE FOLLOWING WEATHER WAS RECORDED YESTERDAY.
  LIGHT RAIN


RELATIVE HUMIDITY (PERCENT)
 HIGHEST    94          1000 PM
 LOWEST     70           200 PM
 AVERAGE    82

..........................................................


THE RICHMOND VA CLIMATE NORMALS FOR TODAY
                         NORMAL    RECORD    YEAR
 MAXIMUM TEMPERATURE (F)   88        98      2012
                                             1933
 MINIMUM TEMPERATURE (F)   66        52      1966
                                             1954


SUNRISE AND SUNSET
JUNE 20 2019..........SUNRISE   548 AM EDT   SUNSET   834 PM EDT
JUNE 21 2019..........SUNRISE   548 AM EDT   SUNSET   834 PM EDT


-  INDICATES NEGATIVE NUMBERS.
R  INDICATES RECORD WAS SET OR TIED.
MM INDICATES DATA IS MISSING.
T  INDICATES TRACE AMOUNT.




$$
