116
CDUS41 KAKQ 202139
CLIRIC


CLIMATE REPORT
NATIONAL WEATHER SERVICE WAKEFIELD, VA
538 PM EDT SUN OCT 20 2019


...................................

...THE RICHMOND VA CLIMATE SUMMARY FOR OCTOBER 20 2019...
VALID TODAY AS OF 0500 PM LOCAL TIME.

CLIMATE NORMAL PERIOD 1981 TO 2010
CLIMATE RECORD PERIOD 1871 TO 2019


WEATHER ITEM   OBSERVED TIME   RECORD YEAR NORMAL DEPARTURE LAST
                VALUE   (LST)  VALUE       VALUE  FROM      YEAR
                                                  NORMAL
..................................................................
TEMPERATURE (F)
 TODAY
  MAXIMUM         62   1235 PM  89    1984  70     -8       67
  MINIMUM         55    500 AM  27    1940  47      8       55
                                      1930
  AVERAGE         59

PRECIPITATION (IN)
  TODAY            1.59          4.76 1961   0.09   1.50     0.08
  MONTH TO DATE    3.61                      1.91   1.70     3.91
  SINCE SEP 1      4.03                      6.04  -2.01     8.44
  SINCE JAN 1     36.76                     36.03   0.73    52.50

SNOWFALL (IN)
  TODAY            0.0
  MONTH TO DATE    0.0
  SINCE NOV 1     13.1
  SINCE JUL 1      0.0
  SNOW DEPTH       0

DEGREE DAYS
 HEATING
  TODAY            6                         8     -2        4
  MONTH TO DATE   67                       105    -38       55
  SINCE SEP 1     67                       133    -66       55
  SINCE JUL 1     67                       134    -67       55

 COOLING
  TODAY            0                         1     -1        0
  MONTH TO DATE   70                        33     37      125
  SINCE SEP 1    418                       230    188      475
  SINCE JAN 1   2040                      1537    503     2000
..................................................................


WIND (MPH)
  RESULTANT WIND SPEED  10   RESULTANT WIND DIRECTION  NE (30)
  HIGHEST WIND SPEED    24   HIGHEST WIND DIRECTION     N (360)
  HIGHEST GUST SPEED    29   HIGHEST GUST DIRECTION     N (340)


SKY COVER
  POSSIBLE SUNSHINE  MM
  AVERAGE SKY COVER 1.0


WEATHER CONDITIONS
 THE FOLLOWING WEATHER WAS RECORDED TODAY.
  HEAVY RAIN
  RAIN
  LIGHT RAIN
  FOG


RELATIVE HUMIDITY (PERCENT)
 HIGHEST   100
 LOWEST     77
 AVERAGE    89

..........................................................


THE RICHMOND VA CLIMATE NORMALS FOR TOMORROW
                         NORMAL    RECORD    YEAR
 MAXIMUM TEMPERATURE (F)   70        86      1993
 MINIMUM TEMPERATURE (F)   46        25      1930


SUNRISE AND SUNSET
OCTOBER 20 2019.......SUNRISE   722 AM EDT   SUNSET   626 PM EDT
OCTOBER 21 2019.......SUNRISE   723 AM EDT   SUNSET   624 PM EDT


-  INDICATES NEGATIVE NUMBERS.
R  INDICATES RECORD WAS SET OR TIED.
MM INDICATES DATA IS MISSING.
T  INDICATES TRACE AMOUNT.




$$
