000
CDUS41 KAKQ 302139
CLIRIC

CLIMATE REPORT
NATIONAL WEATHER SERVICE WAKEFIELD VA
539 PM EDT THU JUN 30 2022

...................................

...THE RICHMOND VA CLIMATE SUMMARY FOR JUNE 30 2022...
VALID TODAY AS OF 0500 PM LOCAL TIME.

CLIMATE NORMAL PERIOD: 1991 TO 2020
CLIMATE RECORD PERIOD: 1871 TO 2022


WEATHER ITEM   OBSERVED TIME   RECORD YEAR NORMAL DEPARTURE LAST
                VALUE   (LST)  VALUE       VALUE  FROM      YEAR
                                                  NORMAL
...................................................................
TEMPERATURE (F)
 TODAY
  MAXIMUM         88  11:54 AM 103    1936  89     -1       96
  MINIMUM         68   4:10 AM  50    1919  68      0       72
  AVERAGE         78

PRECIPITATION (IN)
  TODAY            1.36          1.79 1999   0.16   1.20     0.00
  MONTH TO DATE    6.58                      4.64   1.94     4.02
  SINCE JUN 1      6.58                      4.64   1.94     4.02
  SINCE JAN 1     22.16                     21.66   0.50    20.28

SNOWFALL (IN)
  TODAY            0.0
  MONTH TO DATE    0.0
  SINCE JUN 1      0.0
  SINCE JUL 1      4.7
  SNOW DEPTH       0

DEGREE DAYS
 HEATING
  TODAY            0                         0      0        0
  MONTH TO DATE    0                         4     -4        0
  SINCE JUN 1      0                         4     -4        0
  SINCE JUL 1   3174                      3734   -560     3434

 COOLING
  TODAY           13                        14     -1       19
  MONTH TO DATE  320                       308     12      341
  SINCE JUN 1    320                       308     12      341
  SINCE JAN 1    553                       476     77      512
...................................................................


WIND (MPH)
  RESULTANT WIND SPEED   2   RESULTANT WIND DIRECTION  SE (140)
  HIGHEST WIND SPEED    23   HIGHEST WIND DIRECTION     E (110)
  HIGHEST GUST SPEED    37   HIGHEST GUST DIRECTION     W (290)


SKY COVER
  POSSIBLE SUNSHINE  MM
  AVERAGE SKY COVER 0.4


WEATHER CONDITIONS
THE FOLLOWING WEATHER WAS RECORDED TODAY.
  THUNDERSTORM
  HEAVY RAIN
  RAIN
  LIGHT RAIN
  FOG


RELATIVE HUMIDITY (PERCENT)
 HIGHEST    97
 LOWEST     55
 AVERAGE    76

..........................................................


THE RICHMOND VA CLIMATE NORMALS FOR TOMORROW
                         NORMAL    RECORD    YEAR
 MAXIMUM TEMPERATURE (F)   89       102      1945
 MINIMUM TEMPERATURE (F)   68        53      1988


SUNRISE AND SUNSET
JUNE 30 2022..........SUNRISE   5:52 AM EDT   SUNSET   8:34 PM EDT
JULY  1 2022..........SUNRISE   5:52 AM EDT   SUNSET   8:34 PM EDT


-  INDICATES NEGATIVE NUMBERS.
R  INDICATES RECORD WAS SET OR TIED.
MM INDICATES DATA IS MISSING.
T  INDICATES TRACE AMOUNT.




$$
