000
CDUS41 KAKQ 080545
CLIRIC


CLIMATE REPORT
NATIONAL WEATHER SERVICE WAKEFIELD, VA
145 AM EDT WED APR 8 2020


...................................

...THE RICHMOND VA CLIMATE SUMMARY FOR APRIL 7 2020...

CLIMATE NORMAL PERIOD 1981 TO 2010
CLIMATE RECORD PERIOD 1871 TO 2020


WEATHER ITEM   OBSERVED TIME   RECORD YEAR NORMAL DEPARTURE LAST
                VALUE   (LST)  VALUE       VALUE  FROM      YEAR
                                                  NORMAL
..................................................................
TEMPERATURE (F)
 YESTERDAY
  MAXIMUM         82    358 PM  94    1929  68     14       75
  MINIMUM         50    621 AM  25    1977  44      6       52
  AVERAGE         66                        56     10       64

PRECIPITATION (IN)
  YESTERDAY        0.22          1.95 2003   0.12   0.10     0.00
  MONTH TO DATE    0.31                      0.81  -0.50     0.63
  SINCE MAR 1      2.97                      4.85  -1.88     4.49
  SINCE JAN 1     10.15                     10.65  -0.50    10.80

SNOWFALL (IN)
  YESTERDAY        0.0           1.0  2007   0.0    0.0
  MONTH TO DATE    0.0                       0.0    0.0
  SINCE NOV 1      1.5                      10.2   -8.7
  SINCE JUL 1      1.5                      10.2   -8.7
  SNOW DEPTH       0

DEGREE DAYS
 HEATING
  YESTERDAY        0                        10    -10        1
  MONTH TO DATE   58                        76    -18       93
  SINCE MAR 1    390                       592   -202      642
  SINCE JUL 1   2951                      3528   -577     3432

 COOLING
  YESTERDAY        1                         1      0        0
  MONTH TO DATE    1                         6     -5        0
  SINCE MAR 1     24                        12     12        5
  SINCE JAN 1     24                        12     12        5
..................................................................


WIND (MPH)
  HIGHEST WIND SPEED    39   HIGHEST WIND DIRECTION    NW (330)
  HIGHEST GUST SPEED    50   HIGHEST GUST DIRECTION     N (340)
  AVERAGE WIND SPEED     5.5


SKY COVER
  POSSIBLE SUNSHINE  MM
  AVERAGE SKY COVER 0.5


WEATHER CONDITIONS
 THE FOLLOWING WEATHER WAS RECORDED YESTERDAY.
  THUNDERSTORM
  HEAVY RAIN
  RAIN
  FOG
  HAZE


RELATIVE HUMIDITY (PERCENT)
 HIGHEST   100          1000 PM
 LOWEST     31           400 PM
 AVERAGE    66

..........................................................


THE RICHMOND VA CLIMATE NORMALS FOR TODAY
                         NORMAL    RECORD    YEAR
 MAXIMUM TEMPERATURE (F)   68        91      1929
 MINIMUM TEMPERATURE (F)   44        28      1990


SUNRISE AND SUNSET
APRIL  8 2020.........SUNRISE   644 AM EDT   SUNSET   739 PM EDT
APRIL  9 2020.........SUNRISE   642 AM EDT   SUNSET   740 PM EDT


-  INDICATES NEGATIVE NUMBERS.
R  INDICATES RECORD WAS SET OR TIED.
MM INDICATES DATA IS MISSING.
T  INDICATES TRACE AMOUNT.




$$
