870
CDUS41 KAKQ 162229
CLIRIC


CLIMATE REPORT
NATIONAL WEATHER SERVICE WAKEFIELD, VA
528 PM EST WED JAN 16 2019


...................................

...THE RICHMOND VA CLIMATE SUMMARY FOR JANUARY 16 2019...
VALID TODAY AS OF 0500 PM LOCAL TIME.

CLIMATE NORMAL PERIOD 1981 TO 2010
CLIMATE RECORD PERIOD 1871 TO 2019


WEATHER ITEM   OBSERVED TIME   RECORD YEAR NORMAL DEPARTURE LAST
                VALUE   (LST)  VALUE       VALUE  FROM      YEAR
                                                  NORMAL
..................................................................
TEMPERATURE (F)
 TODAY
  MAXIMUM         47    355 PM  73    1953  47      0       44
  MINIMUM         25    612 AM   3    1977  28     -3       26
                                      1972
  AVERAGE         36

PRECIPITATION (IN)
  TODAY            0.00          1.27 1909   0.10  -0.10      T
  MONTH TO DATE    1.36                      1.57  -0.21     1.34
  SINCE DEC 1      4.81                      4.83  -0.02     2.39
  SINCE JAN 1      1.36                      1.57  -0.21     1.34

SNOWFALL (IN)
  TODAY            0.0
  MONTH TO DATE    1.5
  SINCE NOV 1     13.0
  SINCE JUL 1     13.0
  SNOW DEPTH       0

DEGREE DAYS
 HEATING
  TODAY           29                        27      2       30
  MONTH TO DATE  369                       432    -63      559
  SINCE DEC 1   1060                      1175   -115     1334
  SINCE JUL 1   1788                      1851    -63     1946

 COOLING
  TODAY            0                         0      0        0
  MONTH TO DATE    0                         0      0        0
  SINCE DEC 1      0                         1     -1        0
  SINCE JAN 1      0                         0      0        0
..................................................................


WIND (MPH)
  RESULTANT WIND SPEED   1   RESULTANT WIND DIRECTION   W (260)
  HIGHEST WIND SPEED    12   HIGHEST WIND DIRECTION     N (360)
  HIGHEST GUST SPEED    15   HIGHEST GUST DIRECTION     N (360)


SKY COVER
  POSSIBLE SUNSHINE  MM
  AVERAGE SKY COVER 0.3


WEATHER CONDITIONS
 THE FOLLOWING WEATHER WAS RECORDED TODAY.
  FOG


RELATIVE HUMIDITY (PERCENT)
 HIGHEST    92
 LOWEST     49
 AVERAGE    71

..........................................................


THE RICHMOND VA CLIMATE NORMALS FOR TOMORROW
                         NORMAL    RECORD    YEAR
 MAXIMUM TEMPERATURE (F)   47        80      1943
 MINIMUM TEMPERATURE (F)   28        -1      1977


SUNRISE AND SUNSET
JANUARY 16 2019.......SUNRISE   723 AM EST   SUNSET   516 PM EST
JANUARY 17 2019.......SUNRISE   722 AM EST   SUNSET   517 PM EST


-  INDICATES NEGATIVE NUMBERS.
R  INDICATES RECORD WAS SET OR TIED.
MM INDICATES DATA IS MISSING.
T  INDICATES TRACE AMOUNT.




$$
