000
CDUS41 KAKQ 242128
CLIRIC


CLIMATE REPORT
NATIONAL WEATHER SERVICE WAKEFIELD, VA
527 PM EDT SUN MAR 24 2019


...................................

...THE RICHMOND VA CLIMATE SUMMARY FOR MARCH 24 2019...
VALID TODAY AS OF 0500 PM LOCAL TIME.

CLIMATE NORMAL PERIOD 1981 TO 2010
CLIMATE RECORD PERIOD 1871 TO 2019


WEATHER ITEM   OBSERVED TIME   RECORD YEAR NORMAL DEPARTURE LAST
                VALUE   (LST)  VALUE       VALUE  FROM      YEAR
                                                  NORMAL
..................................................................
TEMPERATURE (F)
 TODAY
  MAXIMUM         71    329 PM  87    1929  63      8       52
                                      1907
  MINIMUM         28    406 AM  18    1940  39    -11       32
  AVERAGE         50

PRECIPITATION (IN)
  TODAY            0.00          1.58 1952   0.14  -0.14     0.00
  MONTH TO DATE    3.55                      3.10   0.45     2.31
  SINCE MAR 1      3.55                      3.10   0.45     2.31
  SINCE JAN 1      9.86                      8.90   0.96     7.76

SNOWFALL (IN)
  TODAY            0.0
  MONTH TO DATE    0.0
  SINCE NOV 1     13.1
  SINCE JUL 1     13.1
  SNOW DEPTH       0

DEGREE DAYS
 HEATING
  TODAY           15                        14      1       23
  MONTH TO DATE  467                       425     42      549
  SINCE MAR 1    467                       425     42      549
  SINCE JUL 1   3257                      3361   -104     3313

 COOLING
  TODAY            0                         0      0        0
  MONTH TO DATE    5                         0      5        0
  SINCE MAR 1      5                         0      5        0
  SINCE JAN 1      5                         0      5        6
..................................................................


WIND (MPH)
  RESULTANT WIND SPEED   6   RESULTANT WIND DIRECTION  SW (210)
  HIGHEST WIND SPEED    20   HIGHEST WIND DIRECTION     S (200)
  HIGHEST GUST SPEED    26   HIGHEST GUST DIRECTION     W (250)


SKY COVER
  POSSIBLE SUNSHINE  MM
  AVERAGE SKY COVER 0.3


WEATHER CONDITIONS
 THE FOLLOWING WEATHER WAS RECORDED TODAY.
  NO SIGNIFICANT WEATHER WAS OBSERVED.


RELATIVE HUMIDITY (PERCENT)
 HIGHEST    82
 LOWEST     18
 AVERAGE    50

..........................................................


THE RICHMOND VA CLIMATE NORMALS FOR TOMORROW
                         NORMAL    RECORD    YEAR
 MAXIMUM TEMPERATURE (F)   63        86      1939
 MINIMUM TEMPERATURE (F)   40        22      1956


SUNRISE AND SUNSET
MARCH 24 2019.........SUNRISE   707 AM EDT   SUNSET   725 PM EDT
MARCH 25 2019.........SUNRISE   706 AM EDT   SUNSET   726 PM EDT


-  INDICATES NEGATIVE NUMBERS.
R  INDICATES RECORD WAS SET OR TIED.
MM INDICATES DATA IS MISSING.
T  INDICATES TRACE AMOUNT.




$$
