000
CDUS41 KAKQ 180535
CLIRIC

CLIMATE REPORT
NATIONAL WEATHER SERVICE WAKEFIELD VA
135 AM EDT FRI JUN 18 2021

...................................

...THE RICHMOND VA CLIMATE SUMMARY FOR JUNE 17 2021...

CLIMATE NORMAL PERIOD: 1991 TO 2020
CLIMATE RECORD PERIOD: 1871 TO 2021


WEATHER ITEM   OBSERVED TIME   RECORD YEAR NORMAL DEPARTURE LAST
                VALUE   (LST)  VALUE       VALUE  FROM      YEAR
                                                  NORMAL
...................................................................
TEMPERATURE (F)
 YESTERDAY
  MAXIMUM         80   4:40 PM  99    1944  86     -6       70
  MINIMUM         58  11:10 PM  48    1961  65     -7       62
  AVERAGE         69                        76     -7       66

PRECIPITATION (IN)
  YESTERDAY        0.00          2.22 1930   0.17  -0.17     0.31
  MONTH TO DATE    3.36                      2.60   0.76     2.91
  SINCE JUN 1      3.36                      2.60   0.76     2.91
  SINCE JAN 1     19.62                     19.62   0.00    19.36

SNOWFALL (IN)
  YESTERDAY        0.0           0.0  2001   0.0    0.0
                                      2002
  MONTH TO DATE    0.0                       0.0    0.0
  SINCE JUN 1      0.0                       0.0    0.0
  SINCE JUL 1      7.0                       8.8   -1.8
  SNOW DEPTH      MM

DEGREE DAYS
 HEATING
  YESTERDAY        0                         0      0        0
  MONTH TO DATE    0                         4     -4        3
  SINCE JUN 1      0                         4     -4        3
  SINCE JUL 1   3434                      3734   -300     3279

 COOLING
  YESTERDAY        4                        11     -7        1
  MONTH TO DATE  181                       147     34      157
  SINCE JUN 1    181                       147     34      157
  SINCE JAN 1    352                       315     37      297
...................................................................


WIND (MPH)
  HIGHEST WIND SPEED    15   HIGHEST WIND DIRECTION     N (340)
  HIGHEST GUST SPEED    22   HIGHEST GUST DIRECTION    NW (330)
  AVERAGE WIND SPEED     6.7


SKY COVER
  POSSIBLE SUNSHINE  MM
  AVERAGE SKY COVER 0.3


WEATHER CONDITIONS
THE FOLLOWING WEATHER WAS RECORDED YESTERDAY.
  NO SIGNIFICANT WEATHER WAS OBSERVED.


RELATIVE HUMIDITY (PERCENT)
 HIGHEST    80          12:00 AM
 LOWEST     23           2:00 PM
 AVERAGE    52

..........................................................


THE RICHMOND VA CLIMATE NORMALS FOR TODAY
                         NORMAL    RECORD    YEAR
 MAXIMUM TEMPERATURE (F)   87       100      1944
                                             1970
 MINIMUM TEMPERATURE (F)   65        48      1961


SUNRISE AND SUNSET
JUNE 18 2021..........SUNRISE   5:48 AM EDT   SUNSET   8:33 PM EDT
JUNE 19 2021..........SUNRISE   5:48 AM EDT   SUNSET   8:33 PM EDT


-  INDICATES NEGATIVE NUMBERS.
R  INDICATES RECORD WAS SET OR TIED.
MM INDICATES DATA IS MISSING.
T  INDICATES TRACE AMOUNT.




$$
