000
CDUS41 KAKQ 090538
CLIRIC


CLIMATE REPORT
NATIONAL WEATHER SERVICE WAKEFIELD, VA
138 AM EDT SUN AUG 9 2020


...................................

...THE RICHMOND VA CLIMATE SUMMARY FOR AUGUST 8 2020...

CLIMATE NORMAL PERIOD 1981 TO 2010
CLIMATE RECORD PERIOD 1871 TO 2020


WEATHER ITEM   OBSERVED TIME   RECORD YEAR NORMAL DEPARTURE LAST
                VALUE   (LST)  VALUE       VALUE  FROM      YEAR
                                                  NORMAL
..................................................................
TEMPERATURE (F)
 YESTERDAY
  MAXIMUM         88    314 PM 104    2007  88      0       92
  MINIMUM         72   1159 PM  57    2002  68      4       67
                                      1994
                                      1989
  AVERAGE         80                        78      2       80

PRECIPITATION (IN)
  YESTERDAY        0.24          1.23 1937   0.15   0.09     0.00
  MONTH TO DATE    9.72                      1.31   8.41     1.03
  SINCE JUN 1     17.77                      9.75   8.02    12.39
  SINCE JAN 1     34.22                     26.64   7.58    31.47

SNOWFALL (IN)
  YESTERDAY        0.0           0.0  2002   0.0    0.0
                                      2001
  MONTH TO DATE    0.0                       0.0    0.0
  SINCE NOV 1      1.5                      10.3   -8.8
  SINCE JUL 1      0.0                       0.0    0.0
  SNOW DEPTH       0

DEGREE DAYS
 HEATING
  YESTERDAY        0                         0      0        0
  MONTH TO DATE    0                         0      0        0
  SINCE JUN 1      3                         7     -4        0
  SINCE JUL 1      0                         0      0        0

 COOLING
  YESTERDAY       15                        13      2       15
  MONTH TO DATE  127                       109     18      117
  SINCE JUN 1   1009                       867    142      968
  SINCE JAN 1   1149                      1028    121     1297
..................................................................


WIND (MPH)
  HIGHEST WIND SPEED    13   HIGHEST WIND DIRECTION     S (160)
  HIGHEST GUST SPEED    18   HIGHEST GUST DIRECTION     S (170)
  AVERAGE WIND SPEED     5.1


SKY COVER
  POSSIBLE SUNSHINE  MM
  AVERAGE SKY COVER 0.7


WEATHER CONDITIONS
 THE FOLLOWING WEATHER WAS RECORDED YESTERDAY.
  HEAVY RAIN
  LIGHT RAIN
  FOG


RELATIVE HUMIDITY (PERCENT)
 HIGHEST   100           900 PM
 LOWEST     59           200 PM
 AVERAGE    80

..........................................................


THE RICHMOND VA CLIMATE NORMALS FOR TODAY
                         NORMAL    RECORD    YEAR
 MAXIMUM TEMPERATURE (F)   88       101      1930
 MINIMUM TEMPERATURE (F)   68        57      1975


SUNRISE AND SUNSET
AUGUST  9 2020........SUNRISE   621 AM EDT   SUNSET   808 PM EDT
AUGUST 10 2020........SUNRISE   622 AM EDT   SUNSET   807 PM EDT


-  INDICATES NEGATIVE NUMBERS.
R  INDICATES RECORD WAS SET OR TIED.
MM INDICATES DATA IS MISSING.
T  INDICATES TRACE AMOUNT.




$$
