000
CDUS41 KAKQ 200530
CLIRIC


CLIMATE REPORT
NATIONAL WEATHER SERVICE WAKEFIELD, VA
130 AM EDT TUE AUG 20 2019


...................................

...THE RICHMOND VA CLIMATE SUMMARY FOR AUGUST 19 2019...

CLIMATE NORMAL PERIOD 1981 TO 2010
CLIMATE RECORD PERIOD 1871 TO 2019


WEATHER ITEM   OBSERVED TIME   RECORD YEAR NORMAL DEPARTURE LAST
                VALUE   (LST)  VALUE       VALUE  FROM      YEAR
                                                  NORMAL
..................................................................
TEMPERATURE (F)
 YESTERDAY
  MAXIMUM         99R   205 PM  98    2002  88     11       87
                                      1914
  MINIMUM         74    539 AM  53    1930  67      7       73
                                      1924
  AVERAGE         87                        77     10       80

PRECIPITATION (IN)
  YESTERDAY        T             3.62 1957   0.15  -0.15     0.08
  MONTH TO DATE    1.48                      2.91  -1.43     1.55
  SINCE JUN 1     12.84                     11.35   1.49    20.55
  SINCE JAN 1     31.92                     28.24   3.68    42.26

SNOWFALL (IN)
  YESTERDAY        0.0           0.0  2002   0.0    0.0
                                      2001
  MONTH TO DATE    0.0                       0.0    0.0
  SINCE NOV 1     13.1                      10.3    2.8
  SINCE JUL 1      0.0                       0.0    0.0
  SNOW DEPTH       0

DEGREE DAYS
 HEATING
  YESTERDAY        0                         0      0        0
  MONTH TO DATE    0                         0      0        0
  SINCE JUN 1      0                         7     -7        0
  SINCE JUL 1      0                         0      0        0

 COOLING
  YESTERDAY       22                        12     10       15
  MONTH TO DATE  297                       250     47      295
  SINCE JUN 1   1148                      1008    140     1063
  SINCE JAN 1   1477                      1169    308     1364
..................................................................


WIND (MPH)
  HIGHEST WIND SPEED    21   HIGHEST WIND DIRECTION    SE (130)
  HIGHEST GUST SPEED    29   HIGHEST GUST DIRECTION     E (110)
  AVERAGE WIND SPEED     5.7


SKY COVER
  POSSIBLE SUNSHINE  MM
  AVERAGE SKY COVER 0.5


WEATHER CONDITIONS
 THE FOLLOWING WEATHER WAS RECORDED YESTERDAY.
  THUNDERSTORM


RELATIVE HUMIDITY (PERCENT)
 HIGHEST    94           200 AM
 LOWEST     42           100 PM
 AVERAGE    68

..........................................................


THE RICHMOND VA CLIMATE NORMALS FOR TODAY
                         NORMAL    RECORD    YEAR
 MAXIMUM TEMPERATURE (F)   87       102      1983
 MINIMUM TEMPERATURE (F)   67        53      1998
                                             1930


SUNRISE AND SUNSET
AUGUST 20 2019........SUNRISE   629 AM EDT   SUNSET   755 PM EDT
AUGUST 21 2019........SUNRISE   630 AM EDT   SUNSET   754 PM EDT


-  INDICATES NEGATIVE NUMBERS.
R  INDICATES RECORD WAS SET OR TIED.
MM INDICATES DATA IS MISSING.
T  INDICATES TRACE AMOUNT.




$$
