000
CDUS41 KAKQ 140514
CLISBY

CLIMATE REPORT
NATIONAL WEATHER SERVICE WAKEFIELD VA
114 AM EDT WED APR 14 2021

...................................

...THE SALISBURY MD CLIMATE SUMMARY FOR APRIL 13 2021...

CLIMATE NORMAL PERIOD: 1981 TO 2010
CLIMATE RECORD PERIOD: 1900 TO 2021


WEATHER ITEM   OBSERVED TIME   RECORD YEAR NORMAL DEPARTURE LAST
                VALUE   (LST)  VALUE       VALUE  FROM      YEAR
                                                  NORMAL
...................................................................
TEMPERATURE (F)
 YESTERDAY
  MAXIMUM         64        MM  86    1977  64      0       78
  MINIMUM         43        MM  24    1940  43      0       59
  AVERAGE         54                        53      1       69

PRECIPITATION (IN)
  YESTERDAY        0.00          1.45 1994   0.12  -0.12     0.66
  MONTH TO DATE    0.28                      1.70  -1.42     1.08
  SINCE MAR 1      4.44                      6.12  -1.68     4.22
  SINCE JAN 1     12.57                     13.08  -0.51    12.18

SNOWFALL (IN)
  YESTERDAY        0.0           1.0  1940   0.0    0.0
  MONTH TO DATE    T                         0.1   -0.1
  SINCE MAR 1      T                         0.9   -0.9
  SINCE JUL 1      5.7                       9.2   -3.5
  SNOW DEPTH       0

DEGREE DAYS
 HEATING
  YESTERDAY       11                        12     -1        0
  MONTH TO DATE  141                       179    -38      130
  SINCE MAR 1    640                       809   -169      573
  SINCE JUL 1   3475                      4114   -639     3324

 COOLING
  YESTERDAY        0                         0      0        4
  MONTH TO DATE    5                         0      5        4
  SINCE MAR 1     13                         2     11        9
  SINCE JAN 1     13                         2     11        9
...................................................................


WIND (MPH)
  HIGHEST WIND SPEED    12   HIGHEST WIND DIRECTION    NW (330)
  HIGHEST GUST SPEED    17   HIGHEST GUST DIRECTION    NW (330)
  AVERAGE WIND SPEED     6.6


SKY COVER
  POSSIBLE SUNSHINE  MM
  AVERAGE SKY COVER 0.6


WEATHER CONDITIONS
THE FOLLOWING WEATHER WAS RECORDED YESTERDAY.
  NO SIGNIFICANT WEATHER WAS OBSERVED.


RELATIVE HUMIDITY (PERCENT)
 HIGHEST    82          10:00 PM
 LOWEST     52           4:00 PM
 AVERAGE    67

..........................................................


THE SALISBURY MD CLIMATE NORMALS FOR TODAY
                         NORMAL    RECORD    YEAR
 MAXIMUM TEMPERATURE (F)   65        87      1941
 MINIMUM TEMPERATURE (F)   43        26      1950
                                             1975
                                             2007


SUNRISE AND SUNSET
APRIL 14 2021.........SUNRISE   6:27 AM EDT   SUNSET   7:38 PM EDT
APRIL 15 2021.........SUNRISE   6:26 AM EDT   SUNSET   7:39 PM EDT


-  INDICATES NEGATIVE NUMBERS.
R  INDICATES RECORD WAS SET OR TIED.
MM INDICATES DATA IS MISSING.
T  INDICATES TRACE AMOUNT.




$$
