000
CDUS41 KAKQ 140514
CLIWAL

CLIMATE REPORT
NATIONAL WEATHER SERVICE WAKEFIELD VA
114 AM EDT WED APR 14 2021

...................................

...THE WALLOPS ISLAND VA CLIMATE SUMMARY FOR APRIL 13 2021...

CLIMATE NORMAL PERIOD: 1981 TO 2010
CLIMATE RECORD PERIOD: 1963 TO 2021


WEATHER ITEM   OBSERVED TIME   RECORD YEAR NORMAL DEPARTURE
                VALUE   (LST)  VALUE       VALUE  FROM
                                                  NORMAL
................................................................
TEMPERATURE (F)
 YESTERDAY
  MAXIMUM         56        MM  90    1977  62     -6
  MINIMUM         45        MM  32    1973  44      1
  AVERAGE         51                        53     -2

PRECIPITATION (IN)
  YESTERDAY        0.00          0.85        0.10  -0.10
  MONTH TO DATE    0.21                      1.48  -1.27
  SINCE MAR 1      3.34                      5.48  -2.14
  SINCE JAN 1     13.12                     11.28   1.84

SNOWFALL (IN)
  YESTERDAY        0.0           0.0    MM   0.0    0.0
  MONTH TO DATE    T                         0.0    0.0
  SINCE MAR 1      T                         0.4   -0.4
  SINCE JUL 1      8.1                       7.8    0.3

DEGREE DAYS
 HEATING
  YESTERDAY       14                                2
  MONTH TO DATE  139                              -40
  SINCE MAR 1    650                             -148
  SINCE JUL 1   3254                             -624

 COOLING
  YESTERDAY        0                                0
  MONTH TO DATE    4                                4
  SINCE MAR 1      9                                8
  SINCE JAN 1      9                                8
................................................................


WIND (MPH)
  HIGHEST WIND SPEED    14   HIGHEST WIND DIRECTION    NE (60)
  HIGHEST GUST SPEED    MM   HIGHEST GUST DIRECTION    MM
  AVERAGE WIND SPEED     8.5


RELATIVE HUMIDITY (PERCENT)
 HIGHEST    86
 LOWEST     68
 AVERAGE    77

..........................................................


THE WALLOPS ISLAND VA CLIMATE NORMALS FOR TODAY
                         NORMAL    RECORD    YEAR
 MAXIMUM TEMPERATURE (F)   63        85      1977
 MINIMUM TEMPERATURE (F)   45        31      1975


SUNRISE AND SUNSET
APRIL 14 2021.........SUNRISE   6:28 AM EDT   SUNSET   7:37 PM EDT
APRIL 15 2021.........SUNRISE   6:26 AM EDT   SUNSET   7:38 PM EDT


-  INDICATES NEGATIVE NUMBERS.
R  INDICATES RECORD WAS SET OR TIED.
MM INDICATES DATA IS MISSING.
T  INDICATES TRACE AMOUNT.




$$
