000
CXUS55 KCYS 012023
CF6BFF
PRELIMINARY LOCAL CLIMATOLOGICAL DATA (WS FORM: F-6)
STATION: SCOTTSBLUFF NE AIRPORT
MONTH: APRIL
YEAR: 2023
LATITUDE: 41 52 N
LONGITUDE: 103 36 W
TEMPERATURE IN F: :PCPN: SNOW: WIND :SUNSHINE: SKY :PK WND
================================================================================
1 2 3 4 5 6A 6B 7 8 9 10 11 12 13 14 15 16 17 18
12Z AVG MX 2MIN
DY MAX MIN AVG DEP HDD CDD WTR SNW DPTH SPD SPD DIR MIN PSBL S-S WX SPD DR
================================================================================
1 64 22 43 -2 22 0 0.00 0.0 0 7.8 32 260 M M 0 44 260
2 63 28 46 1 19 0 0.00 0.0 0 15.0 37 300 M M 1 54 310
3 46 30 38 -7 27 0 T T 0 19.8 35 70 M M 10 16 46 60
4 30 21 26 -19 39 0 0.10 1.0 1 18.7 29 360 M M 9 16 36 360
5 39 18 29 -16 36 0 0.00 0.0 1 13.2 28 320 M M 1 39 310
6 48 19 34 -12 31 0 0.00 0.0 0 12.7 33 260 M M 0 46 260
7 69 18 44 -2 21 0 0.00 0.0 0 4.1 16 260 M M 0 19 260
8 69 28 49 3 16 0 0.00 0.0 0 10.5 21 300 M M 1 27 310
9 70 31 51 5 14 0 0.00 0.0 0 9.3 20 310 M M 0 27 300
10 78 26 52 6 13 0 0.00 0.0 0 3.7 12 260 M M 0 17 260
11 92 33 63 17 2 0 0.00 0.0 0 6.4 24 250 M M 0 34 250
12 91 36 64 18 1 0 0.00 0.0 0 7.2 28 250 M M 0 46 110
13 82 49 66 19 0 1 T 0.0 0 10.2 29 340 M M 2 41 220
14 50 36 43 -4 22 0 0.20 T 0 11.9 25 360 M M 10 1 35 360
15 54 28 41 -6 24 0 0.01 T 0 13.4 30 330 M M 7 1 41 320
16 63 25 44 -3 21 0 0.00 0.0 0 6.4 13 130 M M 0 17 140
17 78 32 55 7 10 0 0.00 0.0 0 7.5 18 260 M M 0 25 260
18 77 41 59 11 6 0 T 0.0 0 10.8 35 270 M M 1 8 50 280
19 60 33 47 -1 18 0 0.01 T 0 11.5 39 270 M M 5 1 53 270
20 55 25 40 -8 25 0 T 0.0 T 12.4 37 350 M M 4 48 330
21 52 26 39 -9 26 0 0.00 0.0 0 17.3 31 330 M M 6 43 320
22 49 28 39 -10 26 0 0.00 0.0 0 12.1 22 330 M M 7 32 310
23 62 21 42 -7 23 0 0.00 0.0 0 5.7 17 300 M M 3 25 290
24 71 29 50 1 15 0 0.00 0.0 0 9.3 18 130 M M 1 27 160
25 54 39 47 -3 18 0 T 0.0 0 11.6 18 140 M M 7 23 150
26 68 43 56 6 9 0 0.00 0.0 0 6.5 17 200 M M 8 23 200
27 71 41 56 6 9 0 0.22 0.0 0 13.7 43 310 M M 5 138 59 310
28 62 37 50 0 15 0 0.00 0.0 0 14.8 29 340 M M 6 39 300
29 74 35 55 4 10 0 0.00 0.0 0 15.9 36 350 M M 4 49 330
30 69 36 53 2 12 0 0.00 0.0 0 6.4 22 70 M M 1 28 70
================================================================================
SM 1910 914 530 1 0.54 1.0 325.8 M 99
================================================================================
AV 63.7 30.5 10.9 FASTST M M 3 MAX(MPH)
MISC ----> 43 310 59 310
================================================================================
NOTES:
# LAST OF SEVERAL OCCURRENCES
COLUMN 17 PEAK WIND IN M.P.H.
PRELIMINARY LOCAL CLIMATOLOGICAL DATA (WS FORM: F-6) , PAGE 2
STATION: SCOTTSBLUFF NE AIRPORT
MONTH: APRIL
YEAR: 2023
LATITUDE: 41 52 N
LONGITUDE: 103 36 W
[TEMPERATURE DATA] [PRECIPITATION DATA] SYMBOLS USED IN COLUMN 16
AVERAGE MONTHLY: 47.1 TOTAL FOR MONTH: 0.54 1 = FOG OR MIST
DPTR FM NORMAL: -0.4 DPTR FM NORMAL: -1.38 2 = FOG REDUCING VISIBILITY
HIGHEST: 92 ON 11 GRTST 24HR 0.22 ON 27-27 TO 1/4 MILE OR LESS
LOWEST: 18 ON 7, 5 3 = THUNDER
SNOW, ICE PELLETS, HAIL 4 = ICE PELLETS
TOTAL MONTH: 1.0 INCH 5 = HAIL
GRTST 24HR 1.0 ON 4- 4 6 = FREEZING RAIN OR DRIZZLE
GRTST DEPTH: 1 ON 5, 4 7 = DUSTSTORM OR SANDSTORM:
VSBY 1/2 MILE OR LESS
8 = SMOKE OR HAZE
[NO. OF DAYS WITH] [WEATHER - DAYS WITH] 9 = BLOWING SNOW
X = TORNADO
MAX 32 OR BELOW: 1 0.01 INCH OR MORE: 5
MAX 90 OR ABOVE: 2 0.10 INCH OR MORE: 3
MIN 32 OR BELOW: 18 0.50 INCH OR MORE: 0
MIN 0 OR BELOW: 0 1.00 INCH OR MORE: 0
[HDD (BASE 65) ]
TOTAL THIS MO. 530 CLEAR (SCALE 0-3) 17
DPTR FM NORMAL 2 PTCLDY (SCALE 4-7) 10
TOTAL FM JUL 1 6415 CLOUDY (SCALE 8-10) 3
DPTR FM NORMAL 402
[CDD (BASE 65) ]
TOTAL THIS MO. 1
DPTR FM NORMAL 0 [PRESSURE DATA]
TOTAL FM JAN 1 1 HIGHEST SLP 30.36 ON 6
DPTR FM NORMAL 0 LOWEST SLP 29.27 ON 13
[REMARKS]
#FINAL-04-23#
APRIL 4...USED COOP BACKUP FOR PRECIPITATION AND SNOWFALL
APRIL 11...RECORD HIGH TEMPERATURE 92F (PREVIOUS: 85F IN 1916)
APRIL 12...RECORD HIGH TEMPERATURE 91F (PREVIOUS: 86F IN 1931)