000
CXUS51 KCAR 010700
CF6BGR
PRELIMINARY LOCAL CLIMATOLOGICAL DATA (WS FORM: F-6)
STATION: BANGOR ME
MONTH: JANUARY
YEAR: 2023
LATITUDE: 44 47 N
LONGITUDE: 68 49 W
TEMPERATURE IN F: :PCPN: SNOW: WIND :SUNSHINE: SKY :PK WND
================================================================================
1 2 3 4 5 6A 6B 7 8 9 10 11 12 13 14 15 16 17 18
12Z AVG MX 2MIN
DY MAX MIN AVG DEP HDD CDD WTR SNW DPTH SPD SPD DIR MIN PSBL S-S WX SPD DR
================================================================================
1 51 33 42 21 23 0 0.27 0.0 0 7.1 24 320 M M 8 1 38 310
2 43 28 36 15 29 0 0.00 0.0 0 1.7 12 310 M M 8 16 270
3 41 30 36 16 29 0 0.08 0.0 0 3.8 12 360 M M 9 1 15 360
4 42 33 38 18 27 0 0.11 T 0 5.4 14 70 M M 9 14 21 50
5 33 25 29 9 36 0 0.24 1.0 T 10.6 18 30 M M 10 146 27 40
6 30 25 28 8 37 0 0.06 0.9 1 5.4 12 10 M M 10 1 14 10
7 36 21 29 9 36 0 T T 2 6.9 26 330 M M 10 1 35 340
8 29 13 21 2 44 0 0.00 0.0 1 7.3 22 320 M M 3 28 320
9 31 15 23 4 42 0 T T T 2.7 9 200 M M 7 12 200
10 30 13 22 3 43 0 T T T 8.8 22 320 M M 5 1 32 320
11 25 5 15 -4 50 0 0.00 0.0 T 2.2 9 10 M M 1 13 360
12 36 12 24 5 41 0 0.12 1.0 T 3.8 8 80 M M 9 16 13 60
13 52 33 43 25 22 0 0.98 T 0 12.3 30 180 M M 10 1 41 160
14 33 27 30 12 35 0 0.03 T 0 16.1 23 360 M M 10 146 32 10
15 27 19 23 5 42 0 0.01 T 0 19.6 28 10 M M 9 46 37 10
16 33 24 29 11 36 0 1.49 3.9 T 17.3 28 10 M M 10 146 39 360
17 36 26 31 13 34 0 0.03 0.2 4 7.2 18 320 M M 8 14 23 330
18 43 27 35 17 30 0 0.00 0.0 4 4.8 18 300 M M 8 29 310
19 36 29 33 15 32 0 0.00 0.0 3 9.4 21 320 M M 6 26 320
20 30 22 26 8 39 0 0.12 3.3 5 12.2 18 20 M M 9 1 26 10
21 28 3 16 -2 49 0 T T 6 6.8 17 360 M M 4 23 10
22 28 -2 13 -5 52 0 0.19 2.3 8 2.2 12 180 M M 7 1 15 190
23 30 24 27 9 38 0 0.67 10.5 12 13.4 25 360 M M 9 12 34 340
24 37 23 30 12 35 0 T T 19 7.0 22 320 M M 9 29 300
25 28 4 16 -2 49 0 0.03 0.7 16 5.3 15 330 M M 6 1 19 330
26 47 21 34 16 31 0 1.25 2.3 16 10.2 25 300 M M 9 126 37 290
27 32 11 22 4 43 0 0.00 0.0 10 4.0 15 290 M M 3 24 280
28 41 10 26 8 39 0 T T 10 6.4 18 200 M M 6 1 28 190
29 42 17 30 12 35 0 0.04 0.0 9 3.5 15 170 M M 8 22 170
30 38 23 31 13 34 0 T T 7 6.2 21 340 M M 8 25 340
31 27 10 19 1 46 0 0.10 3.2 9 8.9 20 320 M M 7 1 32 310
================================================================================
SM 1095 604 1158 0 5.82 29.3 238.5 M 235
================================================================================
AV 35.3 19.5 7.7 FASTST M M 8 MAX(MPH)
MISC ----> 30 180 41 160
================================================================================
NOTES:
# LAST OF SEVERAL OCCURRENCES
COLUMN 17 PEAK WIND IN M.P.H.
PRELIMINARY LOCAL CLIMATOLOGICAL DATA (WS FORM: F-6) , PAGE 2
STATION: BANGOR ME
MONTH: JANUARY
YEAR: 2023
LATITUDE: 44 47 N
LONGITUDE: 68 49 W
[TEMPERATURE DATA] [PRECIPITATION DATA] SYMBOLS USED IN COLUMN 16
AVERAGE MONTHLY: 27.4 TOTAL FOR MONTH: 5.82 1 = FOG OR MIST
DPTR FM NORMAL: 8.9 DPTR FM NORMAL: 2.65 2 = FOG REDUCING VISIBILITY
HIGHEST: 52 ON 13 GRTST 24HR 1.81 ON 12-13 TO 1/4 MILE OR LESS
LOWEST: -2 ON 22 3 = THUNDER
SNOW, ICE PELLETS, HAIL 4 = ICE PELLETS
TOTAL MONTH: 29.3 INCHES 5 = HAIL
GRTST 24HR 10.5 ON 23-23 6 = FREEZING RAIN OR DRIZZLE
GRTST DEPTH: 19 ON 24 7 = DUSTSTORM OR SANDSTORM:
VSBY 1/2 MILE OR LESS
8 = SMOKE OR HAZE
[NO. OF DAYS WITH] [WEATHER - DAYS WITH] 9 = BLOWING SNOW
X = TORNADO
MAX 32 OR BELOW: 13 0.01 INCH OR MORE: 18
MAX 90 OR ABOVE: 0 0.10 INCH OR MORE: 11
MIN 32 OR BELOW: 28 0.50 INCH OR MORE: 4
MIN 0 OR BELOW: 1 1.00 INCH OR MORE: 2
[HDD (BASE 65) ]
TOTAL THIS MO. 1158 CLEAR (SCALE 0-3) 2
DPTR FM NORMAL -282 PTCLDY (SCALE 4-7) 13
TOTAL FM JUL 1 3508 CLOUDY (SCALE 8-10) 16
DPTR FM NORMAL -722
[CDD (BASE 65) ]
TOTAL THIS MO. 0
DPTR FM NORMAL 0 [PRESSURE DATA]
TOTAL FM JAN 1 0 HIGHEST SLP M ON M
DPTR FM NORMAL 0 LOWEST SLP 29.13 ON 26
[REMARKS]
#FINAL-01-23#