000
CXUS55 KOHX 011010
CF6CKV
PRELIMINARY LOCAL CLIMATOLOGICAL DATA (WS FORM: F-6)
STATION: CLARKSVILLE
MONTH: AUGUST
YEAR: 2020
LATITUDE: 36 37 N
LONGITUDE: 87 25 W
TEMPERATURE IN F: :PCPN: SNOW: WIND :SUNSHINE: SKY :PK WND
================================================================================
1 2 3 4 5 6A 6B 7 8 9 10 11 12 13 14 15 16 17 18
12Z AVG MX 2MIN
DY MAX MIN AVG DEP HDD CDD WTR SNW DPTH SPD SPD DIR MIN PSBL S-S WX SPD DR
================================================================================
1 81 66 74 -4 0 9 0.16 M M 9.7 21 250 M M 9 1 34 230
2 83 64 74 -4 0 9 0.00 M M 5.1 13 210 M M 2 17 200
3 87 66 77 -1 0 12 0.06 M M 3.6 21 300 M M 1 13 26 300
4 81 65 73 -5 0 8 0.00 M M 7.4 17 330 M M 4 1 22 360
5 82 61 72 -6 0 7 0.00 M M 5.7 13 10 M M 2 19 10
6 83 63 73 -5 0 8 0.00 M M 6.1 13 360 M M 2 17 340
7 85 62 74 -4 0 9 0.00 M M 3.6 9 40 M M 1 1 13 40
8 90 63 77 -1 0 12 0.00 M M 1.5 7 20 M M 0 1 10 280
9 91 70 81 3 0 16 0.03 M M 3.9 12 320 M M 2 1 17 210
10 93 72 83 5 0 18 T M M 5.4 26 340 M M 1 13 39 350
11 86 68 77 -1 0 12 0.10 M M 3.0 13 220 M M 3 1 17 240
12 87 72 80 2 0 15 0.72 M M 1.4 20 140 M M 5 123 30 120
13 91 70 81 3 0 16 0.55 M M 3.4 17 40 M M M 123 24 40
14 88 71 80 2 0 15 0.27 M M 1.9 21 310 M M M 13 28 290
15 88 70 79 1 0 14 0.00 M M 4.5 13 10 M M M 128 19 30
16 86 66 76 -1 0 11 0.00 M M 5.7 22 340 M M M 29 340
17 88 63 76 -1 0 11 0.00 M M 2.8 9 290 M M 4 14 250
18 86 67 77 0 0 12 T M M 5.2 18 340 M M 4 1 23 340
19 81 67 74 -3 0 9 0.00 M M 8.1 15 30 M M 8 1 23 10
20 86 63 75 -2 0 10 0.00 M M 5.0 13 40 M M 2 19 40
21 75 68 72 -5 0 7 0.14 M M 3.2 10 140 M M 5 13 15 140
22 83 68 76 -1 0 11 0.04 M M 2.7 10 360 M M 5 1 13 360
23 88 64 76 -1 0 11 0.00 M M 1.7 8 270 M M 2 1 11 290
24 91 65 78 1 0 13 0.00 M M 1.7 7 270 M M 3 12 11 130
25 92 67 80 4 0 15 0.00 M M 2.9 16 200 M M 1 1 21 200
26 89 68 79 3 0 14 T M M 4.6 10 340 M M 3 1 15 210
27 88 73 81 5 0 16 0.02 M M 5.0 16 130 M M 0 13 24 140
28 83 73 78 2 0 13 0.55 M M 9.1 22 190 M M 6 1 31 200
29 90 72 81 5 0 16 0.74 M M 5.8 29 10 M M 5 13 38 20
30 82 70 76 0 0 11 0.09 M M 4.3 14 10 M M 7 1 18 20
31 87 69 78 3 0 13 0.54 M M 4.8 23 230 M M 5 13 34 240
================================================================================
SM 2671 2086 0 373 4.01 M 138.8 M 92
================================================================================
AV 86.2 67.3 4.5 FASTST M M 3 MAX(MPH)
MISC ----> # 29 10 # 39 350
================================================================================
NOTES:
# LAST OF SEVERAL OCCURRENCES
COLUMN 17 PEAK WIND IN M.P.H.
PRELIMINARY LOCAL CLIMATOLOGICAL DATA (WS FORM: F-6) , PAGE 2
STATION: CLARKSVILLE
MONTH: AUGUST
YEAR: 2020
LATITUDE: 36 37 N
LONGITUDE: 87 25 W
[TEMPERATURE DATA] [PRECIPITATION DATA] SYMBOLS USED IN COLUMN 16
AVERAGE MONTHLY: 76.7 TOTAL FOR MONTH: 4.01 1 = FOG OR MIST
DPTR FM NORMAL: -0.5 DPTR FM NORMAL: 0.90 2 = FOG REDUCING VISIBILITY
HIGHEST: 93 ON 10 GRTST 24HR 0.94 ON 31- 1 TO 1/4 MILE OR LESS
LOWEST: 61 ON 5 3 = THUNDER
SNOW, ICE PELLETS, HAIL 4 = ICE PELLETS
TOTAL MONTH: M 5 = HAIL
GRTST 24HR M ON M 6 = FREEZING RAIN OR DRIZZLE
GRTST DEPTH: M ON M 7 = DUSTSTORM OR SANDSTORM:
VSBY 1/2 MILE OR LESS
8 = SMOKE OR HAZE
[NO. OF DAYS WITH] [WEATHER - DAYS WITH] 9 = BLOWING SNOW
X = TORNADO
MAX 32 OR BELOW: 0 0.01 INCH OR MORE: 14
MAX 90 OR ABOVE: 7 0.10 INCH OR MORE: 9
MIN 32 OR BELOW: 0 0.50 INCH OR MORE: 5
MIN 0 OR BELOW: 0 1.00 INCH OR MORE: 0
[HDD (BASE 65) ]
TOTAL THIS MO. 0 CLEAR (SCALE 0-3) 14
DPTR FM NORMAL -1 PTCLDY (SCALE 4-7) 12
TOTAL FM JUL 1 0 CLOUDY (SCALE 8-10) 1
DPTR FM NORMAL -1
[CDD (BASE 65) ]
TOTAL THIS MO. 373
DPTR FM NORMAL -4 [PRESSURE DATA]
TOTAL FM JAN 1 1276 HIGHEST SLP 30.18 ON 8
DPTR FM NORMAL 56 LOWEST SLP 29.68 ON 28
[REMARKS]
#FINAL-08-20#