000
CXUS53 KTOP 010810
CF6CNK
PRELIMINARY LOCAL CLIMATOLOGICAL DATA (WS FORM: F-6)
STATION: CONCORDIA KS
MONTH: AUGUST
YEAR: 2023
LATITUDE: 39 32 N
LONGITUDE: 97 39 W
TEMPERATURE IN F: :PCPN: SNOW: WIND :SUNSHINE: SKY :PK WND
================================================================================
1 2 3 4 5 6A 6B 7 8 9 10 11 12 13 14 15 16 17 18
12Z AVG MX 2MIN
DY MAX MIN AVG DEP HDD CDD WTR SNW DPTH SPD SPD DIR MIN PSBL S-S WX SPD DR
================================================================================
1 100 72 86 8 0 21 0.00 0.0 0 7.5 15 50 M M 5 1 22 50
2 101 75 88 10 0 23 0.02 0.0 0 7.7 25 300 M M 1 13 38 320
3 89 74 82 4 0 17 0.58 M M 7.1 20 320 M M 4 13 26 310
4 89 70 80 2 0 15 0.64 M M 5.6 23 330 M M 4 13 36 320
5 93 67 80 2 0 15 0.91 M M 6.4 39 300 M M 1 13 53 300
6 80 65 73 -5 0 8 0.00 M M 13.5 28 290 M M 4 40 290
7 85 64 75 -3 0 10 0.01 M M 4.8 20 150 M M 1 29 150
8 90 64 77 -1 0 12 0.00 M M 4.1 10 210 M M 1 16 190
9 90 69 80 2 0 15 0.05 M M 4.6 18 190 M M 3 3 27 190
10 94 66 80 2 0 15 0.00 M M 7.7 30 10 M M 0 13 42 30
11 101 71 86 9 0 21 0.00 M M 9.3 17 200 M M 0 3 26 220
12 91 70 81 4 0 16 0.00 M M 8.2 16 100 M M 1 3 25 70
13 89 67 78 1 0 13 0.26 M M 8.1 33 170 M M 4 13 50 160
14 82 59 71 -6 0 6 0.00 M M 11.0 26 330 M M 1 38 330
15 87 58 73 -4 0 8 0.00 M M 5.2 13 170 M M 0 18 170
16 95 65 80 3 0 15 0.00 M M 13.9 23 180 M M 0 33 190
17 89 64 77 1 0 12 0.00 M M 7.6 18 340 M M 0 25 330
18 95 59 77 1 0 12 0.00 M M 10.3 20 160 M M 0 28 170
19 108 77 93 17 0 28 0.00 M M 10.5 20 190 M M 0 30 200
20 105 78 92 16 0 27 0.00 M M 5.5 12 100 M M 0 18 18 90
21 109 76 93 17 0 28 0.00 M M 5.9 15 200 M M 2 128 23 200
22 108 78 93 17 0 28 0.00 M M 7.7 16 130 M M 0 8 24 190
23 107 82 95 20 0 30 0.00 M M 11.7 18 200 M M 0 26 210
24 107 78 93 18 0 28 0.00 M M 11.7 21 210 M M 0 27 250
25 108 70 89 14 0 24 1.68 M M 8.7 41 290 M M 3 123 56 290
26 84 68 76 1 0 11 0.10 M M 9.4 17 20 M M 4 27 20
27 86 62 74 0 0 9 0.00 M M 3.3 12 30 M M 1 1 16 40
28 90 61 76 2 0 11 0.00 M M 3.5 13 330 M M 2 18 15 340
29 93 68 81 7 0 16 0.00 0.0 0 5.8 15 360 M M 2 21 350
30 90 62 76 2 0 11 0.00 0.0 0 4.5 13 160 M M 0 18 19 170
31 94 64 79 5 0 14 0.00 M M 10.6 18 150 M M 0 8 27 170
================================================================================
SM 2929 2123 0 519 4.25 0.0 241.4 M 44
================================================================================
AV 94.5 68.5 7.8 FASTST M M 1 MAX(MPH)
MISC ----> 41 290 56 290
================================================================================
NOTES:
# LAST OF SEVERAL OCCURRENCES
COLUMN 17 PEAK WIND IN M.P.H.
PRELIMINARY LOCAL CLIMATOLOGICAL DATA (WS FORM: F-6) , PAGE 2
STATION: CONCORDIA KS
MONTH: AUGUST
YEAR: 2023
LATITUDE: 39 32 N
LONGITUDE: 97 39 W
[TEMPERATURE DATA] [PRECIPITATION DATA] SYMBOLS USED IN COLUMN 16
AVERAGE MONTHLY: 81.5 TOTAL FOR MONTH: 4.25 1 = FOG OR MIST
DPTR FM NORMAL: 5.1 DPTR FM NORMAL: 0.76 2 = FOG REDUCING VISIBILITY
HIGHEST: 109 ON 21 GRTST 24HR 1.78 ON 25-26 TO 1/4 MILE OR LESS
LOWEST: 58 ON 15 3 = THUNDER
SNOW, ICE PELLETS, HAIL 4 = ICE PELLETS
TOTAL MONTH: 0.0 INCH 5 = HAIL
GRTST 24HR 0.0 6 = FREEZING RAIN OR DRIZZLE
GRTST DEPTH: 0 7 = DUSTSTORM OR SANDSTORM:
VSBY 1/2 MILE OR LESS
8 = SMOKE OR HAZE
[NO. OF DAYS WITH] [WEATHER - DAYS WITH] 9 = BLOWING SNOW
X = TORNADO
MAX 32 OR BELOW: 0 0.01 INCH OR MORE: 9
MAX 90 OR ABOVE: 21 0.10 INCH OR MORE: 6
MIN 32 OR BELOW: 0 0.50 INCH OR MORE: 4
MIN 0 OR BELOW: 0 1.00 INCH OR MORE: 1
[HDD (BASE 65) ]
TOTAL THIS MO. 0 CLEAR (SCALE 0-3) 23
DPTR FM NORMAL -2 PTCLDY (SCALE 4-7) 8
TOTAL FM JUL 1 0 CLOUDY (SCALE 8-10) 0
DPTR FM NORMAL 0
[CDD (BASE 65) ]
TOTAL THIS MO. 519
DPTR FM NORMAL 163 [PRESSURE DATA]
TOTAL FM JAN 1 1507 HIGHEST SLP M ON M
DPTR FM NORMAL 328 LOWEST SLP 29.68 ON 10
[REMARKS]
#FINAL-08-23#