000
CXUS55 KGJT 011630
CF6EEO
PRELIMINARY LOCAL CLIMATOLOGICAL DATA (WS FORM: F-6)
STATION: MEEKER CO
MONTH: DECEMBER
YEAR: 2023
LATITUDE: 40 2 N
LONGITUDE: 107 53 W
TEMPERATURE IN F: :PCPN: SNOW: WIND :SUNSHINE: SKY :PK WND
================================================================================
1 2 3 4 5 6A 6B 7 8 9 10 11 12 13 14 15 16 17 18
12Z AVG MX 2MIN
DY MAX MIN AVG DEP HDD CDD WTR SNW DPTH SPD SPD DIR MIN PSBL S-S WX SPD DR
================================================================================
1 31 14 23 -4 42 0 0.02 M M 1.2 8 280 M M 8 1 12 290
2 31 13 22 -5 43 0 0.02 M M 5.2 21 220 M M 9 1 32 230
3 34 28 31 5 34 0 0.21 M M 6.2 23 230 M M 10 12 33 220
4 45 18 32 6 33 0 0.01 M M 2.3 9 110 M M 3 1 11 130
5 45 12 29 4 36 0 0.00 M M 1.7 9 100 M M 0 15 90
6 47 15 31 6 34 0 0.00 M M 1.4 9 100 M M 0 15 200
7 45 20 33 8 32 0 T M M 9.3 25 220 M M 8 36 240
8 30 18 24 0 41 0 0.14 M M 4.1 18 330 M M 9 12 29 330
9 27 2 15 -9 50 0 0.04 M M 4.2 9 260 M M 7 1 13 260
10 32 -1 16 -8 49 0 0.00 M M 2.1 10 90 M M 9 14 100
11 44 16 30 7 35 0 T M M 2.6 9 50 M M 6 13 60
12 36 15 26 3 39 0 0.00 M M 1.1 12 20 M M 4 13 20
13 35 20 28 5 37 0 0.00 M M 1.8 9 240 M M 5 12 230
14 30 14 22 0 43 0 0.00 M M 1.4 6 70 M M 4 1 9 90
15 39 10 25 3 40 0 0.00 M M 2.2 9 90 M M 0 12 80
16 44 10 27 5 38 0 0.00 M M 2.2 7 40 M M 0 10 50
17 44 13 29 7 36 0 0.00 M M 2.9 10 40 M M 0 12 30
18 42 11 27 6 38 0 0.00 M M 1.4 7 100 M M 0 12 70
19 40 14 27 6 38 0 T M M 1.2 6 40 M M 5 8 90
20 47 25 36 15 29 0 T M M 1.0 6 40 M M 6 8 130
21 45 23 34 13 31 0 0.00 M M 1.3 8 50 M M 5 11 70
22 42 17 30 9 35 0 0.00 M M 0.9 8 110 M M 1 11 100
23 32 21 27 7 38 0 0.45 M M 2.8 12 30 M M 10 1 16 30
24 24 -6 9 -11 56 0 0.03 M M 3.5 12 310 M M 8 1 16 280
25 17 -12 3 -17 62 0 0.00 M M 1.2 7 40 M M 1 8 80
26 23 -12 6 -14 59 0 0.00 M M 1.2 7 250 M M 3 9 100
27 24 -8 8 -12 57 0 0.00 M M 1.1 8 10 M M 0 9 20
28 26 -9 9 -11 56 0 0.00 M M 1.2 6 40 M M 0 8 40
29 28 -5 12 -8 53 0 0.00 M M 0.6 6 60 M M 0 7 50
30 31 2 17 -3 48 0 0.00 M M 0.9 8 80 M M 1 13 50
31 36 7 22 2 43 0 0.00 M M 1.2 7 60 M M 4 9 60
================================================================================
SM 1096 305 1305 0 0.92 M 71.4 M 126
================================================================================
AV 35.4 9.8 2.3 FASTST M M 4 MAX(MPH)
MISC ----> 25 220 36 240
================================================================================
NOTES:
# LAST OF SEVERAL OCCURRENCES
COLUMN 17 PEAK WIND IN M.P.H.
PRELIMINARY LOCAL CLIMATOLOGICAL DATA (WS FORM: F-6) , PAGE 2
STATION: MEEKER CO
MONTH: DECEMBER
YEAR: 2023
LATITUDE: 40 2 N
LONGITUDE: 107 53 W
[TEMPERATURE DATA] [PRECIPITATION DATA] SYMBOLS USED IN COLUMN 16
AVERAGE MONTHLY: 22.6 TOTAL FOR MONTH: 0.92 1 = FOG OR MIST
DPTR FM NORMAL: 0.2 DPTR FM NORMAL: 0.04 2 = FOG REDUCING VISIBILITY
HIGHEST: 47 ON 20, 6 GRTST 24HR 0.45 ON 23-23 TO 1/4 MILE OR LESS
LOWEST: -12 ON 26,25 3 = THUNDER
SNOW, ICE PELLETS, HAIL 4 = ICE PELLETS
TOTAL MONTH: M 5 = HAIL
GRTST 24HR M ON M 6 = FREEZING RAIN OR DRIZZLE
GRTST DEPTH: M ON M 7 = DUSTSTORM OR SANDSTORM:
VSBY 1/2 MILE OR LESS
8 = SMOKE OR HAZE
[NO. OF DAYS WITH] [WEATHER - DAYS WITH] 9 = BLOWING SNOW
X = TORNADO
MAX 32 OR BELOW: 14 0.01 INCH OR MORE: 8
MAX 90 OR ABOVE: 0 0.10 INCH OR MORE: 3
MIN 32 OR BELOW: 31 0.50 INCH OR MORE: 0
MIN 0 OR BELOW: 7 1.00 INCH OR MORE: 0
[HDD (BASE 65) ]
TOTAL THIS MO. 1305 CLEAR (SCALE 0-3) 14
DPTR FM NORMAL -14 PTCLDY (SCALE 4-7) 10
TOTAL FM JUL 1 3177 CLOUDY (SCALE 8-10) 7
DPTR FM NORMAL 78
[CDD (BASE 65) ]
TOTAL THIS MO. 0
DPTR FM NORMAL 0 [PRESSURE DATA]
TOTAL FM JAN 1 187 HIGHEST SLP 30.78 ON 29
DPTR FM NORMAL -57 LOWEST SLP 29.80 ON 23
[REMARKS]
#FINAL-12-23#