000
CXUS53 KMKX 010810
CF6ENW
PRELIMINARY LOCAL CLIMATOLOGICAL DATA (WS FORM: F-6)
STATION: KENOSHA WI
MONTH: JULY
YEAR: 2021
LATITUDE: 42 35 N
LONGITUDE: 87 56 W
TEMPERATURE IN F: :PCPN: SNOW: WIND :SUNSHINE: SKY :PK WND
================================================================================
1 2 3 4 5 6A 6B 7 8 9 10 11 12 13 14 15 16 17 18
12Z AVG MX 2MIN
DY MAX MIN AVG DEP HDD CDD WTR SNW DPTH SPD SPD DIR MIN PSBL S-S WX SPD DR
================================================================================
1 75 58 67 -5 0 2 0.00 M 0 9.3 17 40 M M 2 24 50
2 74 54 64 -8 1 0 0.00 M M 5.5 14 90 M M 1 19 60
3 89 52 71 -1 0 6 0.00 M M 9.6 20 300 M M 1 28 260
4 92 64 78 6 0 13 0.00 M M 7.8 15 240 M M 0 20 220
5 96 73 85 13 0 20 0.00 M M 14.5 26 260 M M 0 38 260
6 95 67 81 9 0 16 0.00 M M 11.6 22 240 M M 1 29 230
7 79 63 71 -1 0 6 0.13 M M 6.0 13 60 M M 6 1 18 40
8 68 56 62 -10 3 0 T M M 5.6 10 360 M M 9 16 340
9 75 53 64 -9 1 0 T M M 4.4 14 100 M M 1 17 100
10 76 54 65 -8 0 0 T M M 9.2 16 60 M M 5 29 40
11 73 66 70 -3 0 5 T M M 10.7 18 60 M M 7 26 50
12 71 67 69 -4 0 4 T M M 7.8 13 60 M M 10 18 18 70
13 83 68 76 3 0 11 0.21 M M 4.6 12 280 M M 7 18 16 290
14 86 65 76 3 0 11 0.67 M M 9.0 21 220 M M 2 123 32 180
15 80 63 72 -1 0 7 0.20 M M 9.2 24 240 M M 7 13 35 240
16 76 59 68 -5 0 3 0.00 M M 6.2 15 40 M M 4 128 23 30
17 79 62 71 -2 0 6 0.00 M M 6.9 15 20 M M 2 20 50
18 80 58 69 -4 0 4 0.00 M M 5.7 12 80 M M 0 17 70
19 84 56 70 -3 0 5 0.00 M M 3.7 10 110 M M 0 1 15 110
20 89 61 75 2 0 10 0.00 M M 7.8 16 80 M M 1 18 22 300
21 76 57 67 -6 0 2 0.00 M M 6.2 14 80 M M 5 18 30
22 85 56 71 -2 0 6 0.00 M M 5.5 13 130 M M 2 18 16 100
23 92 70 81 8 0 16 0.03 M M 7.9 16 260 M M 3 18 22 240
24 95 70 83 10 0 18 0.00 M M 10.4 23 260 M M 1 8 33 300
25 93 65 79 6 0 14 0.00 M M 6.5 16 260 M M 0 23 250
26 95 60 78 5 0 13 0.00 M M 6.0 14 250 M M 0 20 270
27 91 68 80 7 0 15 0.00 M M 6.7 21 210 M M 0 30 200
28 92 71 82 9 0 17 T M M 6.0 14 250 M M 3 18 20 240
29 87 67 77 4 0 12 0.16 M M 11.4 32 290 M M 2 13 47 300
30 76 57 67 -6 0 2 0.00 M M 7.1 15 30 M M 1 25 40
31 85 53 69 -4 0 4 0.00 M M 6.8 15 260 M M 1 18 24 260
================================================================================
SM 2587 1913 5 248 1.40 M 235.6 M 84
================================================================================
AV 83.5 61.7 7.6 FASTST M M 3 MAX(MPH)
MISC ----> 32 290 47 300
================================================================================
NOTES:
# LAST OF SEVERAL OCCURRENCES
COLUMN 17 PEAK WIND IN M.P.H.
PRELIMINARY LOCAL CLIMATOLOGICAL DATA (WS FORM: F-6) , PAGE 2
STATION: KENOSHA WI
MONTH: JULY
YEAR: 2021
LATITUDE: 42 35 N
LONGITUDE: 87 56 W
[TEMPERATURE DATA] [PRECIPITATION DATA] SYMBOLS USED IN COLUMN 16
AVERAGE MONTHLY: 72.6 TOTAL FOR MONTH: 1.40 1 = FOG OR MIST
DPTR FM NORMAL: -0.1 DPTR FM NORMAL: -1.95 2 = FOG REDUCING VISIBILITY
HIGHEST: 96 ON 5 GRTST 24HR 0.87 ON 14-15 TO 1/4 MILE OR LESS
LOWEST: 52 ON 3 3 = THUNDER
SNOW, ICE PELLETS, HAIL 4 = ICE PELLETS
TOTAL MONTH: M 5 = HAIL
GRTST 24HR M ON M 6 = FREEZING RAIN OR DRIZZLE
GRTST DEPTH: 0 7 = DUSTSTORM OR SANDSTORM:
VSBY 1/2 MILE OR LESS
8 = SMOKE OR HAZE
[NO. OF DAYS WITH] [WEATHER - DAYS WITH] 9 = BLOWING SNOW
X = TORNADO
MAX 32 OR BELOW: 0 0.01 INCH OR MORE: 6
MAX 90 OR ABOVE: 9 0.10 INCH OR MORE: 5
MIN 32 OR BELOW: 0 0.50 INCH OR MORE: 1
MIN 0 OR BELOW: 0 1.00 INCH OR MORE: 0
[HDD (BASE 65) ]
TOTAL THIS MO. 5 CLEAR (SCALE 0-3) 22
DPTR FM NORMAL -3 PTCLDY (SCALE 4-7) 7
TOTAL FM JUL 1 5 CLOUDY (SCALE 8-10) 2
DPTR FM NORMAL 5
[CDD (BASE 65) ]
TOTAL THIS MO. 248
DPTR FM NORMAL -1 [PRESSURE DATA]
TOTAL FM JAN 1 583 HIGHEST SLP M ON M
DPTR FM NORMAL 153 LOWEST SLP 29.77 ON 24
[REMARKS]
#FINAL-07-21#