000
CXUS54 KFWD 010830
CF6GDJ
PRELIMINARY LOCAL CLIMATOLOGICAL DATA (WS FORM: F-6)
STATION: GRANBURY
MONTH: DECEMBER
YEAR: 2021
LATITUDE: 32 26 N
LONGITUDE: 97 48 W
TEMPERATURE IN F: :PCPN: SNOW: WIND :SUNSHINE: SKY :PK WND
================================================================================
1 2 3 4 5 6A 6B 7 8 9 10 11 12 13 14 15 16 17 18
12Z AVG MX 2MIN
DY MAX MIN AVG DEP HDD CDD WTR SNW DPTH SPD SPD DIR MIN PSBL S-S WX SPD DR
================================================================================
1 M M M M M M 0.00 M M 4.7 12 300 M M 0 18 210
2 M M M M M M 0.00 M M 2.9 8 150 M M 0 M M
3 M M M M M M 0.00 M M 5.8 12 140 M M 2 1 22 180
4 M M M M M M 0.28 M M 6.8 33 210 M M 5 13 45 210
5 M M M M M M 0.00 M M 7.7 20 200 M M 4 25 190
6 M M M M M M 0.00 M M 10.3 20 360 M M 3 32 350
7 M M M M M M M M M 2.9 8 170 M M 0 M M
8 M M M M M M 0.00 M M 3.8 10 140 M M 3 18 16 130
9 83 59 71 26 0 6 0.00 M M 8.1 15 220 M M 0 18 220
10 84 61 73 28 0 8 0.00 M M 8.5 18 210 M M 3 1 26 240
11 70 29 50 6 15 0 0.00 M M 8.9 24 330 M M 1 39 330
12 61 22 42 -2 23 0 0.00 M M 5.2 12 160 M M 0 18 170
13 73 35 54 10 11 0 0.00 M M 7.5 16 170 M M 1 21 170
14 78 55 67 23 0 2 0.00 M M 9.8 22 200 M M 5 1 30 200
15 81 65 73 29 0 8 0.00 M M 16.1 30 180 M M 7 38 180
16 74 60 67 23 0 2 0.00 M M 5.1 10 170 M M 6 17 320
17 76 60 68 25 0 3 0.00 M M 7.7 16 180 M M 7 24 170
18 70 38 54 11 11 0 0.00 M M 12.5 18 330 M M 4 29 10
19 49 33 41 -2 24 0 0.00 M M 5.1 14 360 M M 4 18 350
20 56 37 47 4 18 0 T M M 5.1 8 100 M M 4 M M
21 67 31 49 6 16 0 0.00 M M 4.0 9 150 M M 2 12 M M
22 58 32 45 2 20 0 0.00 M M 2.8 8 100 M M 4 1 M M
23 80 39 60 17 5 0 0.00 M M 10.5 21 190 M M 1 12 25 190
24 85 58 72 29 0 7 0.00 M M 13.6 21 180 M M 0 29 190
25 82 55 69 26 0 4 0.00 M M 3.1 16 190 M M 0 21 190
26 82 50 66 23 0 1 0.00 M M 8.6 18 180 M M 4 12 24 180
27 79 57 68 25 0 3 0.00 M M 5.8 12 210 M M 3 1 22 210
28 80 49 65 22 0 0 0.00 M M 9.1 20 250 M M 3 24 170
29 76 48 62 19 3 0 0.02 M M 3.7 16 280 M M 4 1 21 280
30 72 39 56 13 9 0 0.00 M M 1.8 6 30 M M 3 M M
31 72 44 58 15 7 0 0.03 M M 3.9 13 130 M M 3 1 17 130
================================================================================
SM 1688 1056 162 44 0.33 M 211.5 M 86
================================================================================
AV 73.4 45.9 6.8 FASTST M M 3 MAX(MPH)
MISC ----> 33 210 45 210
================================================================================
NOTES:
# LAST OF SEVERAL OCCURRENCES
COLUMN 17 PEAK WIND IN M.P.H.
PRELIMINARY LOCAL CLIMATOLOGICAL DATA (WS FORM: F-6) , PAGE 2
STATION: GRANBURY
MONTH: DECEMBER
YEAR: 2021
LATITUDE: 32 26 N
LONGITUDE: 97 48 W
[TEMPERATURE DATA] [PRECIPITATION DATA] SYMBOLS USED IN COLUMN 16
AVERAGE MONTHLY: 59.7 TOTAL FOR MONTH: 0.33 1 = FOG OR MIST
DPTR FM NORMAL: 15.6 DPTR FM NORMAL: M 2 = FOG REDUCING VISIBILITY
HIGHEST: 85 ON 24 GRTST 24HR 0.28 ON 4- 4 TO 1/4 MILE OR LESS
LOWEST: 22 ON 12 3 = THUNDER
SNOW, ICE PELLETS, HAIL 4 = ICE PELLETS
TOTAL MONTH: M 5 = HAIL
GRTST 24HR M ON M 6 = FREEZING RAIN OR DRIZZLE
GRTST DEPTH: M ON M 7 = DUSTSTORM OR SANDSTORM:
VSBY 1/2 MILE OR LESS
8 = SMOKE OR HAZE
[NO. OF DAYS WITH] [WEATHER - DAYS WITH] 9 = BLOWING SNOW
X = TORNADO
MAX 32 OR BELOW: 0 0.01 INCH OR MORE: 3
MAX 90 OR ABOVE: 0 0.10 INCH OR MORE: 1
MIN 32 OR BELOW: 4 0.50 INCH OR MORE: 0
MIN 0 OR BELOW: 0 1.00 INCH OR MORE: 0
[HDD (BASE 65) ]
TOTAL THIS MO. 162 CLEAR (SCALE 0-3) 18
DPTR FM NORMAL -489 PTCLDY (SCALE 4-7) 13
TOTAL FM JUL 1 331 CLOUDY (SCALE 8-10) 0
DPTR FM NORMAL -739
[CDD (BASE 65) ]
TOTAL THIS MO. 44
DPTR FM NORMAL 42 [PRESSURE DATA]
TOTAL FM JAN 1 2852 HIGHEST SLP M ON M
DPTR FM NORMAL 458 LOWEST SLP M ON M
[REMARKS]
#FINAL-12-21#