956
CXUS53 KAPX 051640
CF6GLR
PRELIMINARY LOCAL CLIMATOLOGICAL DATA (WS FORM: F-6)

                                          STATION:   GAYLORD
                                          MONTH:     JUNE
                                          YEAR:      2024
                                          LATITUDE:   45  0 N
                                          LONGITUDE:  84 42 W

  TEMPERATURE IN F:       :PCPN:    SNOW:  WIND      :SUNSHINE: SKY     :PK WND
================================================================================
1   2   3   4   5  6A  6B    7    8   9   10  11  12  13   14  15   16   17  18
                                     12Z  AVG MX 2MIN
DY MAX MIN AVG DEP HDD CDD  WTR  SNW DPTH SPD SPD DIR MIN PSBL S-S WX    SPD DR
================================================================================

 1  74  50  62   3   3   0    T    M    M  4.5 14 180   M    M   3 1      20 190
 2  76  54  65   6   0   0 0.25    M    M  3.7 12  50   M    M   7 1      16  60
 3  81  51  66   7   0   1    T    M    M  5.8 17 190   M    M   2 12     23 190
 4  82  66  74  14   0   9 0.05    M    M  8.2 18 220   M    M   5        26 220
 5  74  62  68   8   0   3 0.71    M    M 10.1 21 250   M    M   4 1      32 240
 6  69  56  63   3   2   0 0.10    M    M 11.2 23 240   M    M   6        32 230
 7  60  52  56  -4   9   0 0.20    M    M  7.7 16 280   M    M  10 18     28 280
 8  65  48  57  -4   8   0 0.07    M    M  8.1 22 240   M    M   3        30 270
 9  59  48  54  -7  11   0 0.01    M    M  8.6 16 300   M    M   8 18     30 310
10  64  45  55  -6  10   0 0.00    M    M  6.1 12 330   M    M   1        22 300
11  73  37  55  -7  10   0    T    M    M  3.2 13 210   M    M   1        18 210
12  84  55  70   8   0   5 0.00    M    M  8.4 17 260   M    M   2        28 240
13  85  61  73  11   0   8 0.00    M    M 12.4 28 250   M    M   3        40 250
14  75  55  65   3   0   0    T    M    M  5.3 16  40   M    M   1        25  30
15  76  51  64   2   1   0 0.00    M    M  8.0 15 150   M    M   0        21 160
16  80  57  69   6   0   4 0.11    M    M 11.0 25 180   M    M   5        38 140
17  93  68  81  18   0  16 0.00    M    M  8.3 25 230   M    M   2 3      34 250
18  89  75  82  19   0  17 0.00    M    M 13.9 25 220   M    M   1        35 220
19  91  68  80  17   0  15    T    M    M 12.1 24 230   M    M   0 8      37 230
20  71  59  65   1   0   0 0.70    M    M  4.8 10  30   M    M  10 18     16  30
21  76  64  70   6   0   5 0.15    M    M  4.2  9  50   M    M  10 18     14  10
22  74  65  70   6   0   5 1.53    M    M  7.4 17 220   M    M  10 13     24 230
23  74  61  68   4   0   3    T    M    M  8.2 21 250   M    M   8 1      29 280
24  79  56  68   4   0   3 0.00    M    M  4.4 17 240   M    M   2 18     25 240
25  80  64  72   7   0   7 0.56    M    M  8.5 25 250   M    M   5 13     36 260
26  76  55  66   1   0   1 0.00    M    M  5.4 16 290   M    M   4 8      26 270
27  71  50  61  -4   4   0 0.00    M    M  5.5 13 260   M    M   1 8      21 280
28  66  52  59  -6   6   0 0.28    M    M 10.2 17 180   M    M   6 18     24 170
29  81  53  67   2   0   2 0.03    M    M 10.9 21 250   M    M   8 138    29 240
30  63  49  56  -9   9   0 0.01    M    M  7.2 16 280   M    M   6 18     31 260
================================================================================
SM 2261 1687        73 104  4.76    M    233.3          M      134
================================================================================
AV 75.4 56.2                               7.8 FASTST   M    M   4    MAX(MPH)
                                 MISC ---->    28 250                 40 250
================================================================================
NOTES:
# LAST OF SEVERAL OCCURRENCES

COLUMN 17 PEAK WIND IN M.P.H.

PRELIMINARY LOCAL CLIMATOLOGICAL DATA (WS FORM: F-6) , PAGE 2

                                          STATION:   GAYLORD
                                          MONTH:     JUNE
                                          YEAR:      2024
                                          LATITUDE:   45  0 N
                                          LONGITUDE:  84 42 W

[TEMPERATURE DATA]      [PRECIPITATION DATA]       SYMBOLS USED IN COLUMN 16

AVERAGE MONTHLY: 65.8   TOTAL FOR MONTH:   4.76    1 = FOG OR MIST
DPTR FM NORMAL:   3.4   DPTR FM NORMAL:    2.00    2 = FOG REDUCING VISIBILITY
HIGHEST:    93 ON 17    GRTST 24HR  1.54 ON 21-22      TO 1/4 MILE OR LESS
LOWEST:     37 ON 11                               3 = THUNDER
                        SNOW, ICE PELLETS, HAIL    4 = ICE PELLETS
                        TOTAL MONTH:  M            5 = HAIL
                        GRTST 24HR    M  ON   M    6 = FREEZING RAIN OR DRIZZLE
                        GRTST DEPTH:  M  ON   M    7 = DUSTSTORM OR SANDSTORM:
                                                       VSBY 1/2 MILE OR LESS
                                                   8 = SMOKE OR HAZE
[NO. OF DAYS WITH]      [WEATHER - DAYS WITH]      9 = BLOWING SNOW
                                                   X = TORNADO
MAX 32 OR BELOW:   0    0.01 INCH OR MORE:  15
MAX 90 OR ABOVE:   2    0.10 INCH OR MORE:  10
MIN 32 OR BELOW:   0    0.50 INCH OR MORE:   4
MIN  0 OR BELOW:   0    1.00 INCH OR MORE:   1

[HDD (BASE 65) ]
TOTAL THIS MO.    73    CLEAR  (SCALE 0-3)  14
DPTR FM NORMAL   -61    PTCLDY (SCALE 4-7)  11
TOTAL FM JUL 1  6479    CLOUDY (SCALE 8-10)  5
DPTR FM NORMAL -1884

[CDD (BASE 65) ]
TOTAL THIS MO.   104
DPTR FM NORMAL    48    [PRESSURE DATA]
TOTAL FM JAN 1   118    HIGHEST SLP 30.38 ON 20
DPTR FM NORMAL    45    LOWEST  SLP 29.47 ON  6

[REMARKS]
#FINAL-06-24#