801
CXUS53 KBIS 010830
CF6HEI
PRELIMINARY LOCAL CLIMATOLOGICAL DATA (WS FORM: F-6)
STATION: HETTINGER ND
MONTH: JUNE
YEAR: 2020
LATITUDE: 46 0 N
LONGITUDE: 102 39 W
TEMPERATURE IN F: :PCPN: SNOW: WIND :SUNSHINE: SKY :PK WND
================================================================================
1 2 3 4 5 6A 6B 7 8 9 10 11 12 13 14 15 16 17 18
12Z AVG MX 2MIN
DY MAX MIN AVG DEP HDD CDD WTR SNW DPTH SPD SPD DIR MIN PSBL S-S WX SPD DR
================================================================================
1 86 50 68 10 0 3 0.00 M M 8.5 21 360 M M 1 12 29 340
2 78 43 61 3 4 0 0.10 M M 8.9 22 290 M M 3 3 31 300
3 82 38 60 2 5 0 0.01 M M 7.7 23 210 M M 2 3 30 200
4 78 47 63 5 2 0 0.07 M M 7.9 28 330 M M 2 13 36 320
5 79 41 60 1 5 0 0.00 M M 11.1 23 120 M M 4 33 130
6 78 57 68 9 0 3 0.17 M M 19.8 43 230 M M 1 13 61 180
7 85 53 69 10 0 4 0.01 M M 7.8 39 260 M M 1 13 59 260
8 73 54 64 4 1 0 0.00 M M 14.0 26 300 M M 2 36 290
9 66 43 55 -5 10 0 T M M 15.9 33 300 M M 3 45 280
10 72 38 55 -5 10 0 0.00 M M 13.0 29 280 M M 2 39 290
11 81 41 61 0 4 0 0.00 M M 8.1 21 270 M M 0 30 270
12 87 42 65 4 0 0 0.00 M M 10.2 20 90 M M 0 28 110
13 91 56 74 13 0 9 0.00 M M 21.0 32 140 M M 0 49 150
14 91 58 75 13 0 10 T M M 13.5 30 100 M M 0 36 110
15 79 50 65 3 0 0 0.00 M M 10.3 22 310 M M 0 30 310
16 94 57 76 14 0 11 0.01 M M 11.8 22 320 M M 1 31 300
17 80 50 65 3 0 0 0.00 M M 11.8 26 300 M M 2 36 290
18 71 39 55 -8 10 0 T M M 14.7 28 290 M M 4 1 35 290
19 74 34 54 -9 11 0 T M M 6.3 24 180 M M 4 12 33 190
20 80 49 65 2 0 0 0.03 M M 8.5 35 300 M M 1 13 46 300
21 76 50 63 -1 2 0 0.04 M M 7.2 18 360 M M 7 1 25 360
22 75 42 59 -5 6 0 0.00 M M 5.4 17 340 M M 4 1 23 350
23 82 36 59 -5 6 0 0.00 M M 4.4 14 340 M M 2 21 280
24 92 50 71 7 0 6 0.00 M M 6.3 16 160 M M 0 22 150
25 86 57 72 7 0 7 T M M 10.0 24 330 M M 3 33 330
26 86 49 68 3 0 3 0.00 M M 5.9 13 280 M M 0 1 18 280
27 95 54 75 10 0 10 0.00 M M 10.1 23 130 M M 0 31 140
28 86 63 75 10 0 10 0.07 M M 9.7 29 230 M M 3 13 40 230
29 96 61 79 13 0 14 0.18 M M 14.2 28 160 M M 3 123 41 170
30 68 49 59 -7 6 0 0.02 M M 10.3 25 310 M M 8 123 34 300
================================================================================
SM 2447 1451 82 90 0.71 M 314.3 M 63
================================================================================
AV 81.6 48.4 10.5 FASTST M M 2 MAX(MPH)
MISC ----> # 43 230 # 61 180
================================================================================
NOTES:
# LAST OF SEVERAL OCCURRENCES
COLUMN 17 PEAK WIND IN M.P.H.
PRELIMINARY LOCAL CLIMATOLOGICAL DATA (WS FORM: F-6) , PAGE 2
STATION: HETTINGER ND
MONTH: JUNE
YEAR: 2020
LATITUDE: 46 0 N
LONGITUDE: 102 39 W
[TEMPERATURE DATA] [PRECIPITATION DATA] SYMBOLS USED IN COLUMN 16
AVERAGE MONTHLY: 65.0 TOTAL FOR MONTH: 0.71 1 = FOG OR MIST
DPTR FM NORMAL: 3.2 DPTR FM NORMAL: -2.15 2 = FOG REDUCING VISIBILITY
HIGHEST: 96 ON 29 GRTST 24HR 0.18 ON 29-29 TO 1/4 MILE OR LESS
LOWEST: 34 ON 19 3 = THUNDER
SNOW, ICE PELLETS, HAIL 4 = ICE PELLETS
TOTAL MONTH: M 5 = HAIL
GRTST 24HR M ON M 6 = FREEZING RAIN OR DRIZZLE
GRTST DEPTH: M ON M 7 = DUSTSTORM OR SANDSTORM:
VSBY 1/2 MILE OR LESS
8 = SMOKE OR HAZE
[NO. OF DAYS WITH] [WEATHER - DAYS WITH] 9 = BLOWING SNOW
X = TORNADO
MAX 32 OR BELOW: 0 0.01 INCH OR MORE: 11
MAX 90 OR ABOVE: 6 0.10 INCH OR MORE: 3
MIN 32 OR BELOW: 0 0.50 INCH OR MORE: 0
MIN 0 OR BELOW: 0 1.00 INCH OR MORE: 0
[HDD (BASE 65) ]
TOTAL THIS MO. 82 CLEAR (SCALE 0-3) 23
DPTR FM NORMAL -57 PTCLDY (SCALE 4-7) 7
TOTAL FM JUL 1 8659 CLOUDY (SCALE 8-10) 0
DPTR FM NORMAL 21
[CDD (BASE 65) ]
TOTAL THIS MO. 90
DPTR FM NORMAL 45 [PRESSURE DATA]
TOTAL FM JAN 1 93 HIGHEST SLP 30.28 ON 12
DPTR FM NORMAL 43 LOWEST SLP 29.35 ON 28
[REMARKS]
#FINAL-06-20#