000
CXUS52 KGSP 010817
CF6HKY
PRELIMINARY LOCAL CLIMATOLOGICAL DATA (WS FORM: F-6)
STATION: HICKORY NC
MONTH: SEPTEMBER
YEAR: 2020
LATITUDE: 35 45 N
LONGITUDE: 81 23 W
TEMPERATURE IN F: :PCPN: SNOW: WIND :SUNSHINE: SKY :PK WND
================================================================================
1 2 3 4 5 6A 6B 7 8 9 10 11 12 13 14 15 16 17 18
12Z AVG MX 2MIN
DY MAX MIN AVG DEP HDD CDD WTR SNW DPTH SPD SPD DIR MIN PSBL S-S WX SPD DR
================================================================================
1 83 71 77 3 0 12 0.73 M M 3.7 10 70 M M 9 13 20 60
2 89 72 81 7 0 16 0.00 M M 3.2 12 220 M M 5 12 14 210
3 90 72 81 7 0 16 0.00 M M 4.7 14 210 M M 2 1 18 220
4 89 70 80 6 0 15 0.00 M M 4.1 12 240 M M 1 14 230
5 80 63 72 -1 0 7 0.00 M M 4.5 16 50 M M 2 21 20
6 81 58 70 -3 0 5 0.00 M M 2.6 9 50 M M 0 12 13 50
7 82 59 71 -2 0 6 0.00 M M 1.5 9 190 M M 0 12 20
8 82 58 70 -2 0 5 0.00 M M 3.0 12 60 M M 2 12 15 50
9 77 67 72 0 0 7 0.08 M M 5.8 16 50 M M 10 18 21 60
10 84 71 78 6 0 13 0.06 M M 3.0 9 10 M M 6 1 14 100
11 88 68 78 7 0 13 0.00 M M 3.2 14 70 M M 4 12 18 60
12 78 71 75 4 0 10 0.42 M M 6.0 12 70 M M 10 1 15 90
13 78 66 72 1 0 7 0.00 M M 3.8 9 60 M M 7 1 13 50
14 83 66 75 5 0 10 0.32 M M 3.1 13 10 M M 8 12 17 50
15 74 62 68 -2 0 3 0.00 M M 6.3 13 60 M M 10 16 50
16 73 57 65 -5 0 0 0.06 M M 5.6 9 350 M M 7 1 13 50
17 66 62 64 -5 1 0 2.87 M M 7.8 17 50 M M 10 1 23 50
18 79 62 71 2 0 6 0.00 M M 6.5 15 20 M M 5 20 10
19 66 49 58 -10 7 0 0.00 M M 6.5 20 60 M M 4 25 60
20 68 44 56 -12 9 0 0.00 M M 5.5 15 60 M M 1 21 20
21 68 44 56 -12 9 0 0.00 M M 5.7 16 50 M M 1 8 22 70
22 70 45 58 -9 7 0 0.00 M M 1.1 8 190 M M 0 12 11 200
23 74 50 62 -5 3 0 0.00 M M 2.3 8 350 M M 0 1 11 340
24 65 59 62 -5 3 0 0.15 M M 1.9 7 30 M M 8 1 9 20
25 63 57 60 -6 5 0 1.60 M M 4.8 10 60 M M 10 1 14 50
26 75 60 68 2 0 3 0.00 M M 1.3 8 200 M M 9 1 10 210
27 75 61 68 2 0 3 0.00 M M 3.0 10 200 M M 7 12 15 200
28 79 65 72 7 0 7 0.31 M M 7.0 15 190 M M 7 1 24 200
29 75 54 65 0 0 0 0.44 M M 5.9 18 230 M M 9 13 24 240
30 70 49 60 -4 5 0 0.00 M M 5.5 16 270 M M 0 20 260
================================================================================
SM 2304 1812 49 164 7.04 M 128.9 M 154
================================================================================
AV 76.8 60.4 4.3 FASTST M M 5 MAX(MPH)
MISC ----> 20 60 25 60
================================================================================
NOTES:
# LAST OF SEVERAL OCCURRENCES
COLUMN 17 PEAK WIND IN M.P.H.
PRELIMINARY LOCAL CLIMATOLOGICAL DATA (WS FORM: F-6) , PAGE 2
STATION: HICKORY NC
MONTH: SEPTEMBER
YEAR: 2020
LATITUDE: 35 45 N
LONGITUDE: 81 23 W
[TEMPERATURE DATA] [PRECIPITATION DATA] SYMBOLS USED IN COLUMN 16
AVERAGE MONTHLY: 68.6 TOTAL FOR MONTH: 7.04 1 = FOG OR MIST
DPTR FM NORMAL: -1.1 DPTR FM NORMAL: 3.33 2 = FOG REDUCING VISIBILITY
HIGHEST: 90 ON 3 GRTST 24HR 2.93 ON 16-17 TO 1/4 MILE OR LESS
LOWEST: 44 ON 21,20 3 = THUNDER
SNOW, ICE PELLETS, HAIL 4 = ICE PELLETS
TOTAL MONTH: M 5 = HAIL
GRTST 24HR M ON M 6 = FREEZING RAIN OR DRIZZLE
GRTST DEPTH: M ON M 7 = DUSTSTORM OR SANDSTORM:
VSBY 1/2 MILE OR LESS
8 = SMOKE OR HAZE
[NO. OF DAYS WITH] [WEATHER - DAYS WITH] 9 = BLOWING SNOW
X = TORNADO
MAX 32 OR BELOW: 0 0.01 INCH OR MORE: 11
MAX 90 OR ABOVE: 1 0.10 INCH OR MORE: 8
MIN 32 OR BELOW: 0 0.50 INCH OR MORE: 3
MIN 0 OR BELOW: 0 1.00 INCH OR MORE: 2
[HDD (BASE 65) ]
TOTAL THIS MO. 49 CLEAR (SCALE 0-3) 11
DPTR FM NORMAL 20 PTCLDY (SCALE 4-7) 11
TOTAL FM JUL 1 49 CLOUDY (SCALE 8-10) 8
DPTR FM NORMAL 21
[CDD (BASE 65) ]
TOTAL THIS MO. 164
DPTR FM NORMAL -5 [PRESSURE DATA]
TOTAL FM JAN 1 1354 HIGHEST SLP 30.48 ON 21
DPTR FM NORMAL 21 LOWEST SLP 29.69 ON 29
[REMARKS]
#FINAL-09-20#