000
CXUS54 KSHV 011300
CF6LFK
PRELIMINARY LOCAL CLIMATOLOGICAL DATA (WS FORM: F-6)
STATION: LUFKIN
MONTH: AUGUST
YEAR: 2023
LATITUDE: 31 14 N
LONGITUDE: 94 45 W
TEMPERATURE IN F: :PCPN: SNOW: WIND :SUNSHINE: SKY :PK WND
================================================================================
1 2 3 4 5 6A 6B 7 8 9 10 11 12 13 14 15 16 17 18
12Z AVG MX 2MIN
DY MAX MIN AVG DEP HDD CDD WTR SNW DPTH SPD SPD DIR MIN PSBL S-S WX SPD DR
================================================================================
1 105 77 91 8 0 26 0.00 0.0 0 2.8 13 80 M M 1 20 80
2 106 77 92 9 0 27 0.00 0.0 0 4.7 14 210 M M 0 20 190
3 105 78 92 9 0 27 0.00 0.0 0 5.9 14 170 M M 0 21 170
4 104 79 92 9 0 27 0.00 0.0 0 6.5 14 200 M M 1 20 200
5 104 79 92 9 0 27 0.00 0.0 0 5.1 14 250 M M 1 21 240
6 103 79 91 8 0 26 0.00 0.0 0 6.5 14 190 M M 1 20 170
7 105 80 93 10 0 28 0.00 0.0 0 6.6 14 170 M M 2 20 240
8 103 80 92 9 0 27 0.00 0.0 0 7.3 16 180 M M 1 26 190
9 105 79 92 9 0 27 0.00 0.0 0 10.3 22 180 M M 1 31 180
10 106 81 94 11 0 29 0.00 0.0 0 9.5 20 210 M M 1 28 220
11 106 80 93 10 0 28 0.00 0.0 0 8.2 18 170 M M 1 27 210
12 105 78 92 9 0 27 0.00 0.0 0 7.4 16 190 M M 2 23 180
13 106 78 92 9 0 27 0.00 0.0 0 6.9 15 170 M M 1 22 180
14 106 78 92 9 0 27 0.00 0.0 0 4.1 14 290 M M 0 1 20 300
15 100 80 90 7 0 25 0.00 0.0 0 7.1 15 360 M M 0 24 30
16 99 65 82 -1 0 17 0.00 0.0 0 3.5 13 330 M M 0 18 360
17 107 69 88 5 0 23 0.00 0.0 0 4.5 12 150 M M 0 18 290
18 106 74 90 8 0 25 0.00 0.0 0 5.5 13 220 M M 0 19 220
19 108 77 93 11 0 28 0.00 0.0 0 3.5 13 120 M M 1 18 80
20 110 80 95 13 0 30 0.00 0.0 0 6.1 17 80 M M 0 26 70
21 105 80 93 11 0 28 0.00 0.0 0 5.8 17 90 M M 1 27 90
22 105 79 92 10 0 27 0.00 0.0 0 7.8 22 70 M M 0 33 80
23 106 78 92 10 0 27 0.00 0.0 0 2.0 13 110 M M 1 19 130
24 108 81 95 13 0 30 0.00 0.0 0 3.5 18 150 M M 0 26 120
25 107 78 93 11 0 28 0.13 0.0 0 4.8 17 210 M M 1 38 35 200
26 107 77 92 10 0 27 0.00 0.0 0 2.5 10 150 M M 1 16 310
27 111 73 92 11 0 27 1.39 0.0 0 6.5 23 260 M M 3 13 36 270
28 93 74 84 3 0 19 0.02 0.0 0 4.3 12 20 M M 5 13 16 70
29 96 72 84 3 0 19 0.00 0.0 0 6.9 17 20 M M 1 27 360
30 97 66 82 1 0 17 0.00 0.0 0 4.2 13 360 M M 0 20 20
31 97 69 83 2 0 18 0.00 0.0 0 4.7 14 80 M M 1 20 90
================================================================================
SM 3231 2375 0 795 1.54 0.0 175.0 M 28
================================================================================
AV104.2 76.6 5.6 FASTST M M 1 MAX(MPH)
MISC ----> 23 260 36 270
================================================================================
NOTES:
# LAST OF SEVERAL OCCURRENCES
COLUMN 17 PEAK WIND IN M.P.H.
PRELIMINARY LOCAL CLIMATOLOGICAL DATA (WS FORM: F-6) , PAGE 2
STATION: LUFKIN
MONTH: AUGUST
YEAR: 2023
LATITUDE: 31 14 N
LONGITUDE: 94 45 W
[TEMPERATURE DATA] [PRECIPITATION DATA] SYMBOLS USED IN COLUMN 16
AVERAGE MONTHLY: 90.4 TOTAL FOR MONTH: 1.54 1 = FOG OR MIST
DPTR FM NORMAL: 8.0 DPTR FM NORMAL: -2.21 2 = FOG REDUCING VISIBILITY
HIGHEST: 111 ON 27 GRTST 24HR 1.41 ON 27-28 TO 1/4 MILE OR LESS
LOWEST: 65 ON 16 3 = THUNDER
SNOW, ICE PELLETS, HAIL 4 = ICE PELLETS
TOTAL MONTH: 0.0 INCH 5 = HAIL
GRTST 24HR 0.0 6 = FREEZING RAIN OR DRIZZLE
GRTST DEPTH: 0 7 = DUSTSTORM OR SANDSTORM:
VSBY 1/2 MILE OR LESS
8 = SMOKE OR HAZE
[NO. OF DAYS WITH] [WEATHER - DAYS WITH] 9 = BLOWING SNOW
X = TORNADO
MAX 32 OR BELOW: 0 0.01 INCH OR MORE: 3
MAX 90 OR ABOVE: 31 0.10 INCH OR MORE: 2
MIN 32 OR BELOW: 0 0.50 INCH OR MORE: 1
MIN 0 OR BELOW: 0 1.00 INCH OR MORE: 1
[HDD (BASE 65) ]
TOTAL THIS MO. 0 CLEAR (SCALE 0-3) 30
DPTR FM NORMAL 0 PTCLDY (SCALE 4-7) 1
TOTAL FM JUL 1 0 CLOUDY (SCALE 8-10) 0
DPTR FM NORMAL 0
[CDD (BASE 65) ]
TOTAL THIS MO. 795
DPTR FM NORMAL 256 [PRESSURE DATA]
TOTAL FM JAN 1 2687 HIGHEST SLP 30.09 ON 15
DPTR FM NORMAL 718 LOWEST SLP 29.67 ON 27
[REMARKS]
#FINAL-08-23#