867
CXUS53 KILX 011000
CF6LWV
PRELIMINARY LOCAL CLIMATOLOGICAL DATA (WS FORM: F-6)
STATION: LAWRENCEVILLE IL AIRPORT
MONTH: JANUARY
YEAR: 2021
LATITUDE: 38 45 N
LONGITUDE: 87 36 W
TEMPERATURE IN F: :PCPN: SNOW: WIND :SUNSHINE: SKY :PK WND
================================================================================
1 2 3 4 5 6A 6B 7 8 9 10 11 12 13 14 15 16 17 18
12Z AVG MX 2MIN
DY MAX MIN AVG DEP HDD CDD WTR SNW DPTH SPD SPD DIR MIN PSBL S-S WX SPD DR
================================================================================
1 48 31 40 9 25 0 0.83 M M 13.3 29 250 M M M 168 38 260
2 M M M M M M M M M M M M M M M M M
3 38 27 33 2 32 0 0.00 M M 6.0 13 270 M M M 18 270
4 48 25 37 6 28 0 0.00 M M 4.4 21 300 M M 2 1 28 290
5 42 28 35 4 30 0 0.00 M M 8.9 21 320 M M 6 1 26 320
6 41 27 34 3 31 0 0.00 M M 6.5 14 100 M M 1 1 17 80
7 40 28 34 3 31 0 0.00 M M 10.9 16 60 M M 5 22 70
8 36 32 34 3 31 0 0.00 M M 10.9 16 360 M M 10 22 360
9 34 30 32 1 33 0 0.00 M M 7.4 14 330 M M 10 17 350
10 31 28 30 -1 35 0 T M M 4.8 10 300 M M 10 18 14 290
11 28 26 27 -4 38 0 0.00 M M 6.5 13 330 M M 10 8 17 320
12 43 20 32 1 33 0 0.00 M M 10.7 20 200 M M 1 1 24 200
13 49 26 38 7 27 0 0.00 M M 9.2 20 190 M M 0 1 24 180
14 52 31 42 11 23 0 0.01 M M 11.8 26 190 M M 3 34 180
15 40 31 36 5 29 0 0.02 M M 11.0 24 220 M M 7 1 30 220
16 36 28 32 1 33 0 T M M 9.9 20 250 M M 10 1 27 280
17 35 30 33 2 32 0 0.07 M M 9.1 18 280 M M 10 18 23 290
18 43 29 36 5 29 0 0.03 M M 7.9 16 260 M M 8 22 270
19 44 28 36 5 29 0 0.01 M M 8.0 21 280 M M 4 128 28 280
20 41 21 31 0 34 0 0.00 M M 11.0 24 310 M M 3 31 310
21 54 29 42 11 23 0 0.00 M M 9.1 18 340 M M 0 27 230
22 38 M M M M M 0.00 M M 10.5 17 320 M M 0 16 340
23 38 16 27 -4 38 0 0.00 M M 8.6 14 110 M M 7 19 110
24 38 32 35 4 30 0 0.18 M M 5.8 13 110 M M 10 16 16 130
25 39 33 36 5 29 0 0.52 M M 11.0 22 70 M M 10 18 29 60
26 45 32 39 8 26 0 0.00 M M 10.5 24 260 M M 10 18 32 270
27 33 22 28 -4 37 0 0.11 M M M M M M M M 12 M M
28 27 5 16 -16 49 0 0.00 M M 4.5 14 330 M M 0 18 18 330
29 36 9 23 -9 42 0 0.00 M M 5.5 13 130 M M 0 12 16 130
30 41 25 33 1 32 0 0.56 M M 13.8 24 140 M M 7 1 32 140
31 45 32 39 7 26 0 0.20 M M 16.0 23 300 M M 10 18 33 260
================================================================================
SM 1203 761 915 0 2.54 M 263.5 M 154
================================================================================
AV 40.1 26.2 9.1 FASTST M M 6 MAX(MPH)
MISC ----> 29 250 38 260
================================================================================
NOTES:
# LAST OF SEVERAL OCCURRENCES
COLUMN 17 PEAK WIND IN M.P.H.
PRELIMINARY LOCAL CLIMATOLOGICAL DATA (WS FORM: F-6) , PAGE 2
STATION: LAWRENCEVILLE IL AIRPORT
MONTH: JANUARY
YEAR: 2021
LATITUDE: 38 45 N
LONGITUDE: 87 36 W
[TEMPERATURE DATA] [PRECIPITATION DATA] SYMBOLS USED IN COLUMN 16
AVERAGE MONTHLY: 33.2 TOTAL FOR MONTH: 2.54 1 = FOG OR MIST
DPTR FM NORMAL: 2.1 DPTR FM NORMAL: 0.16 2 = FOG REDUCING VISIBILITY
HIGHEST: 54 ON 21 GRTST 24HR 1.30 ON 30-31 TO 1/4 MILE OR LESS
LOWEST: 5 ON 28 3 = THUNDER
SNOW, ICE PELLETS, HAIL 4 = ICE PELLETS
TOTAL MONTH: M 5 = HAIL
GRTST 24HR M ON M 6 = FREEZING RAIN OR DRIZZLE
GRTST DEPTH: M ON M 7 = DUSTSTORM OR SANDSTORM:
VSBY 1/2 MILE OR LESS
8 = SMOKE OR HAZE
[NO. OF DAYS WITH] [WEATHER - DAYS WITH] 9 = BLOWING SNOW
X = TORNADO
MAX 32 OR BELOW: 3 0.01 INCH OR MORE: 11
MAX 90 OR ABOVE: 0 0.10 INCH OR MORE: 6
MIN 32 OR BELOW: 28 0.50 INCH OR MORE: 3
MIN 0 OR BELOW: 0 1.00 INCH OR MORE: 0
[HDD (BASE 65) ]
TOTAL THIS MO. 915 CLEAR (SCALE 0-3) 9
DPTR FM NORMAL -137 PTCLDY (SCALE 4-7) 7
TOTAL FM JUL 1 2572 CLOUDY (SCALE 8-10) 15
DPTR FM NORMAL -276
[CDD (BASE 65) ]
TOTAL THIS MO. 0
DPTR FM NORMAL 0 [PRESSURE DATA]
TOTAL FM JAN 1 0 HIGHEST SLP 30.74 ON 28
DPTR FM NORMAL 0 LOWEST SLP 29.53 ON 15
[REMARKS]
#FINAL-01-21#