000
CXUS55 KMSO 010900
CF6MSO
PRELIMINARY LOCAL CLIMATOLOGICAL DATA (WS FORM: F-6)
STATION: MISSOULA MT
MONTH: SEPTEMBER
YEAR: 2021
LATITUDE: 46 55 N
LONGITUDE: 114 5 W
TEMPERATURE IN F: :PCPN: SNOW: WIND :SUNSHINE: SKY :PK WND
================================================================================
1 2 3 4 5 6A 6B 7 8 9 10 11 12 13 14 15 16 17 18
12Z AVG MX 2MIN
DY MAX MIN AVG DEP HDD CDD WTR SNW DPTH SPD SPD DIR MIN PSBL S-S WX SPD DR
================================================================================
1 74 38 56 -7 9 0 0.00 0.0 0 5.7 17 10 M M 0 24 10
2 76 38 57 -5 8 0 0.00 0.0 0 4.3 17 10 M M 0 8 23 360
3 79 41 60 -2 5 0 0.00 0.0 0 2.1 14 290 M M 0 19 310
4 84 43 64 2 1 0 0.00 0.0 0 3.4 22 280 M M 1 8 27 270
5 89 44 67 6 0 2 0.00 0.0 0 4.3 23 300 M M 2 8 32 280
6 86 49 68 7 0 3 0.00 0.0 0 6.6 25 250 M M 0 8 34 240
7 89 45 67 6 0 2 0.00 0.0 0 2.1 9 360 M M 0 13 10
8 90 46 68 8 0 3 0.00 0.0 0 4.7 23 280 M M 1 8 29 270
9 79 46 63 3 2 0 T 0.0 0 1.8 13 210 M M 3 8 17 270
10 82 52 67 7 0 2 T 0.0 0 5.9 20 290 M M 2 38 25 280
11 71 49 60 1 5 0 T 0.0 0 5.8 16 260 M M 7 1 24 260
12 76 40 58 -1 7 0 T 0.0 0 2.8 13 130 M M 1 18 30
13 76 43 60 1 5 0 0.00 0.0 0 4.2 15 10 M M 1 22 20
14 77 40 59 1 6 0 0.00 0.0 0 2.2 12 250 M M 1 14 260
15 76 53 65 7 0 0 0.00 0.0 0 9.3 30 270 M M 5 43 250
16 67 38 53 -5 12 0 0.00 0.0 0 5.9 21 280 M M 2 28 270
17 77 31 54 -3 11 0 0.00 0.0 0 3.1 12 280 M M 2 8 15 270
18 78 41 60 3 5 0 T 0.0 0 8.1 35 290 M M 2 8 45 330
19 60 45 53 -3 12 0 0.30 0.0 0 5.0 21 310 M M 9 1 29 310
20 59 40 50 -6 15 0 0.13 0.0 0 2.4 17 10 M M 8 1 22 10
21 70 31 51 -5 14 0 0.00 0.0 0 1.7 6 120 M M 2 12 9 210
22 75 37 56 1 9 0 0.00 0.0 0 3.3 14 260 M M 0 21 280
23 73 41 57 2 8 0 0.00 0.0 0 3.6 17 300 M M 1 23 300
24 76 38 57 3 8 0 0.00 0.0 0 1.5 8 20 M M 0 11 20
25 84 41 63 9 2 0 0.00 0.0 0 1.6 14 290 M M 0 18 290
26 85 42 64 10 1 0 0.00 0.0 0 4.0 18 320 M M 0 27 310
27 83 41 62 9 3 0 0.00 0.0 0 2.4 18 330 M M 0 27 340
28 62 40 51 -2 14 0 0.14 0.0 0 8.6 24 310 M M 7 1 35 320
29 62 37 50 -2 15 0 0.00 0.0 0 3.8 14 310 M M 3 18 320
30 71 31 51 -1 14 0 0.00 0.0 0 1.9 7 340 M M 0 11 150
================================================================================
SM 2286 1241 191 12 0.57 0.0 122.1 M 60
================================================================================
AV 76.2 41.4 4.1 FASTST M M 2 MAX(MPH)
MISC ----> 35 290 45 330
================================================================================
NOTES:
# LAST OF SEVERAL OCCURRENCES
COLUMN 17 PEAK WIND IN M.P.H.
PRELIMINARY LOCAL CLIMATOLOGICAL DATA (WS FORM: F-6) , PAGE 2
STATION: MISSOULA MT
MONTH: SEPTEMBER
YEAR: 2021
LATITUDE: 46 55 N
LONGITUDE: 114 5 W
[TEMPERATURE DATA] [PRECIPITATION DATA] SYMBOLS USED IN COLUMN 16
AVERAGE MONTHLY: 58.8 TOTAL FOR MONTH: 0.57 1 = FOG OR MIST
DPTR FM NORMAL: 1.3 DPTR FM NORMAL: -0.39 2 = FOG REDUCING VISIBILITY
HIGHEST: 90 ON 8 GRTST 24HR 0.32 ON 19-20 TO 1/4 MILE OR LESS
LOWEST: 31 ON 30,21 3 = THUNDER
SNOW, ICE PELLETS, HAIL 4 = ICE PELLETS
TOTAL MONTH: 0.0 INCH 5 = HAIL
GRTST 24HR 0.0 6 = FREEZING RAIN OR DRIZZLE
GRTST DEPTH: 0 7 = DUSTSTORM OR SANDSTORM:
VSBY 1/2 MILE OR LESS
8 = SMOKE OR HAZE
[NO. OF DAYS WITH] [WEATHER - DAYS WITH] 9 = BLOWING SNOW
X = TORNADO
MAX 32 OR BELOW: 0 0.01 INCH OR MORE: 3
MAX 90 OR ABOVE: 1 0.10 INCH OR MORE: 3
MIN 32 OR BELOW: 3 0.50 INCH OR MORE: 0
MIN 0 OR BELOW: 0 1.00 INCH OR MORE: 0
[HDD (BASE 65) ]
TOTAL THIS MO. 191 CLEAR (SCALE 0-3) 25
DPTR FM NORMAL -49 PTCLDY (SCALE 4-7) 4
TOTAL FM JUL 1 253 CLOUDY (SCALE 8-10) 1
DPTR FM NORMAL -72
[CDD (BASE 65) ]
TOTAL THIS MO. 12
DPTR FM NORMAL -3 [PRESSURE DATA]
TOTAL FM JAN 1 587 HIGHEST SLP M ON M
DPTR FM NORMAL 280 LOWEST SLP 29.56 ON 18
[REMARKS]
#FINAL-09-21#