000
CXUS56 KMFR 010930
CF6RBG
PRELIMINARY LOCAL CLIMATOLOGICAL DATA (WS FORM: F-6)
STATION: ROSEBURG OR
MONTH: JUNE
YEAR: 2023
LATITUDE: 43 13 N
LONGITUDE: 123 22 W
TEMPERATURE IN F: :PCPN: SNOW: WIND :SUNSHINE: SKY :PK WND
================================================================================
1 2 3 4 5 6A 6B 7 8 9 10 11 12 13 14 15 16 17 18
12Z AVG MX 2MIN
DY MAX MIN AVG DEP HDD CDD WTR SNW DPTH SPD SPD DIR MIN PSBL S-S WX SPD DR
================================================================================
1 74 44 59 -3 6 0 0.00 M M 6.1 20 10 M M 0 26 10
2 80 45 63 1 2 0 0.00 M M 4.3 18 10 M M 0 26 10
3 82 46 64 2 1 0 0.00 M M 5.1 16 330 M M 0 23 330
4 79 51 65 3 0 0 0.00 M M 11.1 23 10 M M 1 32 10
5 86 58 72 10 0 7 0.00 M M 8.9 22 10 M M 0 28 30
6 93 55 74 11 0 9 0.00 M M 4.2 12 30 M M 0 20 300
7 81 57 69 6 0 4 0.00 M M 5.1 13 290 M M 0 18 330
8 82 54 68 5 0 3 0.00 M M 5.6 17 10 M M 2 27 20
9 76 56 66 3 0 1 0.00 M M 6.2 15 10 M M 6 22 360
10 82 58 70 7 0 5 0.00 M M 7.4 21 10 M M 5 28 10
11 86 59 73 10 0 8 0.00 M M 8.2 18 10 M M 1 25 360
12 89 57 73 9 0 8 0.00 M M 4.8 16 330 M M 0 24 330
13 80 57 69 5 0 4 0.00 M M 7.0 15 330 M M 0 23 320
14 76 54 65 1 0 0 0.00 M M 7.5 17 20 M M 3 23 350
15 78 49 64 0 1 0 0.00 M M 7.1 22 10 M M 0 26 10
16 89 52 71 7 0 6 0.00 M M 4.9 18 20 M M 0 24 10
17 75 56 66 1 0 1 0.00 M M 5.9 15 310 M M 6 22 320
18 64 53 59 -6 6 0 0.14 M M 3.8 13 360 M M 9 20 270
19 62 48 55 -10 10 0 0.01 M M 3.3 15 310 M M 7 24 300
20 70 45 58 -7 7 0 0.00 M M 2.9 13 320 M M 5 19 330
21 81 45 63 -3 2 0 0.00 M M 3.1 17 10 M M 0 21 10
22 91 51 71 5 0 6 0.00 M M 3.3 14 10 M M 0 20 10
23 77 56 67 1 0 2 0.00 M M 4.8 14 330 M M 1 21 280
24 84 56 70 4 0 5 0.00 M M 5.4 16 10 M M 5 22 310
25 85 53 69 2 0 4 0.00 M M 4.8 17 20 M M 0 24 20
26 83 53 68 1 0 3 0.00 M M 4.5 17 10 M M 0 25 10
27 85 53 69 2 0 4 0.00 M M 4.8 16 20 M M 0 22 350
28 89 54 72 4 0 7 0.00 M M 3.7 16 330 M M 0 24 330
29 93 57 75 7 0 10 0.00 M M 3.8 16 330 M M 0 22 340
30 97 59 78 10 0 13 0.00 M M 4.5 17 10 M M 0 32 30
================================================================================
SM 2449 1591 35 110 0.15 M 162.1 M 51
================================================================================
AV 81.6 53.0 5.4 FASTST M M 2 MAX(MPH)
MISC ----> 23 10 # 32 10
================================================================================
NOTES:
# LAST OF SEVERAL OCCURRENCES
COLUMN 17 PEAK WIND IN M.P.H.
PRELIMINARY LOCAL CLIMATOLOGICAL DATA (WS FORM: F-6) , PAGE 2
STATION: ROSEBURG OR
MONTH: JUNE
YEAR: 2023
LATITUDE: 43 13 N
LONGITUDE: 123 22 W
[TEMPERATURE DATA] [PRECIPITATION DATA] SYMBOLS USED IN COLUMN 16
AVERAGE MONTHLY: 67.3 TOTAL FOR MONTH: 0.15 1 = FOG OR MIST
DPTR FM NORMAL: 2.7 DPTR FM NORMAL: -0.78 2 = FOG REDUCING VISIBILITY
HIGHEST: 97 ON 30 GRTST 24HR 0.14 ON 18-18 TO 1/4 MILE OR LESS
LOWEST: 44 ON 1 3 = THUNDER
SNOW, ICE PELLETS, HAIL 4 = ICE PELLETS
TOTAL MONTH: M 5 = HAIL
GRTST 24HR M ON M 6 = FREEZING RAIN OR DRIZZLE
GRTST DEPTH: M ON M 7 = DUSTSTORM OR SANDSTORM:
VSBY 1/2 MILE OR LESS
8 = SMOKE OR HAZE
[NO. OF DAYS WITH] [WEATHER - DAYS WITH] 9 = BLOWING SNOW
X = TORNADO
MAX 32 OR BELOW: 0 0.01 INCH OR MORE: 2
MAX 90 OR ABOVE: 4 0.10 INCH OR MORE: 1
MIN 32 OR BELOW: 0 0.50 INCH OR MORE: 0
MIN 0 OR BELOW: 0 1.00 INCH OR MORE: 0
[HDD (BASE 65) ]
TOTAL THIS MO. 35 CLEAR (SCALE 0-3) 22
DPTR FM NORMAL -44 PTCLDY (SCALE 4-7) 7
TOTAL FM JUL 1 4053 CLOUDY (SCALE 8-10) 1
DPTR FM NORMAL 143
[CDD (BASE 65) ]
TOTAL THIS MO. 110
DPTR FM NORMAL 43 [PRESSURE DATA]
TOTAL FM JAN 1 194 HIGHEST SLP M ON M
DPTR FM NORMAL 101 LOWEST SLP 29.66 ON 6
[REMARKS]
#FINAL-06-23#