000
CXUS56 KLOX 011655
CF6SMX
PRELIMINARY LOCAL CLIMATOLOGICAL DATA (WS FORM: F-6)
STATION: SANTA MARIA AIRPORT CA
MONTH: JULY
YEAR: 2020
LATITUDE: 34 54 N
LONGITUDE: 120 27 W
TEMPERATURE IN F: :PCPN: SNOW: WIND :SUNSHINE: SKY :PK WND
================================================================================
1 2 3 4 5 6A 6B 7 8 9 10 11 12 13 14 15 16 17 18
12Z AVG MX 2MIN
DY MAX MIN AVG DEP HDD CDD WTR SNW DPTH SPD SPD DIR MIN PSBL S-S WX SPD DR
================================================================================
1 72 55 64 2 1 0 0.00 0.0 0 5.6 16 330 M M 9 18 21 320
2 72 53 63 1 2 0 T 0.0 0 5.6 17 340 M M 7 18 21 310
3 72 50 61 -1 4 0 0.00 0.0 0 5.9 16 310 M M 1 18 20 330
4 81 50 66 4 0 1 0.00 0.0 0 4.3 14 330 M M 1 128 18 310
5 77 53 65 2 0 0 0.00 0.0 0 6.0 18 320 M M 0 18 22 320
6 72 51 62 -1 3 0 0.00 0.0 0 9.3 24 300 M M 1 18 28 310
7 70 49 60 -3 5 0 0.00 M 0 8.8 21 300 M M 1 18 25 300
8 72 53 63 0 2 0 T 0.0 0 5.8 15 320 M M 6 18 19 310
9 71 54 63 0 2 0 0.00 0.0 0 5.8 15 300 M M 5 18 21 300
10 79 52 66 3 0 1 0.00 0.0 0 4.5 13 330 M M 3 128 17 320
11 81 51 66 3 0 1 0.00 0.0 0 5.3 14 300 M M 3 128 18 320
12 79 54 67 4 0 2 0.00 0.0 0 5.5 14 330 M M 0 18 18 300
13 70 54 62 -1 3 0 0.00 0.0 0 8.1 16 330 M M 6 18 31 300
14 71 55 63 0 2 0 0.00 0.0 0 7.0 15 290 M M 6 18 20 330
15 73 56 65 2 0 0 0.00 0.0 0 5.9 16 310 M M 6 18 M M
16 75 57 66 3 0 1 T 0.0 0 6.1 15 320 M M 4 18 20 320
17 74 58 66 3 0 1 0.00 0.0 0 5.6 14 310 M M 6 18 21 310
18 74 58 66 3 0 1 0.00 0.0 0 6.0 16 330 M M 5 18 20 300
19 73 56 65 1 0 0 0.00 0.0 0 7.2 17 310 M M 5 21 290
20 72 57 65 1 0 0 0.00 0.0 0 10.6 22 300 M M 7 1 25 300
21 75 55 65 1 0 0 0.00 0.0 0 8.0 18 310 M M 8 18 22 290
22 73 55 64 0 1 0 0.00 0.0 0 6.9 16 320 M M 7 1 21 330
23 73 56 65 1 0 0 0.00 0.0 0 5.9 17 310 M M 7 1 24 350
24 72 56 64 0 1 0 0.00 0.0 0 7.2 17 320 M M 7 18 22 320
25 70 57 64 0 1 0 0.00 0.0 0 6.8 16 320 M M 6 18 20 320
26 73 57 65 1 0 0 0.00 0.0 0 5.6 14 310 M M 5 18 19 340
27 71 56 64 0 1 0 0.00 0.0 0 5.8 15 290 M M 7 18 19 300
28 71 55 63 -1 2 0 0.00 0.0 0 5.8 16 310 M M 7 18 21 290
29 73 56 65 1 0 0 0.00 0.0 0 5.8 15 300 M M 7 18 20 310
30 72 56 64 0 1 0 0.00 0.0 0 6.5 16 300 M M 7 18 M M
31 71 54 63 -1 2 0 0.00 0.0 0 7.2 18 300 M M 5 18 24 290
================================================================================
SM 2274 1689 33 8 T 0.0 200.4 M 155
================================================================================
AV 73.4 54.5 6.5 FASTST M M 5 MAX(MPH)
MISC ----> # 24 300 # 31 300
================================================================================
NOTES:
# LAST OF SEVERAL OCCURRENCES
COLUMN 17 PEAK WIND IN M.P.H.
PRELIMINARY LOCAL CLIMATOLOGICAL DATA (WS FORM: F-6) , PAGE 2
STATION: SANTA MARIA AIRPORT CA
MONTH: JULY
YEAR: 2020
LATITUDE: 34 54 N
LONGITUDE: 120 27 W
[TEMPERATURE DATA] [PRECIPITATION DATA] SYMBOLS USED IN COLUMN 16
AVERAGE MONTHLY: 63.9 TOTAL FOR MONTH: T 1 = FOG OR MIST
DPTR FM NORMAL: 0.7 DPTR FM NORMAL: -0.03 2 = FOG REDUCING VISIBILITY
HIGHEST: 81 ON 11, 4 GRTST 24HR T ON 16-16 TO 1/4 MILE OR LESS
LOWEST: 49 ON 7 3 = THUNDER
SNOW, ICE PELLETS, HAIL 4 = ICE PELLETS
TOTAL MONTH: 0.0 INCH 5 = HAIL
GRTST 24HR 0.0 6 = FREEZING RAIN OR DRIZZLE
GRTST DEPTH: 0 7 = DUSTSTORM OR SANDSTORM:
VSBY 1/2 MILE OR LESS
8 = SMOKE OR HAZE
[NO. OF DAYS WITH] [WEATHER - DAYS WITH] 9 = BLOWING SNOW
X = TORNADO
MAX 32 OR BELOW: 0 0.01 INCH OR MORE: 0
MAX 90 OR ABOVE: 0 0.10 INCH OR MORE: 0
MIN 32 OR BELOW: 0 0.50 INCH OR MORE: 0
MIN 0 OR BELOW: 0 1.00 INCH OR MORE: 0
[HDD (BASE 65) ]
TOTAL THIS MO. 33 CLEAR (SCALE 0-3) 8
DPTR FM NORMAL -42 PTCLDY (SCALE 4-7) 21
TOTAL FM JUL 1 33 CLOUDY (SCALE 8-10) 2
DPTR FM NORMAL -42
[CDD (BASE 65) ]
TOTAL THIS MO. 8
DPTR FM NORMAL -11 [PRESSURE DATA]
TOTAL FM JAN 1 61 HIGHEST SLP M ON M
DPTR FM NORMAL 26 LOWEST SLP 29.75 ON 21
[REMARKS]
#FINAL-07-20#