000
CXUS54 KBMX 011110
CF6TCL
PRELIMINARY LOCAL CLIMATOLOGICAL DATA (WS FORM: F-6)
STATION: TUSCALOOSA
MONTH: NOVEMBER
YEAR: 2021
LATITUDE: 33 13 N
LONGITUDE: 87 37 W
TEMPERATURE IN F: :PCPN: SNOW: WIND :SUNSHINE: SKY :PK WND
================================================================================
1 2 3 4 5 6A 6B 7 8 9 10 11 12 13 14 15 16 17 18
12Z AVG MX 2MIN
DY MAX MIN AVG DEP HDD CDD WTR SNW DPTH SPD SPD DIR MIN PSBL S-S WX SPD DR
================================================================================
1 68 47 58 -1 7 0 0.00 0.0 0 3.6 10 20 M M 0 1 13 40
2 68 45 57 -1 8 0 0.00 0.0 0 6.3 12 20 M M 0 1 16 20
3 56 48 52 -6 13 0 0.02 0.0 0 8.6 17 30 M M 9 22 20
4 53 49 51 -7 14 0 0.03 0.0 0 7.1 14 10 M M 10 1 16 60
5 64 44 54 -3 11 0 0.00 0.0 0 6.7 13 10 M M 6 1 18 30
6 64 38 51 -6 14 0 0.00 0.0 0 3.5 13 360 M M 0 1 18 340
7 70 36 53 -4 12 0 0.00 0.0 0 2.6 9 360 M M 0 1 13 10
8 75 38 57 1 8 0 0.00 0.0 0 1.0 7 330 M M 0 1 9 350
9 74 39 57 1 8 0 0.00 0.0 0 2.1 9 170 M M 0 1 16 250
10 75 45 60 4 5 0 0.00 0.0 0 2.8 13 170 M M 0 1 15 170
11 76 48 62 7 3 0 0.61 0.0 0 3.9 22 240 M M 5 123 30 240
12 69 43 56 1 9 0 0.00 0.0 0 1.1 10 310 M M 5 12 15 310
13 54 34 44 -11 21 0 0.00 0.0 0 5.5 15 310 M M 0 22 320
14 64 31 48 -6 17 0 0.00 0.0 0 2.3 13 250 M M 0 1 16 230
15 67 34 51 -3 14 0 0.00 0.0 0 1.3 9 210 M M 0 1 12 190
16 75 44 60 6 5 0 0.00 0.0 0 3.3 14 200 M M 3 1 18 200
17 78 47 63 9 2 0 0.00 0.0 0 4.7 18 180 M M 2 1 23 180
18 66 41 54 1 11 0 0.02 0.0 0 4.7 15 10 M M 7 1 22 330
19 62 31 47 -6 18 0 0.00 0.0 0 5.5 17 50 M M 0 21 50
20 65 31 48 -5 17 0 0.00 0.0 0 3.1 13 110 M M 0 19 100
21 71 43 57 5 8 0 0.65 0.0 0 3.6 13 340 M M 3 13 21 330
22 63 37 50 -2 15 0 0.07 0.0 0 8.5 18 360 M M 3 1 24 360
23 60 30 45 -7 20 0 0.00 0.0 0 2.9 10 40 M M 0 12 50
24 64 31 48 -4 17 0 0.00 0.0 0 4.4 15 180 M M 0 20 180
25 68 37 53 1 12 0 0.19 0.0 0 4.5 17 320 M M 5 1 23 330
26 53 32 43 -8 22 0 0.00 0.0 0 5.9 16 320 M M 3 1 23 310
27 60 29 45 -6 20 0 0.00 0.0 0 1.9 8 190 M M 0 1 11 180
28 59 42 51 0 14 0 0.00 0.0 0 2.3 10 360 M M 2 14 360
29 60 34 47 -4 18 0 0.00 0.0 0 2.4 10 20 M M 0 8 14 10
30 69 31 50 -1 15 0 0.00 0.0 0 1.2 10 170 M M 0 1 12 200
================================================================================
SM 1970 1159 378 0 1.59 0.0 117.3 M 63
================================================================================
AV 65.7 38.6 3.9 FASTST M M 2 MAX(MPH)
MISC ----> 22 240 30 240
================================================================================
NOTES:
# LAST OF SEVERAL OCCURRENCES
COLUMN 17 PEAK WIND IN M.P.H.
PRELIMINARY LOCAL CLIMATOLOGICAL DATA (WS FORM: F-6) , PAGE 2
STATION: TUSCALOOSA
MONTH: NOVEMBER
YEAR: 2021
LATITUDE: 33 13 N
LONGITUDE: 87 37 W
[TEMPERATURE DATA] [PRECIPITATION DATA] SYMBOLS USED IN COLUMN 16
AVERAGE MONTHLY: 52.2 TOTAL FOR MONTH: 1.59 1 = FOG OR MIST
DPTR FM NORMAL: -2.0 DPTR FM NORMAL: -2.93 2 = FOG REDUCING VISIBILITY
HIGHEST: 78 ON 17 GRTST 24HR 0.72 ON 21-22 TO 1/4 MILE OR LESS
LOWEST: 29 ON 27 3 = THUNDER
SNOW, ICE PELLETS, HAIL 4 = ICE PELLETS
TOTAL MONTH: 0.0 INCH 5 = HAIL
GRTST 24HR 0.0 6 = FREEZING RAIN OR DRIZZLE
GRTST DEPTH: 0 7 = DUSTSTORM OR SANDSTORM:
VSBY 1/2 MILE OR LESS
8 = SMOKE OR HAZE
[NO. OF DAYS WITH] [WEATHER - DAYS WITH] 9 = BLOWING SNOW
X = TORNADO
MAX 32 OR BELOW: 0 0.01 INCH OR MORE: 7
MAX 90 OR ABOVE: 0 0.10 INCH OR MORE: 3
MIN 32 OR BELOW: 8 0.50 INCH OR MORE: 2
MIN 0 OR BELOW: 0 1.00 INCH OR MORE: 0
[HDD (BASE 65) ]
TOTAL THIS MO. 378 CLEAR (SCALE 0-3) 22
DPTR FM NORMAL 39 PTCLDY (SCALE 4-7) 6
TOTAL FM JUL 1 436 CLOUDY (SCALE 8-10) 2
DPTR FM NORMAL -8
[CDD (BASE 65) ]
TOTAL THIS MO. 0
DPTR FM NORMAL -15 [PRESSURE DATA]
TOTAL FM JAN 1 2270 HIGHEST SLP 30.46 ON 19
DPTR FM NORMAL 12 LOWEST SLP 29.88 ON 11
[REMARKS]
#FINAL-11-21#