000
CXUS56 KLOX 261155
CF6WJF
PRELIMINARY LOCAL CLIMATOLOGICAL DATA (WS FORM: F-6)
STATION: LANCASTER FOX FIELD CA
MONTH: APRIL
YEAR: 2024
LATITUDE: 34 43 N
LONGITUDE: 118 13 W
TEMPERATURE IN F: :PCPN: SNOW: WIND :SUNSHINE: SKY :PK WND
================================================================================
1 2 3 4 5 6A 6B 7 8 9 10 11 12 13 14 15 16 17 18
12Z AVG MX 2MIN
DY MAX MIN AVG DEP HDD CDD WTR SNW DPTH SPD SPD DIR MIN PSBL S-S WX SPD DR
================================================================================
1 65 42 54 -2 11 0 0.00 M M 6.2 20 280 M M 4 25 280
2 73 36 55 -1 10 0 0.00 M M 4.3 17 40 M M 0 23 60
3 75 40 58 2 7 0 0.00 M M 9.6 25 230 M M 0 36 230
4 57 38 48 -8 17 0 0.00 M M 17.0 37 240 M M 3 50 240
5 50 36 43 -14 22 0 0.07 M M 15.4 33 290 M M 3 1 43 290
6 61 31 46 -11 19 0 0.00 M M 9.6 22 290 M M 0 27 290
7 63 33 48 -9 17 0 0.00 M M 11.5 28 280 M M 0 34 280
8 68 36 52 -5 13 0 0.00 M M 9.8 25 40 M M 0 34 30
9 73 31 52 -5 13 0 0.00 M M 5.9 16 70 M M 0 22 60
10 81 37 59 1 6 0 0.00 M M 4.1 15 280 M M 0 19 280
11 84 41 63 5 2 0 0.00 M M 4.4 16 250 M M 0 M M
12 77 47 62 4 3 0 0.00 M M 14.8 30 250 M M 0 39 270
13 61 37 49 -9 16 0 0.06 M M 15.6 27 260 M M 4 36 220
14 54 38 46 -12 19 0 0.06 M M 13.6 24 220 M M 5 1 33 220
15 67 40 54 -5 11 0 0.00 M M 12.6 23 260 M M 0 31 280
16 79 33 56 -3 9 0 0.00 M M 5.7 22 270 M M 0 M M
17 84 44 64 5 1 0 0.00 M M 9.2 25 260 M M 0 31 270
18 82 53 68 9 0 3 0.00 M M 12.7 25 250 M M 0 33 240
19 81 56 69 9 0 4 0.00 M M 14.7 30 270 M M 0 38 260
20 87 48 68 8 0 3 0.00 M M 9.2 28 280 M M 0 35 280
21 89 50 70 10 0 5 0.00 M M 7.4 22 240 M M 0 32 230
22 85 49 67 7 0 2 0.00 M M 9.8 25 220 M M 0 34 210
23 69 51 60 0 5 0 0.00 M M 17.3 31 250 M M 0 42 240
24 69 50 60 -1 5 0 0.00 M M 19.3 31 250 M M 0 44 240
25 63 50 57 -4 8 0 0.00 M M 22.1 35 250 M M 0 46 250
================================================================================
SM 1797 1047 214 17 0.19 M 281.8 M 19
================================================================================
AV 71.9 41.9 11.3 FASTST M M 1 MAX(MPH)
MISC ----> 37 240 50 240
================================================================================
NOTES:
# LAST OF SEVERAL OCCURRENCES
COLUMN 17 PEAK WIND IN M.P.H.
PRELIMINARY LOCAL CLIMATOLOGICAL DATA (WS FORM: F-6) , PAGE 2
STATION: LANCASTER FOX FIELD CA
MONTH: APRIL
YEAR: 2024
LATITUDE: 34 43 N
LONGITUDE: 118 13 W
[TEMPERATURE DATA] [PRECIPITATION DATA] SYMBOLS USED IN COLUMN 16
AVERAGE MONTHLY: 56.9 TOTAL FOR MONTH: 0.19 1 = FOG OR MIST
DPTR FM NORMAL: -1.4 DPTR FM NORMAL: -0.17 2 = FOG REDUCING VISIBILITY
HIGHEST: 89 ON 21 GRTST 24HR 0.11 ON 13-14 TO 1/4 MILE OR LESS
LOWEST: 31 ON 9, 6 3 = THUNDER
SNOW, ICE PELLETS, HAIL 4 = ICE PELLETS
TOTAL MONTH: M 5 = HAIL
GRTST 24HR M ON M 6 = FREEZING RAIN OR DRIZZLE
GRTST DEPTH: M ON M 7 = DUSTSTORM OR SANDSTORM:
VSBY 1/2 MILE OR LESS
8 = SMOKE OR HAZE
[NO. OF DAYS WITH] [WEATHER - DAYS WITH] 9 = BLOWING SNOW
X = TORNADO
MAX 32 OR BELOW: 0 0.01 INCH OR MORE: 3
MAX 90 OR ABOVE: 0 0.10 INCH OR MORE: 0
MIN 32 OR BELOW: 2 0.50 INCH OR MORE: 0
MIN 0 OR BELOW: 0 1.00 INCH OR MORE: 0
[HDD (BASE 65) ]
TOTAL THIS MO. 214 CLEAR (SCALE 0-3) 22
DPTR FM NORMAL 32 PTCLDY (SCALE 4-7) 3
TOTAL FM JUL 1 2701 CLOUDY (SCALE 8-10) 0
DPTR FM NORMAL -147
[CDD (BASE 65) ]
TOTAL THIS MO. 17
DPTR FM NORMAL 6 [PRESSURE DATA]
TOTAL FM JAN 1 17 HIGHEST SLP M ON M
DPTR FM NORMAL 4 LOWEST SLP 29.79 ON 4
[REMARKS]