000
CXUS53 KABR 011100
CF6ABR
PRELIMINARY LOCAL CLIMATOLOGICAL DATA (WS FORM: F-6)
STATION: ABERDEEN SD
MONTH: JUNE
YEAR: 2023
LATITUDE: 45 27 N
LONGITUDE: 98 26 W
TEMPERATURE IN F: :PCPN: SNOW: WIND :SUNSHINE: SKY :PK WND
================================================================================
1 2 3 4 5 6A 6B 7 8 9 10 11 12 13 14 15 16 17 18
12Z AVG MX 2MIN
DY MAX MIN AVG DEP HDD CDD WTR SNW DPTH SPD SPD DIR MIN PSBL S-S WX SPD DR
================================================================================
1 93 59 76 12 0 11 0.19 T 0 4.8 33 100 M M 2 135 47 120
2 89 66 78 14 0 13 T 0.0 0 11.6 22 140 M M 2 3 30 150
3 93 64 79 15 0 14 T 0.0 0 8.1 22 90 M M 1 3 28 100
4 94 62 78 14 0 13 0.03 0.0 0 3.2 21 180 M M 2 138 28 180
5 93 59 76 11 0 11 0.00 0.0 0 5.8 22 100 M M 0 18 29 110
6 96 59 78 13 0 13 0.00 0.0 0 3.8 15 360 M M 2 138 21 360
7 98 67 83 17 0 18 T 0.0 0 4.4 21 70 M M 2 38 26 80
8 95 66 81 15 0 16 T 0.0 0 6.3 16 90 M M 1 138 22 70
9 89 67 78 12 0 13 0.43 0.0 0 6.2 25 50 M M 3 13 36 50
10 78 62 70 4 0 5 0.00 0.0 0 15.6 26 30 M M 4 3 37 20
11 76 54 65 -2 0 0 0.00 0.0 0 8.7 17 60 M M 1 26 50
12 83 51 67 0 0 2 0.00 0.0 0 5.6 16 320 M M 0 23 330
13 88 55 72 5 0 7 0.00 0.0 0 4.8 14 330 M M 1 8 19 60
14 87 57 72 4 0 7 0.00 0.0 0 6.0 15 60 M M 0 18 21 100
15 92 59 76 8 0 11 0.00 0.0 0 9.8 22 80 M M 1 18 30 70
16 80 63 72 4 0 7 0.00 0.0 0 7.6 17 330 M M 3 8 22 330
17 82 56 69 1 0 4 0.00 0.0 0 7.0 14 260 M M 2 8 21 240
18 88 47 68 0 0 3 0.00 0.0 0 4.6 13 120 M M 0 18 24 150
19 102 66 84 15 0 19 0.00 0.0 0 15.9 26 160 M M 0 36 160
20 96 74 85 16 0 20 0.00 0.0 0 17.5 32 160 M M 0 8 46 150
21 84 68 76 7 0 11 0.04 0.0 0 6.1 20 160 M M 4 138 27 170
22 87 64 76 7 0 11 0.25 0.0 0 6.9 25 110 M M 3 138 32 100
23 74 63 69 -1 0 4 0.30 0.0 0 11.8 18 50 M M 8 138 26 60
24 77 61 69 -1 0 4 1.09 0.0 0 15.7 30 330 M M 8 13 40 320
25 81 61 71 1 0 6 0.09 0.0 0 17.4 29 340 M M 6 18 44 340
26 84 53 69 -1 0 4 0.00 0.0 0 3.2 12 40 M M 0 15 50
27 83 57 70 0 0 5 0.64 0.0 0 9.5 21 170 M M 4 138 28 160
28 83 60 72 1 0 7 0.24 0.0 0 6.8 15 110 M M 4 13 20 110
29 89 60 75 4 0 10 0.00 0.0 0 5.3 15 340 M M 1 1 19 330
30 84 61 73 2 0 8 0.00 0.0 0 2.3 13 230 M M 1 8 17 220
================================================================================
SM 2618 1821 0 277 3.30 T 242.3 M 66
================================================================================
AV 87.3 60.7 8.1 FASTST M M 2 MAX(MPH)
MISC ----> 33 100 47 120
================================================================================
NOTES:
# LAST OF SEVERAL OCCURRENCES
COLUMN 17 PEAK WIND IN M.P.H.
PRELIMINARY LOCAL CLIMATOLOGICAL DATA (WS FORM: F-6) , PAGE 2
STATION: ABERDEEN SD
MONTH: JUNE
YEAR: 2023
LATITUDE: 45 27 N
LONGITUDE: 98 26 W
[TEMPERATURE DATA] [PRECIPITATION DATA] SYMBOLS USED IN COLUMN 16
AVERAGE MONTHLY: 74.0 TOTAL FOR MONTH: 3.30 1 = FOG OR MIST
DPTR FM NORMAL: 6.4 DPTR FM NORMAL: -0.46 2 = FOG REDUCING VISIBILITY
HIGHEST: 102 ON 19 GRTST 24HR 1.24 ON 23-24 TO 1/4 MILE OR LESS
LOWEST: 47 ON 18 3 = THUNDER
SNOW, ICE PELLETS, HAIL 4 = ICE PELLETS
TOTAL MONTH: T 5 = HAIL
GRTST 24HR T ON 1- 1 6 = FREEZING RAIN OR DRIZZLE
GRTST DEPTH: 0 7 = DUSTSTORM OR SANDSTORM:
VSBY 1/2 MILE OR LESS
8 = SMOKE OR HAZE
[NO. OF DAYS WITH] [WEATHER - DAYS WITH] 9 = BLOWING SNOW
X = TORNADO
MAX 32 OR BELOW: 0 0.01 INCH OR MORE: 10
MAX 90 OR ABOVE: 10 0.10 INCH OR MORE: 7
MIN 32 OR BELOW: 0 0.50 INCH OR MORE: 2
MIN 0 OR BELOW: 0 1.00 INCH OR MORE: 1
[HDD (BASE 65) ]
TOTAL THIS MO. 0 CLEAR (SCALE 0-3) 22
DPTR FM NORMAL -51 PTCLDY (SCALE 4-7) 7
TOTAL FM JUL 1 8761 CLOUDY (SCALE 8-10) 1
DPTR FM NORMAL 538
[CDD (BASE 65) ]
TOTAL THIS MO. 277
DPTR FM NORMAL 147 [PRESSURE DATA]
TOTAL FM JAN 1 367 HIGHEST SLP 30.12 ON 11
DPTR FM NORMAL 205 LOWEST SLP 29.47 ON 24
[REMARKS]
#FINAL-06-23#