000
CXUS51 KBUF 011735
CF6ART
PRELIMINARY LOCAL CLIMATOLOGICAL DATA (WS FORM: F-6)
STATION: WATERTOWN NY
MONTH: JULY
YEAR: 2020
LATITUDE: 43 59 N
LONGITUDE: 76 2 W
TEMPERATURE IN F: :PCPN: SNOW: WIND :SUNSHINE: SKY :PK WND
================================================================================
1 2 3 4 5 6A 6B 7 8 9 10 11 12 13 14 15 16 17 18
12Z AVG MX 2MIN
DY MAX MIN AVG DEP HDD CDD WTR SNW DPTH SPD SPD DIR MIN PSBL S-S WX SPD DR
================================================================================
1 85 57 71 4 0 6 0.00 M M 5.3 16 30 M M 4 128 21 20
2 88 64 76 8 0 11 T M M 6.3 21 10 M M 2 25 20
3 88 66 77 9 0 12 T M M 4.5 15 20 M M 3 12 19 20
4 90 58 74 6 0 9 0.00 M M 5.2 15 290 M M 1 128 23 40
5 85 53 69 1 0 4 0.04 M M 5.9 15 260 M M 0 1238 20 260
6 91 57 74 6 0 9 0.00 M M 4.8 10 360 M M 0 12 16 20
7 91 61 76 8 0 11 0.00 M M 7.1 17 260 M M 0 21 270
8 89 73 81 13 0 16 0.00 M M 7.3 16 270 M M 1 21 270
9 94 70 82 14 0 17 0.00 M M 5.8 16 260 M M 0 19 260
10 95 71 83 14 0 18 0.03 M M 5.9 15 170 M M 1 18 22 170
11 86 70 78 9 0 13 M M M 5.4 14 240 M M 7 13 19 230
12 81 69 75 6 0 10 0.01 M M 8.3 20 220 M M M 24 230
13 80 61 71 2 0 6 1.47 M M 6.0 23 170 M M 6 13 34 180
14 82 57 70 1 0 5 M M M 5.3 17 260 M M 3 12 21 270
15 84 58 71 2 0 6 0.00 M M 3.0 10 270 M M 1 12 13 260
16 81 65 73 4 0 8 M M M 9.7 20 160 M M 5 1 27 160
17 81 68 75 6 0 10 M M M 9.4 17 230 M M 5 13 28 160
18 85 67 76 7 0 11 0.00 M M 6.2 15 230 M M 0 19 230
19 90 71 81 12 0 16 0.00 M M 10.6 22 250 M M 2 3 33 250
20 82 68 75 6 0 10 0.00 M M 10.9 21 260 M M 4 31 230
21 78 60 69 0 0 4 0.00 M M 3.4 13 260 M M 1 17 270
22 80 60 70 1 0 5 T M M 3.5 10 270 M M 5 1 15 250
23 83 66 75 6 0 10 T M M 5.2 12 350 M M 7 18 16 340
24 85 58 72 3 0 7 0.00 M M 5.0 14 50 M M 1 18 30
25 84 54 69 0 0 4 0.00 M M 5.4 15 260 M M 0 1 18 260
26 85 67 76 7 0 11 0.00 M M 11.1 24 230 M M 2 33 230
27 87 75 81 12 0 16 0.00 M M 11.1 22 230 M M 5 35 220
28 81 69 75 6 0 10 0.01 M M 9.9 20 230 M M 2 1 29 260
29 81 67 74 5 0 9 T M M 7.8 16 220 M M 3 24 230
30 81 60 71 2 0 6 0.00 M M 5.6 17 270 M M 2 22 260
31 85 55 70 1 0 5 0.00 M M 4.0 14 20 M M 1 12 17 10
================================================================================
SM 2638 1975 0 295 1.56 M 204.9 M 74
================================================================================
AV 85.1 63.7 6.6 FASTST M M 2 MAX(MPH)
MISC ----> # 24 230 # 35 220
================================================================================
NOTES:
# LAST OF SEVERAL OCCURRENCES
COLUMN 17 PEAK WIND IN M.P.H.
PRELIMINARY LOCAL CLIMATOLOGICAL DATA (WS FORM: F-6) , PAGE 2
STATION: WATERTOWN NY
MONTH: JULY
YEAR: 2020
LATITUDE: 43 59 N
LONGITUDE: 76 2 W
[TEMPERATURE DATA] [PRECIPITATION DATA] SYMBOLS USED IN COLUMN 16
AVERAGE MONTHLY: 74.4 TOTAL FOR MONTH: 1.56 1 = FOG OR MIST
DPTR FM NORMAL: 5.8 DPTR FM NORMAL: -1.09 2 = FOG REDUCING VISIBILITY
HIGHEST: 95 ON 10 GRTST 24HR 1.47 ON 13-13 TO 1/4 MILE OR LESS
LOWEST: 53 ON 5 3 = THUNDER
SNOW, ICE PELLETS, HAIL 4 = ICE PELLETS
TOTAL MONTH: M 5 = HAIL
GRTST 24HR M ON M 6 = FREEZING RAIN OR DRIZZLE
GRTST DEPTH: M ON M 7 = DUSTSTORM OR SANDSTORM:
VSBY 1/2 MILE OR LESS
8 = SMOKE OR HAZE
[NO. OF DAYS WITH] [WEATHER - DAYS WITH] 9 = BLOWING SNOW
X = TORNADO
MAX 32 OR BELOW: 0 0.01 INCH OR MORE: 5
MAX 90 OR ABOVE: 6 0.10 INCH OR MORE: 1
MIN 32 OR BELOW: 0 0.50 INCH OR MORE: 1
MIN 0 OR BELOW: 0 1.00 INCH OR MORE: 1
[HDD (BASE 65) ]
TOTAL THIS MO. 0 CLEAR (SCALE 0-3) 20
DPTR FM NORMAL -26 PTCLDY (SCALE 4-7) 10
TOTAL FM JUL 1 0 CLOUDY (SCALE 8-10) 0
DPTR FM NORMAL -26
[CDD (BASE 65) ]
TOTAL THIS MO. 295
DPTR FM NORMAL 156 [PRESSURE DATA]
TOTAL FM JAN 1 450 HIGHEST SLP 30.16 ON 15
DPTR FM NORMAL 238 LOWEST SLP 29.49 ON 11
[REMARKS]
#FINAL-07-20#