000
CXUS55 KCYS 011021
CF6CDR
PRELIMINARY LOCAL CLIMATOLOGICAL DATA (WS FORM: F-6)
STATION: CHADRON NEBRASKA AIRPORT
MONTH: JULY
YEAR: 2020
LATITUDE: 42 50 N
LONGITUDE: 103 6 W
TEMPERATURE IN F: :PCPN: SNOW: WIND :SUNSHINE: SKY :PK WND
================================================================================
1 2 3 4 5 6A 6B 7 8 9 10 11 12 13 14 15 16 17 18
12Z AVG MX 2MIN
DY MAX MIN AVG DEP HDD CDD WTR SNW DPTH SPD SPD DIR MIN PSBL S-S WX SPD DR
================================================================================
1 92 45 69 -2 0 4 0.00 M M 17.7 37 160 M M 0 49 170
2 96 70 83 12 0 18 T M M 22.6 36 170 M M 0 3 48 170
3 99 61 80 9 0 15 0.00 M M 16.6 26 160 M M 0 38 170
4 99 63 81 9 0 16 T M M 10.0 25 180 M M 1 3 34 180
5 100 56 78 6 0 13 0.26 M M 9.9 52 200 M M 2 3 71 200
6 97 57 77 5 0 12 T M M 7.7 18 10 M M 1 3 23 20
7 107 59 83 11 0 18 0.00 M M 17.4 45 180 M M 1 58 190
8 93 61 77 4 0 12 T M M 7.7 33 170 M M 0 3 45 190
9 92 59 76 3 0 11 0.15 M M 7.9 33 180 M M 2 3 53 230
10 101 59 80 7 0 15 0.00 M M 8.3 41 360 M M 0 54 360
11 92 56 74 1 0 9 0.00 M M 5.9 21 80 M M 0 26 80
12 99 59 79 6 0 14 0.00 M M 11.8 30 180 M M 1 40 180
13 89 65 77 3 0 12 T M M 12.1 30 50 M M 0 42 50
14 82 59 71 -3 0 6 0.00 M M 12.5 29 50 M M 5 41 50
15 86 56 71 -3 0 6 0.17 M M 11.5 21 160 M M 3 3 30 100
16 92 63 78 4 0 13 0.00 M M 6.9 15 40 M M 0 21 80
17 106 60 83 9 0 18 0.00 M M 8.1 25 270 M M 0 40 270
18 89 61 75 1 0 10 0.00 M M 10.7 26 20 M M 0 36 20
19 88 60 74 0 0 9 0.05 M M 12.6 32 130 M M 3 3 43 140
20 92 59 76 2 0 11 0.00 M M 6.8 30 20 M M 1 39 20
21 86 57 72 -3 0 7 0.00 M M 6.2 22 140 M M 4 31 150
22 96 61 79 4 0 14 0.00 M M 14.8 24 180 M M 0 33 150
23 103 67 85 10 0 20 0.00 M M 13.2 32 180 M M 0 40 190
24 91 63 77 2 0 12 0.00 M M 10.1 28 300 M M 1 39 300
25 97 59 78 3 0 13 0.00 M M 5.4 14 20 M M 0 20 30
26 89 65 77 2 0 12 0.00 M M 11.2 23 80 M M 3 31 70
27 96 57 77 2 0 12 0.00 M M 8.5 25 190 M M 1 34 170
28 95 65 80 5 0 15 0.01 M M 9.4 23 180 M M 1 35 190
29 90 62 76 1 0 11 0.08 M M 6.3 30 30 M M 4 3 38 30
30 82 60 71 -4 0 6 0.05 M M 4.4 14 270 M M 5 17 270
31 92 56 74 -1 0 9 T M M 5.8 28 30 M M 2 36 30
================================================================================
SM 2908 1860 0 373 0.77 M 320.0 M 41
================================================================================
AV 93.8 60.0 10.3 FASTST M M 1 MAX(MPH)
MISC ----> # 52 200 # 71 200
================================================================================
NOTES:
# LAST OF SEVERAL OCCURRENCES
COLUMN 17 PEAK WIND IN M.P.H.
PRELIMINARY LOCAL CLIMATOLOGICAL DATA (WS FORM: F-6) , PAGE 2
STATION: CHADRON NEBRASKA AIRPORT
MONTH: JULY
YEAR: 2020
LATITUDE: 42 50 N
LONGITUDE: 103 6 W
[TEMPERATURE DATA] [PRECIPITATION DATA] SYMBOLS USED IN COLUMN 16
AVERAGE MONTHLY: 76.9 TOTAL FOR MONTH: 0.77 1 = FOG OR MIST
DPTR FM NORMAL: 3.3 DPTR FM NORMAL: -1.34 2 = FOG REDUCING VISIBILITY
HIGHEST: 107 ON 7 GRTST 24HR 0.26 ON 5- 5 TO 1/4 MILE OR LESS
LOWEST: 45 ON 1 3 = THUNDER
SNOW, ICE PELLETS, HAIL 4 = ICE PELLETS
TOTAL MONTH: M 5 = HAIL
GRTST 24HR M ON M 6 = FREEZING RAIN OR DRIZZLE
GRTST DEPTH: M ON M 7 = DUSTSTORM OR SANDSTORM:
VSBY 1/2 MILE OR LESS
8 = SMOKE OR HAZE
[NO. OF DAYS WITH] [WEATHER - DAYS WITH] 9 = BLOWING SNOW
X = TORNADO
MAX 32 OR BELOW: 0 0.01 INCH OR MORE: 7
MAX 90 OR ABOVE: 23 0.10 INCH OR MORE: 3
MIN 32 OR BELOW: 0 0.50 INCH OR MORE: 0
MIN 0 OR BELOW: 0 1.00 INCH OR MORE: 0
[HDD (BASE 65) ]
TOTAL THIS MO. 0 CLEAR (SCALE 0-3) 27
DPTR FM NORMAL -10 PTCLDY (SCALE 4-7) 4
TOTAL FM JUL 1 0 CLOUDY (SCALE 8-10) 0
DPTR FM NORMAL -10
[CDD (BASE 65) ]
TOTAL THIS MO. 373
DPTR FM NORMAL 97 [PRESSURE DATA]
TOTAL FM JAN 1 588 HIGHEST SLP 30.19 ON 11
DPTR FM NORMAL 184 LOWEST SLP 29.53 ON 7
[REMARKS]
#FINAL-07-20#