000
CXUS52 KILM 011100
CF6CRE
PRELIMINARY LOCAL CLIMATOLOGICAL DATA (WS FORM: F-6)
STATION: N.MYRTLE BEACH SOUTH CAROLINA
MONTH: DECEMBER
YEAR: 2021
LATITUDE: 33 49 N
LONGITUDE: 78 43 W
TEMPERATURE IN F: :PCPN: SNOW: WIND :SUNSHINE: SKY :PK WND
================================================================================
1 2 3 4 5 6A 6B 7 8 9 10 11 12 13 14 15 16 17 18
12Z AVG MX 2MIN
DY MAX MIN AVG DEP HDD CDD WTR SNW DPTH SPD SPD DIR MIN PSBL S-S WX SPD DR
================================================================================
1 62 37 50 -2 15 0 0.00 M M 4.6 13 200 M M 0 8 16 200
2 66 45 56 4 9 0 0.00 M M 7.4 16 220 M M 1 19 220
3 79 49 64 12 1 0 0.00 M M 4.9 12 200 M M 0 1 13 200
4 70 47 59 7 6 0 0.00 M M 4.9 15 210 M M 1 12 18 220
5 68 47 58 6 7 0 0.00 M M 3.2 7 60 M M 5 12 9 160
6 72 51 62 11 3 0 0.00 M M 6.1 16 220 M M 3 12 22 220
7 62 50 56 5 9 0 0.00 M M 6.6 20 40 M M 8 1 24 40
8 55 39 47 -4 18 0 0.98 M M 5.1 16 340 M M 9 12 23 310
9 55 35 45 -6 20 0 0.00 M M 5.9 15 60 M M 3 12 18 60
10 64 42 53 2 12 0 0.02 M M 2.5 8 360 M M 8 1 11 360
11 71 57 64 14 1 0 T M M 8.7 21 220 M M 5 12 24 220
12 64 39 52 2 13 0 0.36 M M 6.9 26 350 M M 3 1 37 360
13 63 38 51 1 14 0 0.00 M M 4.0 10 30 M M 0 1 12 40
14 67 40 54 4 11 0 0.00 M M 3.3 12 10 M M 0 1 14 10
15 68 40 54 4 11 0 0.00 M M 5.0 10 20 M M 0 14 30
16 69 43 56 6 9 0 0.00 M M 3.0 9 120 M M 3 1 12 130
17 73 54 64 15 1 0 0.00 M M 2.3 10 200 M M 6 12 12 200
18 71 55 63 14 2 0 0.00 M M 6.6 13 210 M M 5 12 16 220
19 69 43 56 7 9 0 0.04 M M 10.0 25 40 M M 8 12 34 50
20 49 34 42 -7 23 0 0.00 M M 10.4 21 30 M M 4 29 20
21 46 41 44 -5 21 0 0.88 M M 9.0 15 20 M M 10 1 22 320
22 60 36 48 -1 17 0 0.02 M M 5.6 15 10 M M 5 1 20 10
23 55 32 44 -4 21 0 0.00 M M 5.3 16 40 M M 0 1 20 10
24 59 30 45 -3 20 0 0.00 M M 6.4 17 220 M M 0 12 21 220
25 73 53 63 15 2 0 0.00 M M 12.8 23 240 M M 0 32 200
26 77 51 64 16 1 0 0.00 M M 4.4 10 340 M M 0 1 15 290
27 67 48 58 10 7 0 0.00 M M 6.1 16 210 M M 4 12 20 210
28 72 54 63 15 2 0 0.00 M M 10.0 20 220 M M 2 12 26 210
29 75 59 67 19 0 2 0.00 M M 12.8 21 210 M M 2 28 210
30 75 61 68 21 0 3 0.07 M M 10.9 21 220 M M 8 1 26 220
31 70 61 66 19 0 1 0.00 M M 7.7 17 220 M M 7 12 22 230
================================================================================
SM 2046 1411 285 6 2.37 M 202.4 M 110
================================================================================
AV 66.0 45.5 6.5 FASTST M M 4 MAX(MPH)
MISC ----> 26 350 37 360
================================================================================
NOTES:
# LAST OF SEVERAL OCCURRENCES
COLUMN 17 PEAK WIND IN M.P.H.
PRELIMINARY LOCAL CLIMATOLOGICAL DATA (WS FORM: F-6) , PAGE 2
STATION: N.MYRTLE BEACH SOUTH CAROLINA
MONTH: DECEMBER
YEAR: 2021
LATITUDE: 33 49 N
LONGITUDE: 78 43 W
[TEMPERATURE DATA] [PRECIPITATION DATA] SYMBOLS USED IN COLUMN 16
AVERAGE MONTHLY: 55.8 TOTAL FOR MONTH: 2.37 1 = FOG OR MIST
DPTR FM NORMAL: 6.2 DPTR FM NORMAL: -0.73 2 = FOG REDUCING VISIBILITY
HIGHEST: 79 ON 3 GRTST 24HR 0.98 ON 8- 8 TO 1/4 MILE OR LESS
LOWEST: 30 ON 24 3 = THUNDER
SNOW, ICE PELLETS, HAIL 4 = ICE PELLETS
TOTAL MONTH: M 5 = HAIL
GRTST 24HR M ON M 6 = FREEZING RAIN OR DRIZZLE
GRTST DEPTH: M ON M 7 = DUSTSTORM OR SANDSTORM:
VSBY 1/2 MILE OR LESS
8 = SMOKE OR HAZE
[NO. OF DAYS WITH] [WEATHER - DAYS WITH] 9 = BLOWING SNOW
X = TORNADO
MAX 32 OR BELOW: 0 0.01 INCH OR MORE: 7
MAX 90 OR ABOVE: 0 0.10 INCH OR MORE: 3
MIN 32 OR BELOW: 2 0.50 INCH OR MORE: 2
MIN 0 OR BELOW: 0 1.00 INCH OR MORE: 0
[HDD (BASE 65) ]
TOTAL THIS MO. 285 CLEAR (SCALE 0-3) 14
DPTR FM NORMAL -194 PTCLDY (SCALE 4-7) 13
TOTAL FM JUL 1 693 CLOUDY (SCALE 8-10) 4
DPTR FM NORMAL -154
[CDD (BASE 65) ]
TOTAL THIS MO. 6
DPTR FM NORMAL 3 [PRESSURE DATA]
TOTAL FM JAN 1 1989 HIGHEST SLP 30.49 ON 15
DPTR FM NORMAL -16 LOWEST SLP 29.65 ON 22
[REMARKS]
#FINAL-12-21#