000
CXUS55 KVEF 281022
CF6DRA
PRELIMINARY LOCAL CLIMATOLOGICAL DATA (WS FORM: F-6)
STATION: DESERT ROCK-MERCURY NV
MONTH: OCTOBER
YEAR: 2021
LATITUDE: 36 37 N
LONGITUDE: 116 1 W
TEMPERATURE IN F: :PCPN: SNOW: WIND :SUNSHINE: SKY :PK WND
================================================================================
1 2 3 4 5 6A 6B 7 8 9 10 11 12 13 14 15 16 17 18
12Z AVG MX 2MIN
DY MAX MIN AVG DEP HDD CDD WTR SNW DPTH SPD SPD DIR MIN PSBL S-S WX SPD DR
================================================================================
1 83 52 68 -2 0 3 0.00 0.0 0 7.9 17 30 M M 0 M M
2 87 50 69 -1 0 4 0.00 0.0 0 4.0 12 250 M M 0 19 250
3 90 53 72 3 0 7 0.00 0.0 0 4.4 14 220 M M M 21 230
4 87 57 72 3 0 7 0.00 0.0 0 5.5 15 220 M M 0 20 130
5 77 58 68 0 0 3 0.04 0.0 0 5.8 18 40 M M 4 3 23 40
6 80 52 66 -2 0 1 0.00 0.0 0 6.5 18 210 M M 0 25 210
7 82 54 68 0 0 3 0.00 0.0 0 7.7 21 200 M M 0 40 190
8 72 56 64 -3 1 0 0.00 0.0 0 17.0 31 200 M M 2 45 200
9 73 48 61 -6 4 0 T 0.0 0 6.9 15 30 M M 3 23 60
10 75 51 63 -3 2 0 0.00 0.0 0 8.1 15 10 M M 0 M M
11 72 41 57 -9 8 0 0.23 0.0 0 14.2 32 10 M M 4 51 20
12 62 40 51 -15 14 0 0.00 0.0 0 7.9 16 10 M M 3 24 40
13 63 43 53 -12 12 0 0.00 0.0 0 7.2 15 30 M M 0 M M
14 72 39 56 -9 9 0 0.00 0.0 0 6.1 14 70 M M 0 21 70
15 M 47 M M M M 0.00 0.0 0 M M M M M 0 M M
16 76 47 62 -2 3 0 0.00 0.0 0 8.6 18 80 M M M 28 70
17 79 41 60 -4 5 0 0.00 0.0 0 10.4 24 200 M M M 36 230
18 61 41 51 -12 14 0 0.07 0.0 0 9.2 31 30 M M 2 1 52 210
19 66 36 51 -12 14 0 0.00 0.0 0 3.3 7 100 M M 0 M M
20 70 40 55 -7 10 0 0.00 0.0 0 3.5 8 110 M M 0 M M
21 77 48 63 1 2 0 0.00 0.0 0 4.0 10 140 M M 0 M M
22 80 44 62 0 3 0 0.00 0.0 0 10.3 24 180 M M 0 40 190
23 71 54 63 2 2 0 0.00 0.0 0 11.6 20 220 M M 0 36 250
24 71 50 61 0 4 0 0.00 0.0 0 8.3 30 190 M M 0 56 170
25 69 41 55 -5 10 0 0.39 0.0 0 20.1 33 210 M M 5 1 54 200
26 63 37 50 -10 15 0 0.00 0.0 0 3.7 10 230 M M 0 M M
27 74 41 58 -2 7 0 0.00 0.0 0 4.0 14 40 M M 0 M M
28 79 54 67 8 0 2 0.00 0.0 0 12.5 18 60 M M 0 28 60
29 79 53 66 7 0 1 0.00 0.0 0 6.0 12 40 M M 0 M M
30 81 48 65 7 0 0 0.00 0.0 0 5.8 16 210 M M 0 27 210
31 77 55 66 8 0 1 0.00 0.0 0 9.4 22 220 M M 0 32 220
================================================================================
SM 2248 1471 139 32 0.73 0.0 239.9 M 23
================================================================================
AV 74.9 47.5 8.0 FASTST M M 1 MAX(MPH)
MISC ----> 33 210 56 170
================================================================================
NOTES:
# LAST OF SEVERAL OCCURRENCES
COLUMN 17 PEAK WIND IN M.P.H.
PRELIMINARY LOCAL CLIMATOLOGICAL DATA (WS FORM: F-6) , PAGE 2
STATION: DESERT ROCK-MERCURY NV
MONTH: OCTOBER
YEAR: 2021
LATITUDE: 36 37 N
LONGITUDE: 116 1 W
[TEMPERATURE DATA] [PRECIPITATION DATA] SYMBOLS USED IN COLUMN 16
AVERAGE MONTHLY: 61.2 TOTAL FOR MONTH: 0.73 1 = FOG OR MIST
DPTR FM NORMAL: -2.8 DPTR FM NORMAL: 0.36 2 = FOG REDUCING VISIBILITY
HIGHEST: 90 ON 3 GRTST 24HR 0.39 ON 25-25 TO 1/4 MILE OR LESS
LOWEST: 36 ON 19 3 = THUNDER
SNOW, ICE PELLETS, HAIL 4 = ICE PELLETS
TOTAL MONTH: 0.0 INCH 5 = HAIL
GRTST 24HR 0.0 6 = FREEZING RAIN OR DRIZZLE
GRTST DEPTH: 0 7 = DUSTSTORM OR SANDSTORM:
VSBY 1/2 MILE OR LESS
8 = SMOKE OR HAZE
[NO. OF DAYS WITH] [WEATHER - DAYS WITH] 9 = BLOWING SNOW
X = TORNADO
MAX 32 OR BELOW: 0 0.01 INCH OR MORE: 4
MAX 90 OR ABOVE: 1 0.10 INCH OR MORE: 2
MIN 32 OR BELOW: 0 0.50 INCH OR MORE: 0
MIN 0 OR BELOW: 0 1.00 INCH OR MORE: 0
[HDD (BASE 65) ]
TOTAL THIS MO. 139 CLEAR (SCALE 0-3) 25
DPTR FM NORMAL 35 PTCLDY (SCALE 4-7) 3
TOTAL FM JUL 1 139 CLOUDY (SCALE 8-10) 3
DPTR FM NORMAL 28
[CDD (BASE 65) ]
TOTAL THIS MO. 32
DPTR FM NORMAL -41 [PRESSURE DATA]
TOTAL FM JAN 1 2694 HIGHEST SLP M ON M
DPTR FM NORMAL 364 LOWEST SLP M ON M
[REMARKS]
#FINAL-10-21#